{"id":212050,"date":"2024-01-20T10:19:08","date_gmt":"2024-01-20T09:19:08","guid":{"rendered":"https:\/\/desdropi.com\/elparque\/?post_type=product&#038;p=212050"},"modified":"2024-01-22T19:42:04","modified_gmt":"2024-01-22T18:42:04","slug":"bascula-de-bano-ps5014","status":"publish","type":"product","link":"https:\/\/desdropi.com\/elparque\/bascula-de-bano-ps5014\/","title":{"rendered":"BASCULA DE BA\u00d1O PS5014"},"content":{"rendered":"<div class=\"descripcion-tab\">\n<p><strong>Descripci\u00f3n:<\/strong><\/p>\n<ul>\n<li>Mide el peso, calcula el% de masa grasa, el% de agua, el% de m\u00fasculos esquel\u00e9ticos, el metabolismo basal y el \u00edndice de masa corporal. Almacenamiento de datos para hasta 10 usuarios.<\/li>\n<\/ul>\n<p><strong>C\u00f3digo de producto:<\/strong><\/p>\n<ul>\n<li>PS5014<\/li>\n<\/ul>\n<p><strong>C\u00f3digo de barras:<\/strong><\/p>\n<ul>\n<li>8013240102931<\/li>\n<\/ul>\n<p><strong>Dimensiones:<\/strong><\/p>\n<ul>\n<li><strong>Ancho:<\/strong> 30.2 cm<\/li>\n<li><strong>Alto:<\/strong> 30.2 cm<\/li>\n<li><strong>Grosor:<\/strong> 2 cm<\/li>\n<\/ul>\n<p><strong>Peso: <\/strong><\/p>\n<ul>\n<li>1.60 kg<\/li>\n<\/ul>\n<p><strong>Componentes del producto:<\/strong><\/p>\n<ul>\n<li>1 B\u00e1scula de ba\u00f1o<\/li>\n<li>1 Bater\u00eda<\/li>\n<li>1 Manual de usuario<\/li>\n<\/ul>\n<p><strong>N\u00famero de usuarios:<\/strong><\/p>\n<ul>\n<li>10<\/li>\n<\/ul>\n<p><strong>Display:<\/strong><\/p>\n<ul>\n<li>LCD \u2013 9.1 x 5.2 cm<\/li>\n<\/ul>\n<p><strong>Tipo de alimentaci\u00f3n:<\/strong><\/p>\n<ul>\n<li>1x3V Bater\u00eda de litio CR2032 (incluida)<\/li>\n<\/ul>\n<p><strong>Peso m\u00e1ximo:<\/strong><\/p>\n<ul>\n<li>180 kg<\/li>\n<\/ul>\n<p><strong>Divisiones:<\/strong><\/p>\n<ul>\n<li>100 g<\/li>\n<\/ul>\n<p><strong>Material de la plataforma:<\/strong><\/p>\n<ul>\n<li>Vidrio templado<\/li>\n<\/ul>\n<\/div>\n","protected":false},"excerpt":{"rendered":"<p>Descripci\u00f3n: Mide el peso, calcula el% de masa grasa, el% de agua, el% de m\u00fasculos esquel\u00e9ticos, el metabolismo basal y<\/p>\n","protected":false},"featured_media":212051,"comment_status":"open","ping_status":"closed","template":"","meta":{"_joinchat":[]},"product_cat":[825,7037],"product_tag":[],"class_list":{"0":"post-212050","1":"product","2":"type-product","3":"status-publish","4":"has-post-thumbnail","6":"product_cat-pequeno-electrodomestico","7":"product_cat-basculas-de-bano-higiene-y-salud-cuidado-personal","9":"first","10":"instock","11":"taxable","12":"shipping-taxable","13":"purchasable","14":"product-type-simple"},"_links":{"self":[{"href":"https:\/\/desdropi.com\/elparque\/wp-json\/wp\/v2\/product\/212050"}],"collection":[{"href":"https:\/\/desdropi.com\/elparque\/wp-json\/wp\/v2\/product"}],"about":[{"href":"https:\/\/desdropi.com\/elparque\/wp-json\/wp\/v2\/types\/product"}],"replies":[{"embeddable":true,"href":"https:\/\/desdropi.com\/elparque\/wp-json\/wp\/v2\/comments?post=212050"}],"version-history":[{"count":0,"href":"https:\/\/desdropi.com\/elparque\/wp-json\/wp\/v2\/product\/212050\/revisions"}],"wp:featuredmedia":[{"embeddable":true,"href":"https:\/\/desdropi.com\/elparque\/wp-json\/wp\/v2\/media\/212051"}],"wp:attachment":[{"href":"https:\/\/desdropi.com\/elparque\/wp-json\/wp\/v2\/media?parent=212050"}],"wp:term":[{"taxonomy":"product_cat","embeddable":true,"href":"https:\/\/desdropi.com\/elparque\/wp-json\/wp\/v2\/product_cat?post=212050"},{"taxonomy":"product_tag","embeddable":true,"href":"https:\/\/desdropi.com\/elparque\/wp-json\/wp\/v2\/product_tag?post=212050"}],"curies":[{"name":"wp","href":"https:\/\/api.w.org\/{rel}","templated":true}]}}