{"id":212305,"date":"2024-01-22T12:56:05","date_gmt":"2024-01-22T11:56:05","guid":{"rendered":"https:\/\/desdropi.com\/elparque\/?post_type=product&#038;p=212305"},"modified":"2024-01-22T18:26:43","modified_gmt":"2024-01-22T17:26:43","slug":"nebulizador-a-ultrasonido","status":"publish","type":"product","link":"https:\/\/desdropi.com\/elparque\/nebulizador-a-ultrasonido\/","title":{"rendered":"NEBULIZADOR A ULTRASONIDO LAICA MD6026"},"content":{"rendered":"<div class=\"descripcion-tab\">\n<p><strong>Descripci\u00f3n<\/strong><\/p>\n<p>El Nebulizador de ultrasonido LAICA MD6026P para aerosolterapia garantiza una nebulizaci\u00f3n r\u00e1pida y extremadamente silenciosa. F\u00e1cil de usar y gracias a su funcionamiento silencioso, es la soluci\u00f3n ideal para los ni\u00f1os. El dispositivo ultras\u00f3nico convierte la energ\u00eda el\u00e9ctrica en vibraciones de alta frecuencia mediante un transductor, transmitiendo estas vibraciones a la superficie de la soluci\u00f3n y creando una onda estacionaria que atomiza el medicamento.<\/p>\n<ul>\n<li>Muy silencioso<\/li>\n<li>R\u00e1pido<\/li>\n<li>Desconexi\u00f3n autom\u00e1tica<\/li>\n<\/ul>\n<p>No se deben utilizar productos oleosos como cortisonas o aceites esenciales con una viscosidad superior a 3 cP (centiPoise = unidad de viscosidad) y medicamentos en forma de suspensiones, ya que pueden da\u00f1ar el transductor.<\/p>\n<p><strong>Ficha de datos<\/strong><\/p>\n<ul>\n<li><strong>Dimensiones:<\/strong> 15 x 12.2 x 9.5 cm<\/li>\n<li><strong>Peso:<\/strong> 0.53 kg<\/li>\n<li><strong>C\u00f3digo de barras:<\/strong> 8013240200804<\/li>\n<li><strong>Componentes del producto:<\/strong>\n<ul>\n<li>1 nebulizador<\/li>\n<li>1 Mascarilla para adultos<\/li>\n<li>1 Mascarilla para ni\u00f1os<\/li>\n<li>1 Adaptador bocal<\/li>\n<li>1 Adaptador para mascarillas<\/li>\n<li>40 Ampollas<\/li>\n<li>1 Tubo de conexi\u00f3n de aire<\/li>\n<li>1 Transformador<\/li>\n<li>1 Manual de instrucciones<\/li>\n<\/ul>\n<\/li>\n<li><strong>Recambios disponibles:<\/strong>\n<ul>\n<li>Set compuesto de mascarilla para adultos, mascarilla para ni\u00f1os, tubo de conexi\u00f3n de aire y adaptador bocal ANE054<\/li>\n<li>Set compuesto de 40 ampollas ANE046<\/li>\n<li>Tubo de conexi\u00f3n de aire ANE055<\/li>\n<\/ul>\n<\/li>\n<li><strong>Alimentaci\u00f3n:<\/strong>\n<ul>\n<li>Con transformador: Input 100-240V 50\/60Hz 0.35A<\/li>\n<li>Output: 12V 1A<\/li>\n<\/ul>\n<\/li>\n<li><strong>Ruido a 1 metro:<\/strong> 40 dB<\/li>\n<li><strong>Dimensi\u00f3n media de las part\u00edculas:<\/strong> \u2264 5 \u03bcm<\/li>\n<li><strong>Flujo de la nebulizaci\u00f3n:<\/strong> Aproximadamente 0,4 ml\/min<\/li>\n<li><strong>Capacidad ampolla:<\/strong> M\u00e1x. 8 ml<\/li>\n<\/ul>\n<\/div>\n","protected":false},"excerpt":{"rendered":"<p>Descripci\u00f3n El Nebulizador de ultrasonido LAICA MD6026P para aerosolterapia garantiza una nebulizaci\u00f3n r\u00e1pida y extremadamente silenciosa. F\u00e1cil de usar y<\/p>\n","protected":false},"featured_media":212309,"comment_status":"open","ping_status":"closed","template":"","meta":{"_joinchat":[]},"product_cat":[7135,825,6097],"product_tag":[],"class_list":{"0":"post-212305","1":"product","2":"type-product","3":"status-publish","4":"has-post-thumbnail","6":"product_cat-nebulizadores","7":"product_cat-pequeno-electrodomestico","8":"product_cat-cuidado-personal","10":"first","11":"instock","12":"taxable","13":"shipping-taxable","14":"purchasable","15":"product-type-simple"},"_links":{"self":[{"href":"https:\/\/desdropi.com\/elparque\/wp-json\/wp\/v2\/product\/212305"}],"collection":[{"href":"https:\/\/desdropi.com\/elparque\/wp-json\/wp\/v2\/product"}],"about":[{"href":"https:\/\/desdropi.com\/elparque\/wp-json\/wp\/v2\/types\/product"}],"replies":[{"embeddable":true,"href":"https:\/\/desdropi.com\/elparque\/wp-json\/wp\/v2\/comments?post=212305"}],"version-history":[{"count":0,"href":"https:\/\/desdropi.com\/elparque\/wp-json\/wp\/v2\/product\/212305\/revisions"}],"wp:featuredmedia":[{"embeddable":true,"href":"https:\/\/desdropi.com\/elparque\/wp-json\/wp\/v2\/media\/212309"}],"wp:attachment":[{"href":"https:\/\/desdropi.com\/elparque\/wp-json\/wp\/v2\/media?parent=212305"}],"wp:term":[{"taxonomy":"product_cat","embeddable":true,"href":"https:\/\/desdropi.com\/elparque\/wp-json\/wp\/v2\/product_cat?post=212305"},{"taxonomy":"product_tag","embeddable":true,"href":"https:\/\/desdropi.com\/elparque\/wp-json\/wp\/v2\/product_tag?post=212305"}],"curies":[{"name":"wp","href":"https:\/\/api.w.org\/{rel}","templated":true}]}}