{"id":212389,"date":"2024-01-22T17:31:52","date_gmt":"2024-01-22T16:31:52","guid":{"rendered":"https:\/\/desdropi.com\/elparque\/?post_type=product&#038;p=212389"},"modified":"2024-01-22T18:56:22","modified_gmt":"2024-01-22T17:56:22","slug":"hervidor-de-cristal-elecoiseo-kj4000","status":"publish","type":"product","link":"https:\/\/desdropi.com\/elparque\/hervidor-de-cristal-elecoiseo-kj4000\/","title":{"rendered":"HERVIDOR DE CRISTAL EL\u00c9COISEO KJ4000"},"content":{"rendered":"<div class=\"descripcion-tab\">\n<p><strong>General<\/strong><\/p>\n<ul>\n<li>Marca: LAICA<\/li>\n<li>Garant\u00eda: 36 meses<\/li>\n<li>Part Number: KJ4000<\/li>\n<li>Categor\u00edas: HOGAR COCINA<\/li>\n<li>Reacondicionado: No<\/li>\n<li>Reposici\u00f3n \u2013 Etiqueta: No<\/li>\n<li>Peso Volum\u00e9trico: 13.47 Kg.<\/li>\n<\/ul>\n<p><strong>Detalles T\u00e9cnicos<\/strong><\/p>\n<ul>\n<li>Tipolog\u00eda Hogar: Hervidora de agua<\/li>\n<li>N\u00famero de productos incluidos: 1 pieza(s)<\/li>\n<\/ul>\n<p><strong>Funcionalidad<\/strong><\/p>\n<ul>\n<li>Bot\u00f3n detener\/cancelar: S\u00ed<\/li>\n<\/ul>\n<p><strong>Control de Energ\u00eda<\/strong><\/p>\n<ul>\n<li>Alimentaci\u00f3n: Corriente alterna<\/li>\n<li>Voltaje de entrada: 220 \u2013 240 V<\/li>\n<\/ul>\n<p><strong>Peso y Dimensiones<\/strong><\/p>\n<ul>\n<li>Altura: 22.6 cm<\/li>\n<li>Ancho: 21.8 cm<\/li>\n<li>Profundidad: 25.3 cm<\/li>\n<li>Peso: 1.6 kg<\/li>\n<\/ul>\n<p><strong>Color<\/strong><\/p>\n<ul>\n<li>Color: Negro<\/li>\n<\/ul>\n<p><strong>Conectividad<\/strong><\/p>\n<ul>\n<li>N\u00famero de dispositivos: 1<\/li>\n<\/ul>\n<\/div>\n","protected":false},"excerpt":{"rendered":"<p>General Marca: LAICA Garant\u00eda: 36 meses Part Number: KJ4000 Categor\u00edas: HOGAR COCINA Reacondicionado: No Reposici\u00f3n \u2013 Etiqueta: No Peso Volum\u00e9trico:<\/p>\n","protected":false},"featured_media":212390,"comment_status":"open","ping_status":"closed","template":"","meta":{"_joinchat":[]},"product_cat":[825,831,990],"product_tag":[],"class_list":{"0":"post-212389","1":"product","2":"type-product","3":"status-publish","4":"has-post-thumbnail","6":"product_cat-pequeno-electrodomestico","7":"product_cat-accesorios-de-cocina","8":"product_cat-hervidores","10":"first","11":"instock","12":"taxable","13":"shipping-taxable","14":"purchasable","15":"product-type-simple"},"_links":{"self":[{"href":"https:\/\/desdropi.com\/elparque\/wp-json\/wp\/v2\/product\/212389"}],"collection":[{"href":"https:\/\/desdropi.com\/elparque\/wp-json\/wp\/v2\/product"}],"about":[{"href":"https:\/\/desdropi.com\/elparque\/wp-json\/wp\/v2\/types\/product"}],"replies":[{"embeddable":true,"href":"https:\/\/desdropi.com\/elparque\/wp-json\/wp\/v2\/comments?post=212389"}],"version-history":[{"count":0,"href":"https:\/\/desdropi.com\/elparque\/wp-json\/wp\/v2\/product\/212389\/revisions"}],"wp:featuredmedia":[{"embeddable":true,"href":"https:\/\/desdropi.com\/elparque\/wp-json\/wp\/v2\/media\/212390"}],"wp:attachment":[{"href":"https:\/\/desdropi.com\/elparque\/wp-json\/wp\/v2\/media?parent=212389"}],"wp:term":[{"taxonomy":"product_cat","embeddable":true,"href":"https:\/\/desdropi.com\/elparque\/wp-json\/wp\/v2\/product_cat?post=212389"},{"taxonomy":"product_tag","embeddable":true,"href":"https:\/\/desdropi.com\/elparque\/wp-json\/wp\/v2\/product_tag?post=212389"}],"curies":[{"name":"wp","href":"https:\/\/api.w.org\/{rel}","templated":true}]}}