{"id":213116,"date":"2024-01-26T23:34:02","date_gmt":"2024-01-26T22:34:02","guid":{"rendered":"https:\/\/desdropi.com\/elparque\/aspirador-de-mano-cecotec-05441-conga-extreme-222v-animal\/"},"modified":"2025-04-14T09:30:42","modified_gmt":"2025-04-14T07:30:42","slug":"aspirador-de-mano-cecotec-05441-conga-extreme-222v-animal","status":"publish","type":"product","link":"https:\/\/desdropi.com\/elparque\/aspirador-de-mano-cecotec-05441-conga-extreme-222v-animal\/","title":{"rendered":"aspirador de mano cecotec 05441 conga extreme 22,2v animal"},"content":{"rendered":"<div class=\"descripcion-tab\">\n<ul>\n<li><strong>05441 EXTREME 22,2V:<\/strong><\/li>\n<\/ul>\n<p><strong>Descripci\u00f3n:<\/strong><\/p>\n<ul>\n<li><strong>Aspirador de mano de s\u00f3lidos y l\u00edquidos<\/strong> &#8211; Ligero, pr\u00e1ctico y potente.<\/li>\n<li><strong>Sistema ExtremeSuction Technology<\/strong>, que proporciona un m\u00e1ximo poder de succi\u00f3n gracias a su bater\u00eda de 22,2 V.<\/li>\n<li><strong>Tecnolog\u00eda Immortal Battery<\/strong> que consigue un tiempo de autonom\u00eda de 25 minutos y reduce el tiempo de carga a 4-5 horas.<\/li>\n<li>La <strong>tecnolog\u00eda cicl\u00f3nica<\/strong> sin bolsas mantiene la potencia de succi\u00f3n como el primer d\u00eda &#8211; Ofrece un resultado profesional en una sola pasada.<\/li>\n<li>Dise\u00f1ado con el <strong>sistema Wet&#038;Dry<\/strong>, tecnolog\u00eda que lo convierte en el aliado perfecto para la limpieza de s\u00f3lidos y l\u00edquidos.<\/li>\n<li>Bater\u00eda extra\u00edble de <strong>Li-Ion<\/strong> que alarga la vida del aspirador x 2 y permite aspirar c\u00f3modamente.<\/li>\n<li><strong>Gran dep\u00f3sito de 500 ml<\/strong> de capacidad con vaciado f\u00e1cil e higi\u00e9nico.<\/li>\n<li>Podr\u00e1s aspirar todo tipo de suciedad en cualquier superficie.<\/li>\n<li><strong>Anti-allergic System<\/strong> &#8211; incluye un filtro de alta eficiencia que ayuda a retener un alto porcentaje de las part\u00edculas, \u00e1caros y polvo.<\/li>\n<li>Incluye <strong>accesorios<\/strong> para &#8211; muebles, esquinas y coches.<\/li>\n<li><strong>Sin cables y sin bolsas<\/strong> &#8211; la comodidad absoluta a tu alcance. Podr\u00e1s aspirar tu hogar o veh\u00edculo con total libertad.<\/li>\n<li>Es muy f\u00e1cil de usar y transportar gracias a su <strong>mango ergon\u00f3mico<\/strong> y a su ligero peso de 1 kg.<\/li>\n<li><strong>Base de carga<\/strong> para que tengas tu aspirador siempre a mano.<\/li>\n<\/ul>\n<\/div>\n","protected":false},"excerpt":{"rendered":"<p>05441 EXTREME 22,2V: Descripci\u00f3n: Aspirador de mano de s\u00f3lidos y l\u00edquidos &#8211; Ligero, pr\u00e1ctico y potente. Sistema ExtremeSuction Technology, que<\/p>\n","protected":false},"featured_media":213117,"comment_status":"open","ping_status":"closed","template":"","meta":{"_joinchat":[]},"product_cat":[6513,6534,825],"product_tag":[],"class_list":{"0":"post-213116","1":"product","2":"type-product","3":"status-publish","4":"has-post-thumbnail","6":"product_cat-aspiracion-y-limpieza","7":"product_cat-aspiradores-de-mano-aspiracion-y-limpieza","8":"product_cat-pequeno-electrodomestico","9":"pa_marca-cecotec","11":"first","12":"instock","13":"taxable","14":"shipping-taxable","15":"purchasable","16":"product-type-simple"},"_links":{"self":[{"href":"https:\/\/desdropi.com\/elparque\/wp-json\/wp\/v2\/product\/213116"}],"collection":[{"href":"https:\/\/desdropi.com\/elparque\/wp-json\/wp\/v2\/product"}],"about":[{"href":"https:\/\/desdropi.com\/elparque\/wp-json\/wp\/v2\/types\/product"}],"replies":[{"embeddable":true,"href":"https:\/\/desdropi.com\/elparque\/wp-json\/wp\/v2\/comments?post=213116"}],"version-history":[{"count":1,"href":"https:\/\/desdropi.com\/elparque\/wp-json\/wp\/v2\/product\/213116\/revisions"}],"predecessor-version":[{"id":224651,"href":"https:\/\/desdropi.com\/elparque\/wp-json\/wp\/v2\/product\/213116\/revisions\/224651"}],"wp:featuredmedia":[{"embeddable":true,"href":"https:\/\/desdropi.com\/elparque\/wp-json\/wp\/v2\/media\/213117"}],"wp:attachment":[{"href":"https:\/\/desdropi.com\/elparque\/wp-json\/wp\/v2\/media?parent=213116"}],"wp:term":[{"taxonomy":"product_cat","embeddable":true,"href":"https:\/\/desdropi.com\/elparque\/wp-json\/wp\/v2\/product_cat?post=213116"},{"taxonomy":"product_tag","embeddable":true,"href":"https:\/\/desdropi.com\/elparque\/wp-json\/wp\/v2\/product_tag?post=213116"}],"curies":[{"name":"wp","href":"https:\/\/api.w.org\/{rel}","templated":true}]}}