{"id":213229,"date":"2024-01-29T18:59:44","date_gmt":"2024-01-29T17:59:44","guid":{"rendered":"https:\/\/desdropi.com\/elparque\/?post_type=product&#038;p=213229"},"modified":"2024-01-29T18:59:45","modified_gmt":"2024-01-29T17:59:45","slug":"altavoz-portatil-estereo-bluethooth-serie-rainbow-sy-x216bt","status":"publish","type":"product","link":"https:\/\/desdropi.com\/elparque\/altavoz-portatil-estereo-bluethooth-serie-rainbow-sy-x216bt\/","title":{"rendered":"Altavoz Portatil Est\u00e9reo Bluethooth Serie &#8220;Rainbow&#8221; SY-X216BT"},"content":{"rendered":"<p>Altavoz port\u00e1til est\u00e9reo Bluetooth\u00ae Serie \u00b4Rainbow\u00b4<br \/>\nTecnolog\u00eda True Wireless Stereo (TWS) que permite sincronizar dos altavoces<br \/>\nId\u00e9nticos para duplicar el sonido.<br \/>\nSonido optimo con graves potentes gracias a su radiador pasivo<br \/>\nSintonizador FM con presinton\u00edas<br \/>\nFunci\u00f3n de manos libre para atender tus llamadas directamente desde el altavoz<br \/>\nRanura Micro-SD y puerto USB<br \/>\n9 efectos de luces RGB<br \/>\nBater\u00eda interna recargable<br \/>\nEntrada auxiliar que permite conectar un dispositivo de audio externo<br \/>\nAccesorios incluidos: Cable tipo USB-C, Cable de audio, Manual de instrucciones<\/p>\n<p><strong>CARACTER\u00cdSTICAS T\u00c9CNICAS<\/strong><\/p>\n<p>Potencia de salida: 2 x 8W. (RMS)<br \/>\nDi\u00e1metro altavoz: 52mm. 4 Ohmios<br \/>\nRespuesta de frecuencia: 20Hz-20KHz<br \/>\nRelaci\u00f3n se\u00f1al-ruido&gt; 75 dB (A)<br \/>\nSNR: &gt;95dB<br \/>\nSensibilidad: &gt;80dB<br \/>\nVersi\u00f3n Bluetooth: V5.1 + EDR + A2DP, AVRCP, HFP, HSP<br \/>\nFrecuencia Bluetooth: 2.4GHz<br \/>\nPerfil Bluetooth: A2DP, AVRCP, HFP, HSP<br \/>\nDistancia de transmisi\u00f3n: 10 metros<br \/>\nBater\u00eda de Litio pol\u00edmero: Capacidad 1800mA- 3.7V<br \/>\nTipo de conector: USB-C (Cable incluido) DC-5V-1A<br \/>\nRango de frecuencia FM: 87.5~108Mhz<br \/>\nAntena: Cable USB-C<br \/>\nPeso: 499g<br \/>\nDimensiones: 19,6 x 10,3 x 6,3 cm. (Ancho\/Alto\/Fondo)<\/p>\n","protected":false},"excerpt":{"rendered":"<p>Altavoz port\u00e1til est\u00e9reo Bluetooth\u00ae Serie \u00b4Rainbow\u00b4 Tecnolog\u00eda True Wireless Stereo (TWS) que permite sincronizar dos altavoces Id\u00e9nticos para duplicar el<\/p>\n","protected":false},"featured_media":213234,"comment_status":"open","ping_status":"closed","template":"","meta":{"_joinchat":[]},"product_cat":[1022,6885],"product_tag":[],"class_list":{"0":"post-213229","1":"product","2":"type-product","3":"status-publish","4":"has-post-thumbnail","6":"product_cat-sonido","7":"product_cat-altavoces","9":"first","10":"instock","11":"taxable","12":"shipping-taxable","13":"purchasable","14":"product-type-simple"},"_links":{"self":[{"href":"https:\/\/desdropi.com\/elparque\/wp-json\/wp\/v2\/product\/213229"}],"collection":[{"href":"https:\/\/desdropi.com\/elparque\/wp-json\/wp\/v2\/product"}],"about":[{"href":"https:\/\/desdropi.com\/elparque\/wp-json\/wp\/v2\/types\/product"}],"replies":[{"embeddable":true,"href":"https:\/\/desdropi.com\/elparque\/wp-json\/wp\/v2\/comments?post=213229"}],"version-history":[{"count":0,"href":"https:\/\/desdropi.com\/elparque\/wp-json\/wp\/v2\/product\/213229\/revisions"}],"wp:featuredmedia":[{"embeddable":true,"href":"https:\/\/desdropi.com\/elparque\/wp-json\/wp\/v2\/media\/213234"}],"wp:attachment":[{"href":"https:\/\/desdropi.com\/elparque\/wp-json\/wp\/v2\/media?parent=213229"}],"wp:term":[{"taxonomy":"product_cat","embeddable":true,"href":"https:\/\/desdropi.com\/elparque\/wp-json\/wp\/v2\/product_cat?post=213229"},{"taxonomy":"product_tag","embeddable":true,"href":"https:\/\/desdropi.com\/elparque\/wp-json\/wp\/v2\/product_tag?post=213229"}],"curies":[{"name":"wp","href":"https:\/\/api.w.org\/{rel}","templated":true}]}}