{"id":213636,"date":"2024-02-01T09:23:57","date_gmt":"2024-02-01T08:23:57","guid":{"rendered":"https:\/\/desdropi.com\/elparque\/?post_type=product&#038;p=213636"},"modified":"2024-05-17T13:02:14","modified_gmt":"2024-05-17T11:02:14","slug":"freidora-de-aire-ufesa-apex-1200w-35l-9","status":"publish","type":"product","link":"https:\/\/desdropi.com\/elparque\/freidora-de-aire-ufesa-apex-1200w-35l-9\/","title":{"rendered":"Freidora de Aire Ufesa Apex 1200W 3,5L 9"},"content":{"rendered":"<div class=\"descripcion-tab\">\n<ul>\n<li>Tus recetas m\u00e1s saludables con la\u00a0<strong>freidora de aire Apex<\/strong>\u00a0y su tecnolog\u00eda 360\u00ba de circulaci\u00f3n de aire a alta velocidad.<\/li>\n<li>Con su<strong>\u00a0capacidad de 3,5L es<\/strong>\u00a0ideal para familias de 3 personas.<\/li>\n<li>Podr\u00e1s cocinar multitud de recetas y de la forma m\u00e1s f\u00e1cil, ya que adem\u00e1s cuenta con 9 programas preestablecidos para patatas fritas, carne, pescado, pollo, hornear, verduras y mucho m\u00e1s\u2026<\/li>\n<li>Gracias a su\u00a0<strong>cubeta y bandeja anti-adherentes<\/strong>\u00a0limpiarla ser\u00e1 muy f\u00e1cil, adem\u00e1s podr\u00e1s lavarla en tu lavavajillas.<\/li>\n<li><strong>Libre de BPA y PFOA<\/strong>.<\/li>\n<li>\u00a1Resultados crujientes y deliciosos!<\/li>\n<\/ul>\n<\/div>\n","protected":false},"excerpt":{"rendered":"<p>Tus recetas m\u00e1s saludables con la\u00a0freidora de aire Apex\u00a0y su tecnolog\u00eda 360\u00ba de circulaci\u00f3n de aire a alta velocidad. Con<\/p>\n","protected":false},"featured_media":213637,"comment_status":"open","ping_status":"closed","template":"","meta":{"_joinchat":[]},"product_cat":[825,6436,831,844],"product_tag":[],"class_list":{"0":"post-213636","1":"product","2":"type-product","3":"status-publish","4":"has-post-thumbnail","6":"product_cat-pequeno-electrodomestico","7":"product_cat-freidoras-de-aire-freidoras","8":"product_cat-accesorios-de-cocina","9":"product_cat-freidoras","11":"first","12":"instock","13":"taxable","14":"shipping-taxable","15":"purchasable","16":"product-type-simple"},"_links":{"self":[{"href":"https:\/\/desdropi.com\/elparque\/wp-json\/wp\/v2\/product\/213636"}],"collection":[{"href":"https:\/\/desdropi.com\/elparque\/wp-json\/wp\/v2\/product"}],"about":[{"href":"https:\/\/desdropi.com\/elparque\/wp-json\/wp\/v2\/types\/product"}],"replies":[{"embeddable":true,"href":"https:\/\/desdropi.com\/elparque\/wp-json\/wp\/v2\/comments?post=213636"}],"version-history":[{"count":0,"href":"https:\/\/desdropi.com\/elparque\/wp-json\/wp\/v2\/product\/213636\/revisions"}],"wp:featuredmedia":[{"embeddable":true,"href":"https:\/\/desdropi.com\/elparque\/wp-json\/wp\/v2\/media\/213637"}],"wp:attachment":[{"href":"https:\/\/desdropi.com\/elparque\/wp-json\/wp\/v2\/media?parent=213636"}],"wp:term":[{"taxonomy":"product_cat","embeddable":true,"href":"https:\/\/desdropi.com\/elparque\/wp-json\/wp\/v2\/product_cat?post=213636"},{"taxonomy":"product_tag","embeddable":true,"href":"https:\/\/desdropi.com\/elparque\/wp-json\/wp\/v2\/product_tag?post=213636"}],"curies":[{"name":"wp","href":"https:\/\/api.w.org\/{rel}","templated":true}]}}