{"id":214191,"date":"2024-02-09T20:35:29","date_gmt":"2024-02-09T19:35:29","guid":{"rendered":"https:\/\/desdropi.com\/elparque\/?post_type=product&#038;p=214191"},"modified":"2024-05-17T13:02:21","modified_gmt":"2024-05-17T11:02:21","slug":"tv-75-lg-75ur78006lk-4k-a5-gen6-smart-tv-webos23-dolby-digital-plus-cloud-gaming","status":"publish","type":"product","link":"https:\/\/desdropi.com\/elparque\/tv-75-lg-75ur78006lk-4k-a5-gen6-smart-tv-webos23-dolby-digital-plus-cloud-gaming\/","title":{"rendered":"TV 75&#8243; LG 75UR78006LK &#8211; 4K, A5 (Gen6), Smart TV webOS23, Dolby Digital Plus, Cloud Gaming"},"content":{"rendered":"<div class=\"descripcion-tab\">\n<div class=\"infoTab\">\n<div class=\"caracteristicasFP\">\n<div class=\"product-attrs\">\n<ul class=\"product-attrs__items\">\n<li class=\"product-attrs__title\"><strong>EXHIBICI\u00d3N<\/strong><\/li>\n<li class=\"product-attrs__item\"><span class=\"product-attrs__item-title\">Tecnolog\u00eda del panel <\/span><span class=\"product-attrs__item-data\">LED<\/span><\/li>\n<li class=\"product-attrs__item\"><span class=\"product-attrs__item-title\">Forma de la pantalla <\/span><span class=\"product-attrs__item-data\">Plana<\/span><\/li>\n<li class=\"product-attrs__item\"><span class=\"product-attrs__item-title\">Pulgadas <\/span><span class=\"product-attrs__item-data\">75&#8243;<\/span><\/li>\n<li class=\"product-attrs__item\"><span class=\"product-attrs__item-title\">Resoluci\u00f3n <\/span><span class=\"product-attrs__item-data\">4K Ultra HD<\/span><\/li>\n<li class=\"product-attrs__item\"><span class=\"product-attrs__item-title\">Resoluci\u00f3n de la pantalla <\/span><span class=\"product-attrs__item-data\">3840 x 2160<\/span><\/li>\n<li class=\"product-attrs__item\"><span class=\"product-attrs__item-title\">Tipo de matriz <\/span><span class=\"product-attrs__item-data\">IPS<\/span><\/li>\n<li class=\"product-attrs__item\"><span class=\"product-attrs__item-title\">Retroiluminaci\u00f3n del panel <\/span><span class=\"product-attrs__item-data\">Direct LED<\/span><\/li>\n<li class=\"product-attrs__item\"><span class=\"product-attrs__item-title\">Diagonal de pantalla <\/span><span class=\"product-attrs__item-data\">190,5<\/span><\/li>\n<li class=\"product-attrs__item is-disabled\"><span class=\"product-attrs__item-title\">Escaneado progresivo <\/span><span class=\"product-attrs__item-data\">No<\/span><\/li>\n<li class=\"product-attrs__item\"><span class=\"product-attrs__item-title\">Relaci\u00f3n de aspecto nativa <\/span><span class=\"product-attrs__item-data\">16:9<\/span><\/li>\n<li class=\"product-attrs__item\"><span class=\"product-attrs__item-title\">Formato de pantalla, ajustes <\/span><span class=\"product-attrs__item-data\">4:3, 16:9<\/span><\/li>\n<li class=\"product-attrs__item\"><span class=\"product-attrs__item-title\">Frecuencia nativa de refresco <\/span><span class=\"product-attrs__item-data\">50<\/span><\/li>\n<li class=\"product-attrs__item\"><span class=\"product-attrs__item-title\">Tipo de producto<\/span><span class=\"product-attrs__item-data\">Televisores<\/span><\/li>\n<li class=\"product-attrs__title\"><strong>SMART TV<\/strong><\/li>\n<li class=\"product-attrs__item\"><span class=\"product-attrs__item-title\">Sistema operativo instalado<\/span><span class=\"product-attrs__item-data\">Web OS<\/span><\/li>\n<li class=\"product-attrs__item\"><span class=\"product-attrs__item-title\">Versi\u00f3n de sistema operativo<\/span><span class=\"product-attrs__item-data\">webOS 23<\/span><\/li>\n<li class=\"product-attrs__item\"><span class=\"product-attrs__item-title\">Smart TV<\/span><span class=\"product-attrs__item-data\">S\u00ed<\/span><\/li>\n<li class=\"product-attrs__item\"><span class=\"product-attrs__item-title\">TV por Internet<\/span><span class=\"product-attrs__item-data\">S\u00ed<\/span><\/li>\n<li class=\"product-attrs__item\"><span class=\"product-attrs__item-title\">Aplicaciones de estilo de vida<\/span><span class=\"product-attrs__item-data\">Sedition Art<\/span><\/li>\n<li class=\"product-attrs__item\"><span class=\"product-attrs__item-title\">Aplicaciones de deportes <\/span><span class=\"product-attrs__item-data\">DAZN, Sports Alerts<\/span><\/li>\n<li class=\"product-attrs__item\"><span class=\"product-attrs__item-title\">Aplicaciones de m\u00fasica <\/span><span class=\"product-attrs__item-data\">Spotify<\/span><\/li>\n<li class=\"product-attrs__item\"><span class=\"product-attrs__item-title\">Aplicaciones de v\u00eddeo A<\/span><span class=\"product-attrs__item-data\">mazon Prime Video, Apple TV, DAZN, Disney+, NOW TV, Netflix, RaiPlay, Rakuten TV, YouTube<\/span><\/li>\n<li class=\"product-attrs__item\"><span class=\"product-attrs__item-title\">Modos inteligentes <\/span><span class=\"product-attrs__item-data\">Cine, Modo director, Deportes, Est\u00e1ndar, Vivo<\/span><\/li>\n<li class=\"product-attrs__item is-disabled\"><span class=\"product-attrs__item-title\">Grabaci\u00f3n diferida (timeshift) <\/span><span class=\"product-attrs__item-data\">No<\/span><\/li>\n<li class=\"product-attrs__item\"><span class=\"product-attrs__item-title\">Duplicaci\u00f3n de pantalla <\/span><span class=\"product-attrs__item-data\">S\u00ed<\/span><\/li>\n<li class=\"product-attrs__item\"><span class=\"product-attrs__item-title\">V\u00eddeo a la carta de apoyo (VOD) <\/span><span class=\"product-attrs__item-data\">S\u00ed<\/span><\/li>\n<li class=\"product-attrs__item\"><span class=\"product-attrs__item-title\">Apple AirPlay 2 support <\/span><span class=\"product-attrs__item-data\">S\u00ed<\/span><\/li>\n<li class=\"product-attrs__item\"><span class=\"product-attrs__item-title\">HbbTV <\/span><span class=\"product-attrs__item-data\">S\u00ed<\/span><\/li>\n<li class=\"product-attrs__title\"><strong>SINTONIZADOR DE LA TV<\/strong><\/li>\n<li class=\"product-attrs__item\"><span class=\"product-attrs__item-title\">Formato de se\u00f1al digital <\/span><span class=\"product-attrs__item-data\">DVB-S2, DVB-T2<\/span><\/li>\n<li class=\"product-attrs__item\"><span class=\"product-attrs__item-title\">N\u00famero de sintonizadores <\/span><span class=\"product-attrs__item-data\">1<\/span><\/li>\n<li class=\"product-attrs__item\"><span class=\"product-attrs__item-title\">Autobusqueda de canal <\/span><span class=\"product-attrs__item-data\">S\u00ed<\/span><\/li>\n<li class=\"product-attrs__item\"><span class=\"product-attrs__item-title\">Tipo de sintonizador <\/span><span class=\"product-attrs__item-data\">Digital<\/span><\/li>\n<li class=\"product-attrs__item\"><span class=\"product-attrs__item-title\">Se\u00f1al anal\u00f3gica <\/span><span class=\"product-attrs__item-data\">No compatible<\/span><\/li>\n<li class=\"product-attrs__title\"><strong>AUDIO<\/strong><\/li>\n<li class=\"product-attrs__item\"><span class=\"product-attrs__item-title\">Potencia estimada RMS <\/span><span class=\"product-attrs__item-data\">20<\/span><\/li>\n<li class=\"product-attrs__item is-disabled\"><span class=\"product-attrs__item-title\">Subwoofer incorporado <\/span><span class=\"product-attrs__item-data\">No<\/span><\/li>\n<li class=\"product-attrs__item is-disabled\"><span class=\"product-attrs__item-title\">Subwoofer inal\u00e1mbrico <\/span><span class=\"product-attrs__item-data\">No<\/span><\/li>\n<li class=\"product-attrs__item\"><span class=\"product-attrs__item-title\">Decodificadores incorporados <\/span><span class=\"product-attrs__item-data\">Dolby Atmos, Dolby Digital<\/span><\/li>\n<li class=\"product-attrs__item\"><span class=\"product-attrs__item-title\">Modos de sonido <\/span><span class=\"product-attrs__item-data\">AI Sound Pro<\/span><\/li>\n<li class=\"product-attrs__item\"><span class=\"product-attrs__item-title\">Nivelador autom\u00e1tico de volumen <\/span><span class=\"product-attrs__item-data\">S\u00ed<\/span><\/li>\n<li class=\"product-attrs__item\"><span class=\"product-attrs__item-title\">Adaptive sound <\/span><span class=\"product-attrs__item-data\">S\u00ed<\/span><\/li>\n<li class=\"product-attrs__item\"><span class=\"product-attrs__item-title\">Control de sonido adaptativo (ASC, Adaptive Sound Control) <\/span><span class=\"product-attrs__item-data\">S\u00ed<\/span><\/li>\n<li class=\"product-attrs__item\"><span class=\"product-attrs__item-title\">Enhanced Audio Return Channel (eARC) (Canal de retorno de audio mejorado)<\/span><span class=\"product-attrs__item-data\">S\u00ed<\/span><\/li>\n<li class=\"product-attrs__item\"><span class=\"product-attrs__item-title\">N\u00famero de altavoces <\/span><span class=\"product-attrs__item-data\">2<\/span><\/li>\n<li class=\"product-attrs__title\"><strong>CONEXI\u00d3N<\/strong><\/li>\n<li class=\"product-attrs__item\"><span class=\"product-attrs__item-title\">Miracast <\/span><span class=\"product-attrs__item-data\">S\u00ed<\/span><\/li>\n<li class=\"product-attrs__item\"><span class=\"product-attrs__item-title\">Wifi <\/span><span class=\"product-attrs__item-data\">S\u00ed<\/span><\/li>\n<li class=\"product-attrs__item is-disabled\"><span class=\"product-attrs__item-title\">Wi-Fi Direct <\/span><span class=\"product-attrs__item-data\">No<\/span><\/li>\n<li class=\"product-attrs__item\"><span class=\"product-attrs__item-title\">Bluetooth <\/span><span class=\"product-attrs__item-data\">S\u00ed<\/span><\/li>\n<li class=\"product-attrs__item\"><span class=\"product-attrs__item-title\">Versi\u00f3n de Bluetooth <\/span><span class=\"product-attrs__item-data\">5.0<\/span><\/li>\n<li class=\"product-attrs__item\"><span class=\"product-attrs__item-title\">Bluetooth Low Energy (BLE) <\/span><span class=\"product-attrs__item-data\">S\u00ed<\/span><\/li>\n<li class=\"product-attrs__item\"><span class=\"product-attrs__item-title\">Ethernet <\/span><span class=\"product-attrs__item-data\">S\u00ed<\/span><\/li>\n<li class=\"product-attrs__item\"><span class=\"product-attrs__item-title\">Wi-Fi est\u00e1ndares <\/span><span class=\"product-attrs__item-data\">802.11a, 802.11b, 802.11g, Wi-Fi 4 (802.11n), Wi-Fi 5 (802.11ac)<\/span><\/li>\n<li class=\"product-attrs__item\"><span class=\"product-attrs__item-title\">Navegaci\u00f3n S<\/span><span class=\"product-attrs__item-data\">\u00ed<\/span><\/li>\n<li class=\"product-attrs__item\"><span class=\"product-attrs__item-title\">Navegador web <\/span><span class=\"product-attrs__item-data\">S\u00ed<\/span><\/li>\n<li class=\"product-attrs__title\"><strong>PESO Y DIMENSIONES<\/strong><\/li>\n<li class=\"product-attrs__item\"><span class=\"product-attrs__item-title\">Rango de pulgadas <\/span><span class=\"product-attrs__item-data\">De 65 a 75<\/span><\/li>\n<li class=\"product-attrs__item\"><span class=\"product-attrs__item-title\">Ancho del dispositivo (con soporte) <\/span><span class=\"product-attrs__item-data\">1678<\/span><\/li>\n<li class=\"product-attrs__item\"><span class=\"product-attrs__item-title\">Profundidad dispositivo (con soporte) <\/span><span class=\"product-attrs__item-data\">361<\/span><\/li>\n<li class=\"product-attrs__item\"><span class=\"product-attrs__item-title\">Altura del dispositivo (con soporte) <\/span><span class=\"product-attrs__item-data\">1027<\/span><\/li>\n<li class=\"product-attrs__item\"><span class=\"product-attrs__item-title\">Peso (con soporte) <\/span><span class=\"product-attrs__item-data\">31,8<\/span><\/li>\n<li class=\"product-attrs__item\"><span class=\"product-attrs__item-title\">Ancho (sin base) <\/span><span class=\"product-attrs__item-data\">167,8<\/span><\/li>\n<li class=\"product-attrs__item\"><span class=\"product-attrs__item-title\">Profundidad (sin base) <\/span><span class=\"product-attrs__item-data\">5,71<\/span><\/li>\n<li class=\"product-attrs__item\"><span class=\"product-attrs__item-title\">Altura (sin base) <\/span><span class=\"product-attrs__item-data\">96,4<\/span><\/li>\n<li class=\"product-attrs__item\"><span class=\"product-attrs__item-title\">Peso (sin base) <\/span><span class=\"product-attrs__item-data\">31,4<\/span><\/li>\n<li class=\"product-attrs__item\"><span class=\"product-attrs__item-title\">Ancho del soporte <\/span><span class=\"product-attrs__item-data\">134,4<\/span><\/li>\n<li class=\"product-attrs__title\"><strong>DISE\u00d1O<\/strong><\/li>\n<li class=\"product-attrs__item is-disabled\"><span class=\"product-attrs__item-title\">Rollable display <\/span><span class=\"product-attrs__item-data\">No<\/span><\/li>\n<li class=\"product-attrs__item\"><span class=\"product-attrs__item-title\">Color del producto <\/span><span class=\"product-attrs__item-data\">Negro<\/span><\/li>\n<li class=\"product-attrs__item is-disabled\"><span class=\"product-attrs__item-title\">Interruptor de encendido\/apagado integrado <\/span><span class=\"product-attrs__item-data\">No<\/span><\/li>\n<li class=\"product-attrs__item\"><span class=\"product-attrs__item-title\">montaje VESA <\/span><span class=\"product-attrs__item-data\">S\u00ed<\/span><\/li>\n<li class=\"product-attrs__item\"><span class=\"product-attrs__item-title\">Interfaz de panel de montaje <\/span><span class=\"product-attrs__item-data\">400 x 400<\/span><\/li>\n<li class=\"product-attrs__item\"><span class=\"product-attrs__item-title\">Renovado <\/span><span class=\"product-attrs__item-data\">S\u00ed<\/span><\/li>\n<li class=\"product-attrs__title\"><strong>DESEMPE\u00d1O<\/strong><\/li>\n<li class=\"product-attrs__item\"><span class=\"product-attrs__item-title\">Alto Rango Din\u00e1mico (HDR) <\/span><span class=\"product-attrs__item-data\">S\u00ed<\/span><\/li>\n<li class=\"product-attrs__item\"><span class=\"product-attrs__item-title\">High Dynamic Range (HDR) technology <\/span><span class=\"product-attrs__item-data\">Filmmaker Mode, High Dynamic Range 10 (HDR10), Hybrid Log-Gamma (HLG)<\/span><\/li>\n<li class=\"product-attrs__item\"><span class=\"product-attrs__item-title\">Modo de juego <\/span><span class=\"product-attrs__item-data\">S\u00ed<\/span><\/li>\n<li class=\"product-attrs__item\"><span class=\"product-attrs__item-title\">Funciones de teletexto <\/span><span class=\"product-attrs__item-data\">S\u00ed<\/span><\/li>\n<li class=\"product-attrs__item\"><span class=\"product-attrs__item-title\">Teletexto <\/span><span class=\"product-attrs__item-data\">2000<\/span><\/li>\n<li class=\"product-attrs__item\"><span class=\"product-attrs__item-title\">Est\u00e1ndares de teletexto <\/span><span class=\"product-attrs__item-data\">Texto superior<\/span><\/li>\n<li class=\"product-attrs__item\"><span class=\"product-attrs__item-title\">Funci\u00f3n de subt\u00edtulos <\/span><span class=\"product-attrs__item-data\">S\u00ed<\/span><\/li>\n<li class=\"product-attrs__item\"><span class=\"product-attrs__item-title\">Formatos de v\u00eddeo compatibles <\/span><span class=\"product-attrs__item-data\">HEVC, VP9<\/span><\/li>\n<li class=\"product-attrs__item\"><span class=\"product-attrs__item-title\">Formatos de audio soportados <\/span><span class=\"product-attrs__item-data\">AAC, AC3, AC4, EAC3, HE-AAC, MP2, MP3, PCM, WMA, apt-X<\/span><\/li>\n<li class=\"product-attrs__item\"><span class=\"product-attrs__item-title\">Formatos de compresi\u00f3n de video <\/span><span class=\"product-attrs__item-data\">H.265, HEVC, MPEG2, MPEG4, VP9<\/span><\/li>\n<li class=\"product-attrs__item\"><span class=\"product-attrs__item-title\">Formatos de subt\u00edtulos soportados <\/span><span class=\"product-attrs__item-data\">DVB<\/span><\/li>\n<li class=\"product-attrs__item\"><span class=\"product-attrs__item-title\">Sensor de luz ambiental <\/span><span class=\"product-attrs__item-data\">S\u00ed<\/span><\/li>\n<li class=\"product-attrs__item\"><span class=\"product-attrs__item-title\">Reducci\u00f3n de ruido <\/span><span class=\"product-attrs__item-data\">S\u00ed<\/span><\/li>\n<li class=\"product-attrs__item\"><span class=\"product-attrs__item-title\">4K upscaler <\/span><span class=\"product-attrs__item-data\">S\u00ed<\/span><\/li>\n<li class=\"product-attrs__item\"><span class=\"product-attrs__item-title\">Ampliaci\u00f3n de la escala de video <\/span><span class=\"product-attrs__item-data\">S\u00ed<\/span><\/li>\n<li class=\"product-attrs__item\"><span class=\"product-attrs__item-title\">Control parental <\/span><span class=\"product-attrs__item-data\">S\u00ed<\/span><\/li>\n<li class=\"product-attrs__item\"><span class=\"product-attrs__item-title\">Soporte remoto inteligente <\/span><span class=\"product-attrs__item-data\">S\u00ed<\/span><\/li>\n<li class=\"product-attrs__item is-disabled\"><span class=\"product-attrs__item-title\">Grabaci\u00f3n USB <\/span><span class=\"product-attrs__item-data\">No<\/span><\/li>\n<li class=\"product-attrs__item is-disabled\"><span class=\"product-attrs__item-title\">Clonaci\u00f3n de USB <\/span><span class=\"product-attrs__item-data\">No<\/span><\/li>\n<li class=\"product-attrs__item is-disabled\"><span class=\"product-attrs__item-title\">Reproductor de DVD <\/span><span class=\"product-attrs__item-data\">No<\/span><\/li>\n<li class=\"product-attrs__title\"><strong>EMPAQUETADO<\/strong><\/li>\n<li class=\"product-attrs__item\"><span class=\"product-attrs__item-title\">Soporte de sobremesa <\/span><span class=\"product-attrs__item-data\">S\u00ed<\/span><\/li>\n<li class=\"product-attrs__item\"><span class=\"product-attrs__item-title\">Manual electr\u00f3nico <\/span><span class=\"product-attrs__item-data\">S\u00ed<\/span><\/li>\n<li class=\"product-attrs__item\"><span class=\"product-attrs__item-title\">Ancho del paquete <\/span><span class=\"product-attrs__item-data\">1820<\/span><\/li>\n<li class=\"product-attrs__item\"><span class=\"product-attrs__item-title\">Profundidad del paquete <\/span><span class=\"product-attrs__item-data\">200<\/span><\/li>\n<li class=\"product-attrs__item\"><span class=\"product-attrs__item-title\">Altura del paquete <\/span><span class=\"product-attrs__item-data\">1115<\/span><\/li>\n<li class=\"product-attrs__item\"><span class=\"product-attrs__item-title\">Peso del paquete <\/span><span class=\"product-attrs__item-data\">40,7<\/span><\/li>\n<li class=\"product-attrs__item\"><span class=\"product-attrs__item-title\">Tipo de embalaje <\/span><span class=\"product-attrs__item-data\">Caja<\/span><\/li>\n<li class=\"product-attrs__title\"><strong>CARACTER\u00cdSTICAS DE ADMINISTRACI\u00d3N<\/strong><\/li>\n<li class=\"product-attrs__item\"><span class=\"product-attrs__item-title\">modo hotel <\/span><span class=\"product-attrs__item-data\">S\u00ed<\/span><\/li>\n<li class=\"product-attrs__item\"><span class=\"product-attrs__item-title\">Modo ECO <\/span><span class=\"product-attrs__item-data\">S\u00ed<\/span><\/li>\n<li class=\"product-attrs__item\"><span class=\"product-attrs__item-title\">modo hotel <\/span><span class=\"product-attrs__item-data\">S\u00ed<\/span><\/li>\n<li class=\"product-attrs__item\"><span class=\"product-attrs__item-title\">Apagado autom\u00e1tico <\/span><span class=\"product-attrs__item-data\">S\u00ed<\/span><\/li>\n<li class=\"product-attrs__item\"><span class=\"product-attrs__item-title\">Temporizador de apagado <\/span><span class=\"product-attrs__item-data\">S\u00ed<\/span><\/li>\n<li class=\"product-attrs__item\"><span class=\"product-attrs__item-title\">Temporizador Encendido\/Apagado <\/span><span class=\"product-attrs__item-data\">S\u00ed<\/span><\/li>\n<li class=\"product-attrs__item\"><span class=\"product-attrs__item-title\">Firmware actualizable <\/span><span class=\"product-attrs__item-data\">S\u00ed<\/span><\/li>\n<li class=\"product-attrs__item\"><span class=\"product-attrs__item-title\">Funciona con Amazon Alexa <\/span><span class=\"product-attrs__item-data\">S\u00ed<\/span><\/li>\n<li class=\"product-attrs__item is-disabled\"><span class=\"product-attrs__item-title\">Funciona con el Asistente de Google <\/span><span class=\"product-attrs__item-data\">No<\/span><\/li>\n<li class=\"product-attrs__title\"><strong>CONTROL DE ENERG\u00cdA<\/strong><\/li>\n<li class=\"product-attrs__item\"><span class=\"product-attrs__item-title\">Energy efficiency class (SDR) <\/span><span class=\"product-attrs__item-data\">F<\/span><\/li>\n<li class=\"product-attrs__item\"><span class=\"product-attrs__item-title\">Energy efficiency class (HDR) <\/span><span class=\"product-attrs__item-data\">G<\/span><\/li>\n<li class=\"product-attrs__item\"><span class=\"product-attrs__item-title\">Energy consumption (SDR) per 1000 hours <\/span><span class=\"product-attrs__item-data\">127<\/span><\/li>\n<li class=\"product-attrs__item\"><span class=\"product-attrs__item-title\">Energy consumption (HDR) per 1000 hours <\/span><span class=\"product-attrs__item-data\">190<\/span><\/li>\n<li class=\"product-attrs__item\"><span class=\"product-attrs__item-title\">Consumo de energ\u00eda (inactivo) <\/span><span class=\"product-attrs__item-data\">0,5<\/span><\/li>\n<li class=\"product-attrs__item\"><span class=\"product-attrs__item-title\">Voltaje de entrada AC <\/span><span class=\"product-attrs__item-data\">100 &#8211; 240<\/span><\/li>\n<li class=\"product-attrs__item\"><span class=\"product-attrs__item-title\">Frecuencia de entrada AC <\/span><span class=\"product-attrs__item-data\">50\/60<\/span><\/li>\n<li class=\"product-attrs__item\"><span class=\"product-attrs__item-title\">Modo de ahorro de energ\u00eda <\/span><span class=\"product-attrs__item-data\">S\u00ed<\/span><\/li>\n<li class=\"product-attrs__item\"><span class=\"product-attrs__item-title\">Energy efficiency scale<\/span><span class=\"product-attrs__item-data\">De la A a la G<\/span><\/li>\n<li class=\"product-attrs__title\"><strong>PUERTOS E INTERFACES<\/strong><\/li>\n<li class=\"product-attrs__item\"><span class=\"product-attrs__item-title\">N\u00famero de puertos HDMI <\/span><span class=\"product-attrs__item-data\">3<\/span><\/li>\n<li class=\"product-attrs__item is-disabled\"><span class=\"product-attrs__item-title\">PC (D-Sub) <\/span><span class=\"product-attrs__item-data\">No<\/span><\/li>\n<li class=\"product-attrs__item\"><span class=\"product-attrs__item-title\">Versi\u00f3n HDMI <\/span><span class=\"product-attrs__item-data\">2.1<\/span><\/li>\n<li class=\"product-attrs__item\"><span class=\"product-attrs__item-title\">Canal de retorno de audio (ARC) <\/span><span class=\"product-attrs__item-data\">S\u00ed<\/span><\/li>\n<li class=\"product-attrs__item is-disabled\"><span class=\"product-attrs__item-title\">Enlace de alta definici\u00f3n m\u00f3vil (MHL) <\/span><span class=\"product-attrs__item-data\">No<\/span><\/li>\n<li class=\"product-attrs__item\"><span class=\"product-attrs__item-title\">HDCP S<\/span><span class=\"product-attrs__item-data\">\u00ed<\/span><\/li>\n<li class=\"product-attrs__item is-disabled\"><span class=\"product-attrs__item-title\">Puerto DVI <\/span><span class=\"product-attrs__item-data\">No<\/span><\/li>\n<li class=\"product-attrs__item\"><span class=\"product-attrs__item-title\">Ethernet LAN (RJ-45) cantidad de puertos <\/span><span class=\"product-attrs__item-data\">1<\/span><\/li>\n<li class=\"product-attrs__item\"><span class=\"product-attrs__item-title\">Cantidad de puertos USB 2.0<\/span><span class=\"product-attrs__item-data\">2<\/span><\/li>\n<li class=\"product-attrs__item\"><span class=\"product-attrs__item-title\">Audio digital, salida optica <\/span><span class=\"product-attrs__item-data\">1<\/span><\/li>\n<li class=\"product-attrs__item\"><span class=\"product-attrs__item-title\">N\u00famero de puertos RF <\/span><span class=\"product-attrs__item-data\">1<\/span><\/li>\n<li class=\"product-attrs__item\"><span class=\"product-attrs__item-title\">Tipo de conector RF<\/span><span class=\"product-attrs__item-data\">F, IEC<\/span><\/li>\n<li class=\"product-attrs__item\"><span class=\"product-attrs__item-title\">Interfaz com\u00fan\u00a0 <\/span><span class=\"product-attrs__item-data\">S\u00ed<\/span><\/li>\n<li class=\"product-attrs__item\"><span class=\"product-attrs__item-title\">Interfaz com\u00fan Plus (CI+) <\/span><span class=\"product-attrs__item-data\">S\u00ed<\/span><\/li>\n<li class=\"product-attrs__item\"><span class=\"product-attrs__item-title\">Entrada de CA <\/span><span class=\"product-attrs__item-data\">S\u00ed<\/span><\/li>\n<\/ul>\n<\/div>\n<\/div>\n<\/div>\n<div class=\"infoTab\">\n<div class=\"descripcionSEOFP\"><\/div>\n<\/div>\n<\/div>\n","protected":false},"excerpt":{"rendered":"<p>EXHIBICI\u00d3N Tecnolog\u00eda del panel LED Forma de la pantalla Plana Pulgadas 75&#8243; Resoluci\u00f3n 4K Ultra HD Resoluci\u00f3n de la pantalla<\/p>\n","protected":false},"featured_media":214192,"comment_status":"open","ping_status":"closed","template":"","meta":{"_joinchat":[]},"product_cat":[795,6464,7069],"product_tag":[],"class_list":{"0":"post-214191","1":"product","2":"type-product","3":"status-publish","4":"has-post-thumbnail","6":"product_cat-electronica","7":"product_cat-televisores-electronica","8":"product_cat-tv-60-79","10":"first","11":"instock","12":"sale","13":"taxable","14":"shipping-taxable","15":"purchasable","16":"product-type-simple"},"_links":{"self":[{"href":"https:\/\/desdropi.com\/elparque\/wp-json\/wp\/v2\/product\/214191"}],"collection":[{"href":"https:\/\/desdropi.com\/elparque\/wp-json\/wp\/v2\/product"}],"about":[{"href":"https:\/\/desdropi.com\/elparque\/wp-json\/wp\/v2\/types\/product"}],"replies":[{"embeddable":true,"href":"https:\/\/desdropi.com\/elparque\/wp-json\/wp\/v2\/comments?post=214191"}],"version-history":[{"count":0,"href":"https:\/\/desdropi.com\/elparque\/wp-json\/wp\/v2\/product\/214191\/revisions"}],"wp:featuredmedia":[{"embeddable":true,"href":"https:\/\/desdropi.com\/elparque\/wp-json\/wp\/v2\/media\/214192"}],"wp:attachment":[{"href":"https:\/\/desdropi.com\/elparque\/wp-json\/wp\/v2\/media?parent=214191"}],"wp:term":[{"taxonomy":"product_cat","embeddable":true,"href":"https:\/\/desdropi.com\/elparque\/wp-json\/wp\/v2\/product_cat?post=214191"},{"taxonomy":"product_tag","embeddable":true,"href":"https:\/\/desdropi.com\/elparque\/wp-json\/wp\/v2\/product_tag?post=214191"}],"curies":[{"name":"wp","href":"https:\/\/api.w.org\/{rel}","templated":true}]}}