{"id":214345,"date":"2024-02-20T00:12:02","date_gmt":"2024-02-19T23:12:02","guid":{"rendered":"https:\/\/desdropi.com\/elparque\/encimera-induccion-cecotec-02854-3f-7200w\/"},"modified":"2025-04-14T09:30:23","modified_gmt":"2025-04-14T07:30:23","slug":"encimera-induccion-cecotec-02854-3f-7200w","status":"publish","type":"product","link":"https:\/\/desdropi.com\/elparque\/encimera-induccion-cecotec-02854-3f-7200w\/","title":{"rendered":"encimera induccion cecotec 02854 3f 7200w"},"content":{"rendered":"<div class=\"descripcion-tab\">\n<strong>Placa de Inducci\u00f3n:<\/strong><\/p>\n<ul>\n<li>9 niveles de potencia para adaptarse a las necesidades de cada elaboraci\u00f3n.<\/li>\n<li>Potencia m\u00e1xima de hasta 7200 W para cocinar una amplia variedad de platos.<\/li>\n<li>Booster Function para un encendido r\u00e1pido y cocci\u00f3n inmediata.<\/li>\n<li>Control t\u00e1ctil y de arrastre con funci\u00f3n Slider touch control para una selecci\u00f3n precisa.<\/li>\n<li>Bloqueo de seguridad para ni\u00f1os, garantizando la seguridad en todo momento.<\/li>\n<li>Temporizador incorporado para regular y programar el tiempo de cocinado.<\/li>\n<li>Sistema Keep Warm que mantiene la temperatura de los alimentos sin cocinarlos en exceso.<\/li>\n<li>Detector de sartenes para evitar el funcionamiento sin utensilios sobre los fuegos.<\/li>\n<li>Indicador de calor residual con luz que avisa cuando los fuegos est\u00e1n calientes.<\/li>\n<li>3 zonas de fuego:\n<ul>\n<li>1 zona de 16 cm y 1500 W.<\/li>\n<li>1 zona de 18 cm y 2100 W.<\/li>\n<li>1 zona de 28 cm y 3600 W.<\/li>\n<\/ul>\n<\/li>\n<\/ul>\n<p><strong>Composici\u00f3n del Paquete:<\/strong><\/p>\n<ul>\n<li>Cinta Aislante.<\/li>\n<li>Manual de usuario.<\/li>\n<li>Placa de Inducci\u00f3n.<\/li>\n<li>Soportes.<\/li>\n<\/ul>\n<\/div>\n","protected":false},"excerpt":{"rendered":"<p>Placa de Inducci\u00f3n: 9 niveles de potencia para adaptarse a las necesidades de cada elaboraci\u00f3n. Potencia m\u00e1xima de hasta 7200<\/p>\n","protected":false},"featured_media":214448,"comment_status":"open","ping_status":"closed","template":"","meta":{"_joinchat":[]},"product_cat":[3268,3269,3270],"product_tag":[],"class_list":{"0":"post-214345","1":"product","2":"type-product","3":"status-publish","4":"has-post-thumbnail","6":"product_cat-coccion","7":"product_cat-placas-cocina","8":"product_cat-induccion","9":"pa_marca-cecotec-g-blanca","11":"first","12":"instock","13":"taxable","14":"shipping-taxable","15":"purchasable","16":"product-type-simple"},"_links":{"self":[{"href":"https:\/\/desdropi.com\/elparque\/wp-json\/wp\/v2\/product\/214345"}],"collection":[{"href":"https:\/\/desdropi.com\/elparque\/wp-json\/wp\/v2\/product"}],"about":[{"href":"https:\/\/desdropi.com\/elparque\/wp-json\/wp\/v2\/types\/product"}],"replies":[{"embeddable":true,"href":"https:\/\/desdropi.com\/elparque\/wp-json\/wp\/v2\/comments?post=214345"}],"version-history":[{"count":1,"href":"https:\/\/desdropi.com\/elparque\/wp-json\/wp\/v2\/product\/214345\/revisions"}],"predecessor-version":[{"id":224993,"href":"https:\/\/desdropi.com\/elparque\/wp-json\/wp\/v2\/product\/214345\/revisions\/224993"}],"wp:featuredmedia":[{"embeddable":true,"href":"https:\/\/desdropi.com\/elparque\/wp-json\/wp\/v2\/media\/214448"}],"wp:attachment":[{"href":"https:\/\/desdropi.com\/elparque\/wp-json\/wp\/v2\/media?parent=214345"}],"wp:term":[{"taxonomy":"product_cat","embeddable":true,"href":"https:\/\/desdropi.com\/elparque\/wp-json\/wp\/v2\/product_cat?post=214345"},{"taxonomy":"product_tag","embeddable":true,"href":"https:\/\/desdropi.com\/elparque\/wp-json\/wp\/v2\/product_tag?post=214345"}],"curies":[{"name":"wp","href":"https:\/\/api.w.org\/{rel}","templated":true}]}}