{"id":214759,"date":"2024-02-22T23:42:27","date_gmt":"2024-02-22T22:42:27","guid":{"rendered":"https:\/\/desdropi.com\/elparque\/ventilador-climatizador-cecotec-05955-6500-verano-invierno-12-l\/"},"modified":"2025-04-14T09:30:51","modified_gmt":"2025-04-14T07:30:51","slug":"ventilador-climatizador-cecotec-05955-6500-verano-invierno-12-l","status":"publish","type":"product","link":"https:\/\/desdropi.com\/elparque\/ventilador-climatizador-cecotec-05955-6500-verano-invierno-12-l\/","title":{"rendered":"VENTILADOR CLIMATIZADOR CECOTEC 05955 6500 VERANO\/INVIERNO 12\/L"},"content":{"rendered":"<div class=\"descripcion-tab\">\n<ul>\n<li><strong>Climatizador evaporativo 4 en 1.:<\/strong>Funci\u00f3n de fr\u00edo, calor, ionizador y ventilador. 12 l de capacidad. 3 velocidades. Mando a distancia. Pantalla LCD. 500 m3\/h de caudal de aire. Temporizador 8 horas. EnergySilence PureTech 6500 de Cecotec.<\/li>\n<\/ul>\n<p><strong>Descripci\u00f3n:<\/strong><\/p>\n<ul>\n<li>ClimaCare 4 en 1: climatizador evaporativo 4 en 1 con funci\u00f3n de fr\u00edo, calor, ionizador y ventilador.<\/li>\n<li>AirFlow 500: gran caudal de aire de hasta 500 m\u00b3\/h para refrescar o calentar las estancias de forma r\u00e1pida y uniforme.<\/li>\n<li>HeatingTech: tecnolog\u00eda que convierte el climatizador evaporativo en un calefactor de altas prestaciones.<\/li>\n<li>12L Capacity Pro: gran dep\u00f3sito de agua con una capacidad profesional de 12 l para un uso prolongado.<\/li>\n<li>IonFunction: incluye funci\u00f3n ionizador que reestablece el equilibrio natural y purifica el aire mediante la emisi\u00f3n de iones positivos.<\/li>\n<li>SmartControl: incluye mando a distancia para asegurar la m\u00e1xima comodidad, contr\u00f3lalo c\u00f3modamente desde el sof\u00e1 o la cama.<\/li>\n<li>TouchControl: pantalla de control t\u00e1ctil con un dise\u00f1o avanzado para un manejo sencillo.<\/li>\n<li>EcoMode: modo eco para un consumo m\u00e1s eficiente que consigue el m\u00e1ximo ahorro en la factura de la luz.<\/li>\n<li>SleepMode: modo sleep para momentos de descanso y horas nocturnas.<\/li>\n<li>3 Speed Function: selecciona la velocidad y la intensidad ideal en cada momento con sus 3 velocidades ajustables.<\/li>\n<li>Auto-swing function: oscilaci\u00f3n autom\u00e1tica de las lamas internas de hasta 120\u00ba para proporcionar un mayor \u00e1ngulo de aireaci\u00f3n y maximizar la zona de frescor.<\/li>\n<li>Humidify Technology: humidifica el ambiente para mejorar la calidad del aire y permite el uso de aromas en el agua.<\/li>\n<li>TimeControl: pantalla LCD muy f\u00e1cil de usar con un temporizador de hasta 8 horas para seleccionar el tiempo de funcionamiento deseado.<\/li>\n<li>Waterfull indicator: indicador de agua que avisa cuando el dep\u00f3sito est\u00e1 vac\u00edo para asegurar el correcto funcionamiento del producto.<\/li>\n<li>Icepack: incluye refrigeradores del agua para optimizar la funci\u00f3n de fr\u00edo.<\/li>\n<li>EnergySave: alta eficiencia energ\u00e9tica con un bajo consumo de 80 W en modo fr\u00edo.<\/li>\n<li>UltraSilence System: sistema silencioso con un m\u00ednimo nivel sonoro de < 65 dB.<\/li>\n<li>AirPure: incluye un avanzado sistema de filtraci\u00f3n de polvo y part\u00edculas para respirar un aire m\u00e1s limpio, sin polen, \u00e1caros, virus ni bacterias.<\/li>\n<li>Plug&#038;Play portable: port\u00e1til para un c\u00f3modo y r\u00e1pido transporte.<\/li>\n<\/ul>\n<\/div>\n","protected":false},"excerpt":{"rendered":"<p>Climatizador evaporativo 4 en 1.:Funci\u00f3n de fr\u00edo, calor, ionizador y ventilador. 12 l de capacidad. 3 velocidades. Mando a distancia.<\/p>\n","protected":false},"featured_media":134107,"comment_status":"open","ping_status":"open","template":"","meta":{"_joinchat":[]},"product_cat":[7084,3301,5440],"product_tag":[],"class_list":{"0":"post-214759","1":"product","2":"type-product","3":"status-publish","4":"has-post-thumbnail","6":"product_cat-climatizadores-ventiladores","7":"product_cat-climatizacion-y-calefaccion","8":"product_cat-ventiladores","9":"pa_marca-cecotec-clima","11":"first","12":"instock","13":"taxable","14":"shipping-taxable","15":"purchasable","16":"product-type-simple"},"_links":{"self":[{"href":"https:\/\/desdropi.com\/elparque\/wp-json\/wp\/v2\/product\/214759"}],"collection":[{"href":"https:\/\/desdropi.com\/elparque\/wp-json\/wp\/v2\/product"}],"about":[{"href":"https:\/\/desdropi.com\/elparque\/wp-json\/wp\/v2\/types\/product"}],"replies":[{"embeddable":true,"href":"https:\/\/desdropi.com\/elparque\/wp-json\/wp\/v2\/comments?post=214759"}],"version-history":[{"count":1,"href":"https:\/\/desdropi.com\/elparque\/wp-json\/wp\/v2\/product\/214759\/revisions"}],"predecessor-version":[{"id":224696,"href":"https:\/\/desdropi.com\/elparque\/wp-json\/wp\/v2\/product\/214759\/revisions\/224696"}],"wp:featuredmedia":[{"embeddable":true,"href":"https:\/\/desdropi.com\/elparque\/wp-json\/wp\/v2\/media\/134107"}],"wp:attachment":[{"href":"https:\/\/desdropi.com\/elparque\/wp-json\/wp\/v2\/media?parent=214759"}],"wp:term":[{"taxonomy":"product_cat","embeddable":true,"href":"https:\/\/desdropi.com\/elparque\/wp-json\/wp\/v2\/product_cat?post=214759"},{"taxonomy":"product_tag","embeddable":true,"href":"https:\/\/desdropi.com\/elparque\/wp-json\/wp\/v2\/product_tag?post=214759"}],"curies":[{"name":"wp","href":"https:\/\/api.w.org\/{rel}","templated":true}]}}