{"id":214774,"date":"2024-02-22T23:48:03","date_gmt":"2024-02-22T22:48:03","guid":{"rendered":"https:\/\/desdropi.com\/elparque\/television-lg-65-65uq75006lf-uhd-stv22-alfa5-aithing\/"},"modified":"2024-04-07T23:48:23","modified_gmt":"2024-04-07T21:48:23","slug":"television-lg-65-65uq75006lf-uhd-stv22-alfa5-aithing","status":"publish","type":"product","link":"https:\/\/desdropi.com\/elparque\/television-lg-65-65uq75006lf-uhd-stv22-alfa5-aithing\/","title":{"rendered":"TELEVISION LG 65&#8243; 65UQ75006LF UHD STV22 ALFA5 AITHING"},"content":{"rendered":"<div class=\"descripcion-tab\"><strong>Exhibici\u00f3n<\/strong><\/p>\n<ul>\n<li>Retroiluminaci\u00f3n del panel &#8211; Direct LED<\/li>\n<li>Resoluci\u00f3n &#8211; 4K Ultra HD<\/li>\n<li>Tipo de matriz &#8211; IPS<\/li>\n<li>Resoluci\u00f3n &#8211; 4K Ultra HD<\/li>\n<li>Tecnolog\u00eda del panel &#8211; LED<\/li>\n<li>Diagonal de pantalla &#8211; 164<\/li>\n<li>Pulgadas &#8211; 65&#8243;<\/li>\n<li>Resoluci\u00f3n de la pantalla &#8211; 3840 x 2160<\/li>\n<li>Relaci\u00f3n de aspecto nativa &#8211; 16:9<\/li>\n<li>Frecuencia nativa de refresco &#8211; 60<\/li>\n<li>Forma de la pantalla &#8211; Plana<\/li>\n<\/ul>\n<p><strong>Audio<\/strong><\/p>\n<ul>\n<li>Modos de sonido &#8211; AI Sound Pro,Clear Voice Pro<\/li>\n<li>N\u00famero de altavoces &#8211; 2<\/li>\n<li>Potencia estimada RMS &#8211; 20<\/li>\n<li>Enhanced Audio Return Channel (eARC) (Canal de retorno de audio mejorado) &#8211; S\u00ed<\/li>\n<\/ul>\n<p><strong>Puertos e Interfaces<\/strong><\/p>\n<ul>\n<li>Versi\u00f3n HDMI &#8211; 2.0<\/li>\n<li>N\u00famero de puertos HDMI &#8211; 3<\/li>\n<li>Ethernet LAN (RJ-45) cantidad de puertos &#8211; 1<\/li>\n<li>Interfaz com\u00fan &#8211; S\u00ed<\/li>\n<li>Interfaz com\u00fan Plus (CI+) &#8211; S\u00ed<\/li>\n<li>Versi\u00f3n Common interface Plus (CI+) &#8211; 1.4<\/li>\n<\/ul>\n<p><strong>Peso y dimensiones<\/strong><\/p>\n<ul>\n<li>Ancho del dispositivo (con soporte) &#8211; 1130<\/li>\n<li>Altura del dispositivo (con soporte) &#8211; 719<\/li>\n<li>Profundidad dispositivo (con soporte) &#8211; 235<\/li>\n<li>Peso (con soporte) &#8211; 11,4<\/li>\n<li>Ancho (sin base) &#8211; 113<\/li>\n<li>Altura (sin base) &#8211; 66,3<\/li>\n<li>Profundidad (sin base) &#8211; 8,63<\/li>\n<li>Peso (sin base) &#8211; 11,3<\/li>\n<li>Ancho del soporte &#8211; 103,4<\/li>\n<li>Profundidad del soporte &#8211; 23,5<\/li>\n<\/ul>\n<p><strong>Control de energ\u00eda<\/strong><\/p>\n<ul>\n<li>Energy consumption (SDR) per 1000 hours\u00a0 &#8211; 108<\/li>\n<li>Energy consumption (HDR) per 1000 hours &#8211; 154<\/li>\n<li>Energy efficiency class (SDR) &#8211; G<\/li>\n<li>Energy efficiency class (HDR) &#8211; G<\/li>\n<li>Consumo de energ\u00eda (inactivo) &#8211; 0,5<\/li>\n<li>Voltaje de entrada AC &#8211; 100 &#8211; 240<\/li>\n<li>Frecuencia de entrada AC &#8211; 50\/60<\/li>\n<li>Modo de ahorro de energ\u00eda &#8211; S\u00ed<\/li>\n<\/ul>\n<p><strong>Empaquetado<\/strong><\/p>\n<ul>\n<li>Altura del paquete &#8211; 775<\/li>\n<li>Profundidad del paquete &#8211; 175<\/li>\n<li>Peso del paquete &#8211; 14,2<\/li>\n<li>Cables incluidos &#8211; Corriente alterna<\/li>\n<li>Mando a distancia incluido &#8211; S\u00ed<\/li>\n<li>Ancho del paquete &#8211; 1215<\/li>\n<\/ul>\n<p><strong>Sintonizador de la TV<\/strong><\/p>\n<ul>\n<li>Formato de se\u00f1al digital &#8211; DVB-T,DVB-T2<\/li>\n<\/ul>\n<p><strong>Otras caracter\u00edsticas<\/strong><\/p>\n<ul>\n<li>Versi\u00f3n del tablero de mandos de la casa &#8211; S\u00ed<\/li>\n<li>Compatible con Apple HomeKit &#8211; S\u00ed<\/li>\n<li>Reconocimiento de voz inteligente &#8211; S\u00ed<\/li>\n<li>Admite CI\/CI+ &#8211; S\u00ed<\/li>\n<li>Modo inteligente &#8211; Intelligent Edit<\/li>\n<li>Aplicaciones &#8211; S\u00ed<\/li>\n<\/ul>\n<p><strong>Caracter\u00edsticas de administraci\u00f3n<\/strong><\/p>\n<ul>\n<li>Exhibici\u00f3n en pantalla (OSD) &#8211; S\u00ed<\/li>\n<li>N\u00famero de lenguajes OSD &#8211; 37<\/li>\n<li>Modo hotel &#8211; No<\/li>\n<li>Funciona con Amazon Alexa &#8211; S\u00ed<\/li>\n<li>Funciona con el Asistente de Google &#8211; S\u00ed<\/li>\n<\/ul>\n<p><strong>Dise\u00f1o<\/strong><\/p>\n<ul>\n<li>Color del producto &#8211; Negro<\/li>\n<li>Montaje VESA &#8211; S\u00ed<\/li>\n<li>Interfaz de panel de montaje &#8211; 200 x 200<\/li>\n<\/ul>\n<p><strong>Desempe\u00f1o<\/strong><\/p>\n<ul>\n<li>Alto Rango Din\u00e1mico (HDR) &#8211; S\u00ed<\/li>\n<li>High Dynamic Range (HDR) technology &#8211;\u00a0 High Dynamic Range 10 Pro (HDR10 Pro),Hybrid Log-Gamma (HLG)<\/li>\n<li>Funciones de teletexto &#8211; S\u00ed<\/li>\n<li>Formatos de v\u00eddeo compatibles &#8211; HEVC,VP9<\/li>\n<li>Formatos de subt\u00edtulos soportados &#8211; DVB<\/li>\n<li>Formatos de audio soportados &#8211; AAC,AC3,AC4,EAC3,HE-AAC,MP2,MP3,PCM,WMA,apt-X<\/li>\n<li>Game features &#8211; Modo autom\u00e1tico de baja latencia (ALLM, Auto Low Latency Mode), Game Optimizer<\/li>\n<li>N\u00famero de n\u00facleos de procesador &#8211; 4<\/li>\n<\/ul>\n<p><strong>Smart TV<\/strong><\/p>\n<ul>\n<li>Grabaci\u00f3n diferida (timeshift) &#8211; S\u00ed<\/li>\n<li>Apple AirPlay 2 support &#8211; S\u00ed<\/li>\n<li>Modos inteligentes &#8211; Cine, Modo director, Juego, Est\u00e1ndar, Vivo<\/li>\n<li>Aplicaciones de v\u00eddeo &#8211; Disney+,Netflix<\/li>\n<li>Aplicaciones de deportes &#8211; Sports Alerts<\/li>\n<li>Smart TV &#8211; S\u00ed<\/li>\n<li>Sistema operativo instalado &#8211; Web OS<\/li>\n<\/ul>\n<p><strong>Conexi\u00f3n<\/strong><\/p>\n<ul>\n<li>Wifi &#8211; S\u00ed<\/li>\n<li>Ethernet &#8211; S\u00ed<\/li>\n<li>Wi-Fi est\u00e1ndares &#8211; Wi-Fi 5 (802.11ac)<\/li>\n<li>Bluetooth &#8211; S\u00ed<\/li>\n<li>Versi\u00f3n de Bluetooth &#8211; 5.0<\/li>\n<li>Bluetooth Low Energy (BLE) &#8211; S\u00ed<\/li>\n<li>Navegador web &#8211; S\u00ed<\/li>\n<\/ul>\n<\/div>\n","protected":false},"excerpt":{"rendered":"<p>Exhibici\u00f3n Retroiluminaci\u00f3n del panel &#8211; Direct LED Resoluci\u00f3n &#8211; 4K Ultra HD Tipo de matriz &#8211; IPS Resoluci\u00f3n &#8211; 4K<\/p>\n","protected":false},"featured_media":193914,"comment_status":"open","ping_status":"open","template":"","meta":{"_joinchat":[]},"product_cat":[6464,7144,795],"product_tag":[],"class_list":{"0":"post-214774","1":"product","2":"type-product","3":"status-publish","4":"has-post-thumbnail","6":"product_cat-televisores-electronica","7":"product_cat-uhd-4k","8":"product_cat-electronica","9":"pa_marca-lg","11":"first","12":"instock","13":"taxable","14":"shipping-taxable","15":"purchasable","16":"product-type-simple"},"_links":{"self":[{"href":"https:\/\/desdropi.com\/elparque\/wp-json\/wp\/v2\/product\/214774"}],"collection":[{"href":"https:\/\/desdropi.com\/elparque\/wp-json\/wp\/v2\/product"}],"about":[{"href":"https:\/\/desdropi.com\/elparque\/wp-json\/wp\/v2\/types\/product"}],"replies":[{"embeddable":true,"href":"https:\/\/desdropi.com\/elparque\/wp-json\/wp\/v2\/comments?post=214774"}],"version-history":[{"count":0,"href":"https:\/\/desdropi.com\/elparque\/wp-json\/wp\/v2\/product\/214774\/revisions"}],"wp:featuredmedia":[{"embeddable":true,"href":"https:\/\/desdropi.com\/elparque\/wp-json\/wp\/v2\/media\/193914"}],"wp:attachment":[{"href":"https:\/\/desdropi.com\/elparque\/wp-json\/wp\/v2\/media?parent=214774"}],"wp:term":[{"taxonomy":"product_cat","embeddable":true,"href":"https:\/\/desdropi.com\/elparque\/wp-json\/wp\/v2\/product_cat?post=214774"},{"taxonomy":"product_tag","embeddable":true,"href":"https:\/\/desdropi.com\/elparque\/wp-json\/wp\/v2\/product_tag?post=214774"}],"curies":[{"name":"wp","href":"https:\/\/api.w.org\/{rel}","templated":true}]}}