{"id":215987,"date":"2024-03-13T14:58:48","date_gmt":"2024-03-13T13:58:48","guid":{"rendered":"https:\/\/desdropi.com\/elparque\/plancha-de-pelo-remington-s8540-ceramica-queratina\/"},"modified":"2025-04-14T01:52:25","modified_gmt":"2025-04-13T23:52:25","slug":"plancha-de-pelo-remington-s8540-ceramica-queratina","status":"publish","type":"product","link":"https:\/\/desdropi.com\/elparque\/plancha-de-pelo-remington-s8540-ceramica-queratina\/","title":{"rendered":"Plancha de Pelo Remington S8540 Ceramica Queratina"},"content":{"rendered":"<div class=\"descripcion-tab\">\n<p class=\"title\"><strong>PLANCHA KERATIN PROTECT S8540<\/strong><\/p>\n<p class=\"title\"><span style=\"color: #333333; font-size: 16px;\">No hay nada tan sofisticado como un pelo superbrillante, liso y sedoso. <\/span><\/p>\n<p class=\"title\"><span style=\"color: #333333; font-size: 16px;\">Pero alisar el pelo con frecuencia suele tener efectos perjudiciales.<\/span><\/p>\n<p class=\"title\"><span style=\"color: #333333; font-size: 16px;\"> Si te alisas el pelo habitualmente a una temperatura muy alta, los resultados pueden ser un pelo seco y quebradizo, con las indeseadas puntas abiertas.<\/span><\/p>\n<div class=\"dropdown-context-panel\">\n<div class=\"product-description\">\n<div class=\"mobile-list product-desc active\">\n<p>Adopta tu propio estilo personal sin arriesgar la salud de tu pelo con la plancha Keratin Protect, que te ayuda a mantener tu peinado durante m\u00e1s tiempo, con un acabado brillante y de aspecto sano.<\/p>\n<p>La queratina y el aceite de almendras incorporados en la cer\u00e1mica avanzada de esta plancha se transfieren a tu pelo mientras lo alisas y lo dejan fuerte, con aspecto sano, reluciente y con elasticidad.<\/p>\n<p>La plancha est\u00e1 dise\u00f1ada con una elegante combinaci\u00f3n de gris y rosa dorado y tiene nueve ajustes de temperatura para que la configures en el que mejor se adapte a tu tipo de pelo.<\/p>\n<p>Adem\u00e1s, cuenta con un ajuste Pro+ para alisar a una temperatura m\u00e1s saludable para tu pelo, 185 \u00b0C, para las que se preocupan por los da\u00f1os de las altas temperaturas.<\/p>\n<p>La colecci\u00f3n Keratin Protect de Remington es una selecci\u00f3n de productos innovadores que mantienen tu pelo sano durante el moldeado y equipados con cer\u00e1mica avanzada,<\/p>\n<p>Contiene queratina y aceite de almendras, que consiguen un pelo suave y brillante.<\/p>\n<ul>\n<li>Placas con revestimiento de cer\u00e1mica avanzada con queratina y aceite de almendras<\/li>\n<li>Pantalla digital de temperatura<\/li>\n<li>9 ajustes de temperatura (150-230 \u00b0C)<\/li>\n<li>Ajuste Pro+ para un peinado m\u00e1s sano<\/li>\n<li>Calentamiento r\u00e1pido en 15 segundos<\/li>\n<li>Placas flotantes para uniformizar la presi\u00f3n sobre el cabello<\/li>\n<li>Funci\u00f3n turbo<\/li>\n<li>Funci\u00f3n de bloqueo de temperatura<\/li>\n<li>Apagado autom\u00e1tico de seguridad despu\u00e9s de 60 minutos de inactividad<\/li>\n<li>Dispositivo de cierre para guardar<\/li>\n<li>Bolsa resistente al calor<\/li>\n<li>Voltaje universal<\/li>\n<li>Cable giratorio de 1,8 m (UE)<\/li>\n<li>Garant\u00eda de 5 a\u00f1os<\/li>\n<\/ul>\n<p>&nbsp;<\/p>\n<\/div>\n<\/div>\n<\/div>\n<\/div>\n","protected":false},"excerpt":{"rendered":"<p>PLANCHA KERATIN PROTECT S8540 No hay nada tan sofisticado como un pelo superbrillante, liso y sedoso. Pero alisar el pelo<\/p>\n","protected":false},"featured_media":215988,"comment_status":"open","ping_status":"closed","template":"","meta":{"_joinchat":[]},"product_cat":[6512,6510,825,6097],"product_tag":[],"class_list":{"0":"post-215987","1":"product","2":"type-product","3":"status-publish","4":"has-post-thumbnail","6":"product_cat-planchas-de-pelo","7":"product_cat-vello-y-pelo","8":"product_cat-pequeno-electrodomestico","9":"product_cat-cuidado-personal","10":"pa_marca-remington","12":"first","13":"instock","14":"taxable","15":"shipping-taxable","16":"purchasable","17":"product-type-simple"},"_links":{"self":[{"href":"https:\/\/desdropi.com\/elparque\/wp-json\/wp\/v2\/product\/215987"}],"collection":[{"href":"https:\/\/desdropi.com\/elparque\/wp-json\/wp\/v2\/product"}],"about":[{"href":"https:\/\/desdropi.com\/elparque\/wp-json\/wp\/v2\/types\/product"}],"replies":[{"embeddable":true,"href":"https:\/\/desdropi.com\/elparque\/wp-json\/wp\/v2\/comments?post=215987"}],"version-history":[{"count":1,"href":"https:\/\/desdropi.com\/elparque\/wp-json\/wp\/v2\/product\/215987\/revisions"}],"predecessor-version":[{"id":224899,"href":"https:\/\/desdropi.com\/elparque\/wp-json\/wp\/v2\/product\/215987\/revisions\/224899"}],"wp:featuredmedia":[{"embeddable":true,"href":"https:\/\/desdropi.com\/elparque\/wp-json\/wp\/v2\/media\/215988"}],"wp:attachment":[{"href":"https:\/\/desdropi.com\/elparque\/wp-json\/wp\/v2\/media?parent=215987"}],"wp:term":[{"taxonomy":"product_cat","embeddable":true,"href":"https:\/\/desdropi.com\/elparque\/wp-json\/wp\/v2\/product_cat?post=215987"},{"taxonomy":"product_tag","embeddable":true,"href":"https:\/\/desdropi.com\/elparque\/wp-json\/wp\/v2\/product_tag?post=215987"}],"curies":[{"name":"wp","href":"https:\/\/api.w.org\/{rel}","templated":true}]}}