{"id":216032,"date":"2024-03-13T15:12:25","date_gmt":"2024-03-13T14:12:25","guid":{"rendered":"https:\/\/desdropi.com\/elparque\/secador-pelo-remington-ac8002-2200w-ac-ion-ceramica\/"},"modified":"2025-04-14T03:27:08","modified_gmt":"2025-04-14T01:27:08","slug":"secador-pelo-remington-ac8002-2200w-ac-ion-ceramica","status":"publish","type":"product","link":"https:\/\/desdropi.com\/elparque\/secador-pelo-remington-ac8002-2200w-ac-ion-ceramica\/","title":{"rendered":"Secador Pelo Remington AC8002 2200w AC Ion Ceramica"},"content":{"rendered":"<div class=\"descripcion-tab\">\n<p class=\"title\"><strong>SECADOR KERATIN PROTECT AC8002<\/strong><\/p>\n<p class=\"title\"><span style=\"color: #333333; font-size: 16px;\">La tendencia de un cabello con brillo y aspecto sano ha llegado para quedarse. <\/span><\/p>\n<p class=\"title\"><span style=\"color: #333333; font-size: 16px;\">A\u00f1ade brillo a tu pelo con el secador Keratin Protect y consigue un resultado ideal.<\/span><\/p>\n<div class=\"dropdown-context-panel\">\n<div class=\"product-description\">\n<div class=\"mobile-list product-desc active\">\n<p>La queratina y el aceite de almendras de la rejilla de cer\u00e1mica que incluye el secador dejar\u00e1n tu pelo suave y con un aspecto sano.<\/p>\n<p>El secador tiene nada menos que 2200 W de potencia y luce un dise\u00f1o en bronce y rosa dorado.<\/p>\n<p>La rejilla est\u00e1 revestida de cer\u00e1mica para acelerar el calentamiento y distribuir uniformemente el calor y cuenta con un generador de iones que produce un 90 %* m\u00e1s de iones y preserva la humedad.<\/p>\n<p>El resultado: un pelo brillante y sin encrespamiento.<\/p>\n<p>Adem\u00e1s, est\u00e1 equipado con un motor de corriente alterna (AC), por lo que seca m\u00e1s r\u00e1pido, y con 5 configuraciones para conseguir el resultado deseado.<\/p>\n<ul>\n<li>Secador profesional para resultados de secado suaves y respetuosos con el cabello<\/li>\n<li>Rejilla con revestimiento de cer\u00e1mica avanzada con queratina y aceite de almendras<\/li>\n<li>90 % m\u00e1s de iones para un cabello brillante y sin encrespamiento<\/li>\n<li>2200 W<\/li>\n<li>Motor de corriente alterna (AC) de larga duraci\u00f3n<\/li>\n<li>3 temperaturas y 2 velocidades<\/li>\n<li>R\u00e1faga real de aire fr\u00edo<\/li>\n<li>Concentrador de boquilla estrecha de 7 mm<\/li>\n<li>Concentrador de 11 mm para un secado r\u00e1pido<\/li>\n<li>Difusor<\/li>\n<li>Rejilla trasera desmontable para una limpieza f\u00e1cil<\/li>\n<li>Gancho para colgar<\/li>\n<li>Cable de 1,8 m<\/li>\n<li>Garant\u00eda de 5 a\u00f1os<\/li>\n<\/ul>\n<p>&nbsp;<\/p>\n<\/div>\n<\/div>\n<\/div>\n<\/div>\n","protected":false},"excerpt":{"rendered":"<p>SECADOR KERATIN PROTECT AC8002 La tendencia de un cabello con brillo y aspecto sano ha llegado para quedarse. A\u00f1ade brillo<\/p>\n","protected":false},"featured_media":216033,"comment_status":"open","ping_status":"closed","template":"","meta":{"_joinchat":[]},"product_cat":[6511,6510,825,6097],"product_tag":[],"class_list":{"0":"post-216032","1":"product","2":"type-product","3":"status-publish","4":"has-post-thumbnail","6":"product_cat-secadores-de-pelo","7":"product_cat-vello-y-pelo","8":"product_cat-pequeno-electrodomestico","9":"product_cat-cuidado-personal","10":"pa_marca-remington","12":"first","13":"instock","14":"taxable","15":"shipping-taxable","16":"purchasable","17":"product-type-simple"},"_links":{"self":[{"href":"https:\/\/desdropi.com\/elparque\/wp-json\/wp\/v2\/product\/216032"}],"collection":[{"href":"https:\/\/desdropi.com\/elparque\/wp-json\/wp\/v2\/product"}],"about":[{"href":"https:\/\/desdropi.com\/elparque\/wp-json\/wp\/v2\/types\/product"}],"replies":[{"embeddable":true,"href":"https:\/\/desdropi.com\/elparque\/wp-json\/wp\/v2\/comments?post=216032"}],"version-history":[{"count":1,"href":"https:\/\/desdropi.com\/elparque\/wp-json\/wp\/v2\/product\/216032\/revisions"}],"predecessor-version":[{"id":225015,"href":"https:\/\/desdropi.com\/elparque\/wp-json\/wp\/v2\/product\/216032\/revisions\/225015"}],"wp:featuredmedia":[{"embeddable":true,"href":"https:\/\/desdropi.com\/elparque\/wp-json\/wp\/v2\/media\/216033"}],"wp:attachment":[{"href":"https:\/\/desdropi.com\/elparque\/wp-json\/wp\/v2\/media?parent=216032"}],"wp:term":[{"taxonomy":"product_cat","embeddable":true,"href":"https:\/\/desdropi.com\/elparque\/wp-json\/wp\/v2\/product_cat?post=216032"},{"taxonomy":"product_tag","embeddable":true,"href":"https:\/\/desdropi.com\/elparque\/wp-json\/wp\/v2\/product_tag?post=216032"}],"curies":[{"name":"wp","href":"https:\/\/api.w.org\/{rel}","templated":true}]}}