{"id":216399,"date":"2024-03-16T11:45:01","date_gmt":"2024-03-16T10:45:01","guid":{"rendered":"https:\/\/desdropi.com\/elparque\/?post_type=product&#038;p=216399"},"modified":"2024-06-05T11:33:56","modified_gmt":"2024-06-05T09:33:56","slug":"tv-samsung-55-tq55q80c-qled-uhd-fullarray-120hz","status":"publish","type":"product","link":"https:\/\/desdropi.com\/elparque\/tv-samsung-55-tq55q80c-qled-uhd-fullarray-120hz\/","title":{"rendered":"TV SAMSUNG 55&#8243; TQ55Q80C QLED UHD FULLARRAY 120HZ"},"content":{"rendered":"<div class=\"descripcion-tab\">\nNOMBRE DEL PRODUCTO<br \/>\nMarca SAMSUNG<br \/>\nModelo TQ55Q80CATXXC<br \/>\nEAN8806094907575<br \/>\n<strong>Exhibici\u00f3n<\/strong><\/p>\n<ul>\n<li>Pulgadas 55&#8243;<\/li>\n<li>Resoluci\u00f3n 4K Ultra HD<\/li>\n<li>Resoluci\u00f3n de la pantalla 3840 x 2160<\/li>\n<li>Tecnolog\u00eda del panel QLED<\/li>\n<li>Retroiluminaci\u00f3n LED S\u00ed<\/li>\n<li>Relaci\u00f3n de aspecto nativa 16:9<\/li>\n<li>Tecnolog\u00eda de interpolaci\u00f3n de movimiento Motion Xcelerator Turbo+<\/li>\n<li>Frecuencia nativa de refresco 100<\/li>\n<li>Diagonal de pantalla 138<\/li>\n<li>Pantalla antirreflectante S\u00ed<\/li>\n<li>Forma de la pantalla Plana<\/li>\n<\/ul>\n<p><strong>Audio<\/strong><\/p>\n<ul>\n<li>N\u00famero de altavoces 2<\/li>\n<li>Potencia estimada RMS 40<\/li>\n<li>Canales de salida de audio 2.2<\/li>\n<li>Subwoofer incorporado S\u00ed<\/li>\n<li>Decodificadores incorporados Dolby Atmos<\/li>\n<li>Audio pre-selection descriptor S\u00ed<\/li>\n<li>Q-Symphony S\u00ed<\/li>\n<li>Adaptive sound+ S\u00ed<\/li>\n<li>Multiroom S\u00ed<\/li>\n<li>Multiroom audio technology Samsung Multiroom Link<\/li>\n<li>Enhanced Audio Return Channel (eARC) (Canal de retorno de audio mejorado) S\u00ed<\/li>\n<li>Control de sonido adaptativo (ASC, Adaptive Sound Control) S\u00ed<\/li>\n<li>Active voice amplifier (AVA) S\u00ed<\/li>\n<\/ul>\n<p><strong>Puertos e Interfaces<\/strong><\/p>\n<ul>\n<li>N\u00famero de puertos HDMI4<\/li>\n<li>PC (D-Sub) No<\/li>\n<li>Versi\u00f3n HDMI 2.1<\/li>\n<li>Canal de retorno de audio (ARC) S\u00ed<\/li>\n<li>Enlace de alta definici\u00f3n m\u00f3vil (MHL) No<\/li>\n<li>Ethernet LAN (RJ-45) cantidad de puertos 1<\/li>\n<li>Cantidad de puertos USB 2.02<\/li>\n<li>Audio digital, salida optica 1<\/li>\n<li>N\u00famero de puertos RF4<\/li>\n<li>Interfaz com\u00fan S\u00ed<\/li>\n<li>Interfaz com\u00fan Plus (CI+) S\u00ed<\/li>\n<li>Versi\u00f3n Common interface Plus (CI+) 1.4<\/li>\n<li>Control de electr\u00f3nica de consumo (CEC) Anynet+<\/li>\n<\/ul>\n<p><strong>Peso y dimensiones<\/strong><\/p>\n<ul>\n<li>Ancho (sin base) 122,8<\/li>\n<li>Ancho del dispositivo (con soporte) 1227,6<\/li>\n<li>Altura del dispositivo (con soporte) 768<\/li>\n<li>Profundidad dispositivo (con soporte) 253<\/li>\n<li>Peso (con soporte) 17,1<\/li>\n<li>Altura (sin base) 70,6<\/li>\n<li>Profundidad (sin base) 4,69<\/li>\n<li>Peso (sin base) 19,8<\/li>\n<li>Ancho del soporte 36,8<\/li>\n<li>Profundidad del soporte 25,3<\/li>\n<li>Rango de pulgadas De 50 a 60<\/li>\n<\/ul>\n<p><strong>Control de energ\u00eda<\/strong><\/p>\n<ul>\n<li>Energy efficiency class (SDR) G<\/li>\n<li>Energy efficiency class (HDR) G<\/li>\n<li>Energy consumption (SDR) per 1000 hours 84<\/li>\n<li>Energy consumption (HDR) per 1000 hours 236<\/li>\n<li>Consumo energ\u00e9tico 84<\/li>\n<li>Consumo de energ\u00eda (inactivo) 0,5<\/li>\n<li>Consumo de energ\u00eda (max)245<\/li>\n<li>Frecuencia de entrada AC50 &#8211; 60<\/li>\n<li>Voltaje de entrada AC 220-240<\/li>\n<li>Modo de ahorro de energ\u00eda S\u00ed<\/li>\n<li>Energy efficiency scale De la A a la G<\/li>\n<\/ul>\n<p><strong>Detalles t\u00e9cnicos<\/strong><\/p>\n<ul>\n<li>\u00cdndice de reparabilidad8.2<\/li>\n<\/ul>\n<p><strong>Empaquetado<\/strong><\/p>\n<ul>\n<li>Soporte de sobremesa S\u00ed<\/li>\n<li>Cables incluidos Corriente alterna<\/li>\n<li>Mando a distancia incluido S\u00ed<\/li>\n<li>Tipo de control remoto TM 2360<\/li>\n<li>Manual electr\u00f3nico S\u00ed<\/li>\n<li>Ancho del paquete 1445<\/li>\n<li>Profundidad del paquete 827<\/li>\n<li>Altura del paquete 170<\/li>\n<li>Peso del paquete 24,4<\/li>\n<li>Tipo de embalaje Caja<\/li>\n<\/ul>\n<p><strong>Sintonizador de la TV<\/strong><\/p>\n<ul>\n<li>Tipo de sintonizador Anal\u00f3gico y digital<\/li>\n<li>N\u00famero de sintonizadores 1<\/li>\n<li>Formato de se\u00f1al digital DVB-C, DVB-S2, DVB-T2<\/li>\n<\/ul>\n<p><strong>Caracter\u00edsticas de administraci\u00f3n<\/strong><\/p>\n<ul>\n<li>Control por voz S\u00ed<\/li>\n<li>Voice guide S\u00ed<\/li>\n<li>Gu\u00eda electr\u00f3nica de programaci\u00f3n S\u00ed<\/li>\n<li>Exhibici\u00f3n en pantalla (OSD) S\u00ed<\/li>\n<li>N\u00famero de lenguajes OSD 29<\/li>\n<li>Imagen en imagen S\u00ed<\/li>\n<li>Modo ECO S\u00ed<\/li>\n<li>Apagado autom\u00e1tico S\u00ed<\/li>\n<li>Funciona con Amazon Alexa S\u00ed<\/li>\n<li>Funciona con el Asistente de Google S\u00ed<\/li>\n<li>Funciona con Samsung Bixby S\u00ed<\/li>\n<\/ul>\n<p><strong>Dise\u00f1o<\/strong><\/p>\n<ul>\n<li>Rollable display No<\/li>\n<li>Color del producto Plata<\/li>\n<li>Nombre del color Carbon Silver<\/li>\n<li>montaje VESA S\u00ed<\/li>\n<li>Interfaz de panel de montaje 200 x 200<\/li>\n<li>Introduction year 2023<\/li>\n<li>Tipo de soporte Soporte central<\/li>\n<li>Bezel type3 Bezel-less<\/li>\n<\/ul>\n<p><strong>Desempe\u00f1o<\/strong><\/p>\n<ul>\n<li>Alto Rango Din\u00e1mico (HDR)S\u00ed<\/li>\n<li>High Dynamic Range (HDR) technologyHigh Dynamic Range 10+ (HDR10 Plus), Hybrid Log-Gamma (HLG), Quantum HDR<\/li>\n<li>Modo de juego S\u00ed<\/li>\n<li>Funciones de teletexto S\u00ed<\/li>\n<li>Teletexto2000<\/li>\n<li>Est\u00e1ndares de teletexto EPG<\/li>\n<li>Funci\u00f3n de subt\u00edtulos S\u00ed<\/li>\n<li>Modo ambiente Ambient Mode+<\/li>\n<li>Eco sensor S\u00ed<\/li>\n<li>Brightness detection S\u00ed<\/li>\n<li>AI Upscale S\u00ed<\/li>\n<li>TV key support S\u00ed<\/li>\n<li>Tecnolog\u00eda de procesamiento de imagen Procesador Neural Quantum 4K<\/li>\n<li>AMD FreeSync S\u00ed<\/li>\n<li>Tipo de FreeSync de AMDFree Sync Premium Pro<\/li>\n<li>Game featuresModo autom\u00e1tico de baja latencia (ALLM, Auto Low Latency Mode), Dynamic Black EQ, Game Bar, Game Motion Plus, HGiG, Super Ultra Wide Game View<\/li>\n<li>Tecnolog\u00edas espec\u00edficas Micro dimming, Motion Xcelerator Turbo+<\/li>\n<li>Compatibilidad con la aplicaci\u00f3n SmartThings S\u00ed<\/li>\n<li>Tap view S\u00ed<\/li>\n<li>Compatibilidad con Wireless Dex S\u00ed<\/li>\n<li>Funci\u00f3n Multi View S\u00ed<\/li>\n<li>Sonido de TV a dispositivo m\u00f3vil S\u00ed<\/li>\n<li>Soporte remoto inteligente S\u00ed<\/li>\n<li>Grabaci\u00f3n USB S\u00ed<\/li>\n<li>Connect Share (HDD) S\u00ed<\/li>\n<li>Connect Share (USB) S\u00ed<\/li>\n<\/ul>\n<p><strong>Smart TV<\/strong><\/p>\n<ul>\n<li>Grabaci\u00f3n diferida (timeshift) No<\/li>\n<li>Duplicaci\u00f3n de pantalla S\u00ed<\/li>\n<li>V\u00eddeo a la carta de apoyo (VOD) S\u00ed<\/li>\n<li>Sound mirroring S\u00ed<\/li>\n<li>Modos inteligentes uego<\/li>\n<li>Interacci\u00f3n de voz de campo lejano S\u00ed<\/li>\n<li>Duplicaci\u00f3n de inicio de TV S\u00ed<\/li>\n<li>Universal guide \u00ed<\/li>\n<li>Aplicaciones de v\u00eddeoSamsung TV Plus<\/li>\n<li>TV por Internet S\u00ed<\/li>\n<li>Smart TV S\u00ed<\/li>\n<li>Sistema operativo instalado Tizen<\/li>\n<\/ul>\n<p><strong>Conexi\u00f3n<\/strong><\/p>\n<ul>\n<li>Wifi S\u00ed<\/li>\n<li>Ethernet S\u00ed<\/li>\n<li>Wi-Fi est\u00e1ndares Wi-Fi 5 (802.11ac)<\/li>\n<li>Bluetooth S\u00ed<\/li>\n<li>Versi\u00f3n de Bluetooth 5.2<\/li>\n<li>Bluetooth Low Energy (BLE) S\u00ed<\/li>\n<li>Miracast S\u00ed<\/li>\n<li>Navegaci\u00f3n S\u00ed<\/li>\n<li>Navegador web S\u00ed<\/li>\n<li>Soporte HID S\u00ed<\/li>\n<\/ul>\n<\/div>\n","protected":false},"excerpt":{"rendered":"<p>NOMBRE DEL PRODUCTO Marca SAMSUNG Modelo TQ55Q80CATXXC EAN8806094907575 Exhibici\u00f3n Pulgadas 55&#8243; Resoluci\u00f3n 4K Ultra HD Resoluci\u00f3n de la pantalla 3840<\/p>\n","protected":false},"featured_media":216400,"comment_status":"open","ping_status":"closed","template":"","meta":{"_joinchat":[]},"product_cat":[795,7145,6464,7144,7068],"product_tag":[],"class_list":{"0":"post-216399","1":"product","2":"type-product","3":"status-publish","4":"has-post-thumbnail","6":"product_cat-electronica","7":"product_cat-hd","8":"product_cat-televisores-electronica","9":"product_cat-uhd-4k","10":"product_cat-tv-40-59","12":"first","13":"instock","14":"taxable","15":"shipping-taxable","16":"purchasable","17":"product-type-simple"},"_links":{"self":[{"href":"https:\/\/desdropi.com\/elparque\/wp-json\/wp\/v2\/product\/216399"}],"collection":[{"href":"https:\/\/desdropi.com\/elparque\/wp-json\/wp\/v2\/product"}],"about":[{"href":"https:\/\/desdropi.com\/elparque\/wp-json\/wp\/v2\/types\/product"}],"replies":[{"embeddable":true,"href":"https:\/\/desdropi.com\/elparque\/wp-json\/wp\/v2\/comments?post=216399"}],"version-history":[{"count":0,"href":"https:\/\/desdropi.com\/elparque\/wp-json\/wp\/v2\/product\/216399\/revisions"}],"wp:featuredmedia":[{"embeddable":true,"href":"https:\/\/desdropi.com\/elparque\/wp-json\/wp\/v2\/media\/216400"}],"wp:attachment":[{"href":"https:\/\/desdropi.com\/elparque\/wp-json\/wp\/v2\/media?parent=216399"}],"wp:term":[{"taxonomy":"product_cat","embeddable":true,"href":"https:\/\/desdropi.com\/elparque\/wp-json\/wp\/v2\/product_cat?post=216399"},{"taxonomy":"product_tag","embeddable":true,"href":"https:\/\/desdropi.com\/elparque\/wp-json\/wp\/v2\/product_tag?post=216399"}],"curies":[{"name":"wp","href":"https:\/\/api.w.org\/{rel}","templated":true}]}}