{"id":216975,"date":"2024-03-27T11:10:08","date_gmt":"2024-03-27T10:10:08","guid":{"rendered":"https:\/\/desdropi.com\/elparque\/?post_type=product&#038;p=216975"},"modified":"2024-05-17T13:02:38","modified_gmt":"2024-05-17T11:02:38","slug":"smartwatch-suunto-race-birch-49mm-2","status":"publish","type":"product","link":"https:\/\/desdropi.com\/elparque\/smartwatch-suunto-race-birch-49mm-2\/","title":{"rendered":"SMARTWATCH SAMSUNG GALAXY WATCH 6 CLAS 43MM LTE BL"},"content":{"rendered":"<p>NOMBRE DEL PRODUCTO<br \/>\nMarcaSAMSUNG<br \/>\nModeloSM-R955FZKAPHE<br \/>\nEAN8806095076171<br \/>\n<strong>Exhibici\u00f3n<\/strong><\/p>\n<ul>\n<li>N\u00famero de colores de la pantalla16 millones de colores<\/li>\n<li>Display technology marketing nameSuper AMOLED<\/li>\n<li>Tipo de visualizadorDigital<\/li>\n<li>Pantalla con funci\u00f3n Always-onS\u00ed<\/li>\n<li>Resoluci\u00f3n de la pantalla432 x 432<\/li>\n<li>Tipo de vidrio de relojZafiro<\/li>\n<li>Pantalla a colorS\u00ed<\/li>\n<li>Densidad del pixel330<\/li>\n<li>Diagonal de la pantalla3,3<\/li>\n<li>Pantalla t\u00e1ctilS\u00ed<\/li>\n<li>Tecnolog\u00eda de visualizaci\u00f3nOLED<\/li>\n<li>Brillo de pantalla600<\/li>\n<\/ul>\n<p><strong>Puertos e Interfaces<\/strong><\/p>\n<ul>\n<li>Versi\u00f3n de Bluetooth5.3<\/li>\n<li>BluetoothS\u00ed<\/li>\n<li>Comunicaci\u00f3n de Campo Cercano (NFC)S\u00ed<\/li>\n<li>AuricularesBluetooth<\/li>\n<li>Wi-Fi est\u00e1ndares802.11a, 802.11b, 802.11g, Wi-Fi 4 (802.11n)<\/li>\n<li>WifiS\u00ed<\/li>\n<\/ul>\n<p><strong>Peso y dimensiones<\/strong><\/p>\n<ul>\n<li>Profundidad42,5<\/li>\n<li>Peso52<\/li>\n<li>Grosor1,09<\/li>\n<li>Ancho42,5<\/li>\n<\/ul>\n<p><strong>Control de energ\u00eda<\/strong><\/p>\n<ul>\n<li>Cargador inal\u00e1mbricoS\u00ed<\/li>\n<li>Tipo de bater\u00edaBater\u00eda integrada<\/li>\n<li>Capacidad de bater\u00eda300<\/li>\n<\/ul>\n<p><strong>Dise\u00f1o<\/strong><\/p>\n<ul>\n<li>Watch case size43<\/li>\n<li>La resistencia al agua5<\/li>\n<li>FormaAlrededor<\/li>\n<li>C\u00f3digo IP (International Protection)IP68<\/li>\n<li>Watch case materialAcero inoxidable<\/li>\n<li>Posicionamiento de mercadoReloj inteligente<\/li>\n<li>Color de la correaNegro<\/li>\n<li>Color de la esferaNegro<\/li>\n<li>Funciones de protecci\u00f3nResistente al agua<\/li>\n<\/ul>\n<p><strong>Desempe\u00f1o<\/strong><\/p>\n<ul>\n<li>Fabricante de procesadorSamsung<\/li>\n<li>Capacidad de RAM2000<\/li>\n<li>Micr\u00f3fono incorporadoS\u00ed<\/li>\n<li>Altavoces incorporadosS\u00ed<\/li>\n<li>Frecuencia del procesador1,4<\/li>\n<li>Sistema operativo instaladoWear OS<\/li>\n<li>N\u00famero de n\u00facleos de procesador2<\/li>\n<li>Memoria flash16<\/li>\n<li>Sistemas operativos m\u00f3viles soportadosAndroid 10.0, Android 11.0, Android 12.0, Android 13.0<\/li>\n<li>C\u00e1mara incorporadaNo<\/li>\n<\/ul>\n<p><strong>Caracter\u00edsticas<\/strong><\/p>\n<ul>\n<li>GiroscopioS\u00ed<\/li>\n<li>Sensor frecuencia card\u00edacaS\u00ed<\/li>\n<li>Sensor de nivel de ox\u00edgeno en sangreS\u00ed<\/li>\n<li>Sensor de luz ambientalS\u00ed<\/li>\n<li>Pron\u00f3sticos del climaS\u00ed<\/li>\n<li>Reproductor de m\u00fasicaS\u00ed<\/li>\n<li>TemporizadorS\u00ed<\/li>\n<li>Sensor geomagn\u00e9ticoS\u00ed<\/li>\n<li>Funci\u00f3n de monitorizaci\u00f3n del estr\u00e9sS\u00ed<\/li>\n<li>Grabaci\u00f3n de vozS\u00ed<\/li>\n<li>Modo multideporteS\u00ed<\/li>\n<li>CalendarioS\u00ed<\/li>\n<li>Certificado militarMIL-STD-810H<\/li>\n<li>Funci\u00f3n de alerta SOSS\u00ed<\/li>\n<li>Bar\u00f3metroS\u00ed<\/li>\n<li>Aceler\u00f3metroS\u00ed<\/li>\n<li>Tensi\u00f3metroS\u00ed<\/li>\n<li>Pod\u00f3metroS\u00ed<\/li>\n<li>Br\u00fajula electr\u00f3nicaS\u00ed<\/li>\n<li>Calidad del sue\u00f1oS\u00ed<\/li>\n<li>Heart rate sensor type\u00d3ptico<\/li>\n<li>AlarmaS\u00ed<\/li>\n<li>Cron\u00f3metroS\u00ed<\/li>\n<li>Formatos de audio soportados3GA, AAC, AMR, AWB, M4A, MP3, OGA, OGG, WAV<\/li>\n<\/ul>\n<p><strong>Conexi\u00f3n<\/strong><\/p>\n<ul>\n<li>GPS (sat\u00e9lite)S\u00ed<\/li>\n<li>Generaci\u00f3n de red m\u00f3vil4G<\/li>\n<li>GLONASSS\u00ed<\/li>\n<li>Tarjeta SIM Datos M\u00f3vilesS\u00ed<\/li>\n<li>GalileoS\u00ed<\/li>\n<li>BeiDouS\u00ed<\/li>\n<\/ul>\n","protected":false},"excerpt":{"rendered":"<p><span style=\"color: #ff0000;\"><strong>\u00a1ENV\u00cdO GRATIS!<\/strong><\/span><\/p>\n","protected":false},"featured_media":216992,"comment_status":"open","ping_status":"closed","template":"","meta":{"_joinchat":[]},"product_cat":[6819,6873,795],"product_tag":[],"class_list":{"0":"post-216975","1":"product","2":"type-product","3":"status-publish","4":"has-post-thumbnail","6":"product_cat-relojes","7":"product_cat-smartwatches","8":"product_cat-electronica","10":"first","11":"instock","12":"sale","13":"taxable","14":"shipping-taxable","15":"purchasable","16":"product-type-simple"},"_links":{"self":[{"href":"https:\/\/desdropi.com\/elparque\/wp-json\/wp\/v2\/product\/216975"}],"collection":[{"href":"https:\/\/desdropi.com\/elparque\/wp-json\/wp\/v2\/product"}],"about":[{"href":"https:\/\/desdropi.com\/elparque\/wp-json\/wp\/v2\/types\/product"}],"replies":[{"embeddable":true,"href":"https:\/\/desdropi.com\/elparque\/wp-json\/wp\/v2\/comments?post=216975"}],"version-history":[{"count":0,"href":"https:\/\/desdropi.com\/elparque\/wp-json\/wp\/v2\/product\/216975\/revisions"}],"wp:featuredmedia":[{"embeddable":true,"href":"https:\/\/desdropi.com\/elparque\/wp-json\/wp\/v2\/media\/216992"}],"wp:attachment":[{"href":"https:\/\/desdropi.com\/elparque\/wp-json\/wp\/v2\/media?parent=216975"}],"wp:term":[{"taxonomy":"product_cat","embeddable":true,"href":"https:\/\/desdropi.com\/elparque\/wp-json\/wp\/v2\/product_cat?post=216975"},{"taxonomy":"product_tag","embeddable":true,"href":"https:\/\/desdropi.com\/elparque\/wp-json\/wp\/v2\/product_tag?post=216975"}],"curies":[{"name":"wp","href":"https:\/\/api.w.org\/{rel}","templated":true}]}}