{"id":217043,"date":"2024-03-27T12:29:44","date_gmt":"2024-03-27T11:29:44","guid":{"rendered":"https:\/\/desdropi.com\/elparque\/?post_type=product&#038;p=217043"},"modified":"2024-05-18T01:00:08","modified_gmt":"2024-05-17T23:00:08","slug":"smartphone-motorola-g04-4-64-65-concord-black","status":"publish","type":"product","link":"https:\/\/desdropi.com\/elparque\/smartphone-motorola-g04-4-64-65-concord-black\/","title":{"rendered":"SMARTPHONE MOTOROLA G04 4\/64 6,5&#8243; CONCORD BLACK"},"content":{"rendered":"<div class=\"descripcion-tab\"><strong>NOMBRE DEL PRODUCTO<\/strong><\/p>\n<ul>\n<li>Marca: MOTOROLA<\/li>\n<li>Modelo: PB130002SE<\/li>\n<li>EAN: 840023256363<\/li>\n<\/ul>\n<p><strong>Procesador<\/strong><\/p>\n<ul>\n<li>Modelo del procesador: T606<\/li>\n<li>Familia de procesador: Unisoc<\/li>\n<li>N\u00famero de n\u00facleos de procesador: 8<\/li>\n<li>Frecuencia del procesador: 1,6<\/li>\n<\/ul>\n<p><strong>Exhibici\u00f3n<\/strong><\/p>\n<ul>\n<li>Resoluci\u00f3n de la pantalla: 1612 x 720<\/li>\n<li>Relaci\u00f3n de aspecto nativa: 20:9<\/li>\n<li>Densidad del pixel: 269<\/li>\n<li>Forma de la pantalla: Plana<\/li>\n<li>Tipo de pantalla: IPS<\/li>\n<li>M\u00e1xima velocidad de actualizaci\u00f3n: 90<\/li>\n<li>Brillo de pantalla: 537<\/li>\n<li>Tama\u00f1o de la pantalla: 16,7<\/li>\n<\/ul>\n<p><strong>Puertos e Interfaces<\/strong><\/p>\n<ul>\n<li>Conector USB: USB Tipo C<\/li>\n<li>Auriculares: 3,5 mm<\/li>\n<li>Versi\u00f3n USB: 2.0<\/li>\n<li>Puerto USB: S\u00ed<\/li>\n<\/ul>\n<p><strong>Peso y dimensiones<\/strong><\/p>\n<ul>\n<li>Peso: 178,8<\/li>\n<li>Altura: 163,5<\/li>\n<li>Ancho: 74,5<\/li>\n<li>Profundidad: 7,99<\/li>\n<\/ul>\n<p><strong>Medios de almacenaje<\/strong><\/p>\n<ul>\n<li>Tarjetas de memoria compatibles: MicroSD (TransFlash)<\/li>\n<li>Tama\u00f1o m\u00e1ximo de tarjeta de memoria: 1<\/li>\n<li>RAM interna: 4<\/li>\n<li>Memoria interna: 64<\/li>\n<li>Expansi\u00f3n de memoria RAM (m\u00e1x.): 4<\/li>\n<\/ul>\n<p><strong>Mensajer\u00eda<\/strong><\/p>\n<ul>\n<li>Correo electr\u00f3nico: S\u00ed<\/li>\n<li>Sistema de mensajer\u00eda multimedia (MMS): S\u00ed<\/li>\n<li>Servicios de mensajes cortos (SMS): S\u00ed<\/li>\n<\/ul>\n<p><strong>Navegaci\u00f3n<\/strong><\/p>\n<ul>\n<li>GPS (sat\u00e9lite): S\u00ed<\/li>\n<li>GLONASS: S\u00ed<\/li>\n<li>GPS: S\u00ed<\/li>\n<li>Galileo: S\u00ed<\/li>\n<\/ul>\n<p><strong>Software<\/strong><\/p>\n<ul>\n<li>Plataforma: Android<\/li>\n<li>Sistema operativo instalado: Android 14<\/li>\n<li>Asistente virtual: Google Assistant<\/li>\n<\/ul>\n<p><strong>C\u00e1mara fotogr\u00e1fica<\/strong><\/p>\n<ul>\n<li>Autoenfoque: S\u00ed<\/li>\n<li>Modo noche: S\u00ed<\/li>\n<li>Disparador autom\u00e1tico: S\u00ed<\/li>\n<li>Resoluci\u00f3n de la c\u00e1mara trasera (num\u00e9rica): 16<\/li>\n<li>Resoluci\u00f3n de la c\u00e1mara frontal (num\u00e9rica): 5<\/li>\n<li>Modo retrato: S\u00ed<\/li>\n<li>Tipo de c\u00e1mara trasera: C\u00e1mara \u00fanica<\/li>\n<li>N\u00famero de apertura de la c\u00e1mara trasera: 2,2<\/li>\n<li>N\u00famero de apertura de la c\u00e1mara frontal: 2,2<\/li>\n<li>Modo de lapso de tiempo: S\u00ed<\/li>\n<li>Tipo de c\u00e1mara frontal: C\u00e1mara \u00fanica<\/li>\n<li>Flash en c\u00e1mara trasera: S\u00ed<\/li>\n<li>Tama\u00f1o de los p\u00edxeles de la c\u00e1mara trasera: 1<\/li>\n<li>Tama\u00f1o de los p\u00edxeles de la c\u00e1mara frontal: 1,12<\/li>\n<li>Modo de alto rango din\u00e1mico (HDR) de la c\u00e1mara: S\u00ed<\/li>\n<\/ul>\n<p><strong>Contenido del embalaje<\/strong><\/p>\n<ul>\n<li>Adaptador AC incluido: S\u00ed<\/li>\n<li>Cables incluidos: USB Tipo C<\/li>\n<li>Gu\u00eda de configuraci\u00f3n r\u00e1pida: S\u00ed<\/li>\n<li>Ejection pin: S\u00ed<\/li>\n<\/ul>\n<p><strong>Sensores<\/strong><\/p>\n<ul>\n<li>Sensor de proximidad: S\u00ed<\/li>\n<li>Sensor de luz ambiental: S\u00ed<\/li>\n<li>Aceler\u00f3metro: S\u00ed<\/li>\n<\/ul>\n<p><strong>Bater\u00eda<\/strong><\/p>\n<ul>\n<li>Capacidad de bater\u00eda: 5000<\/li>\n<\/ul>\n<p><strong>Dise\u00f1o<\/strong><\/p>\n<ul>\n<li>Factor de forma: Barra<\/li>\n<li>Material de la carcasa: Polimetilmetacrilato (PMMA)<\/li>\n<li>Funciones de protecci\u00f3n: Sustancia hidr\u00f3foba<\/li>\n<li>Nombre del color: Concord black<\/li>\n<li>Color del tel\u00e9fono: Negro<\/li>\n<\/ul>\n<p><strong>Desempe\u00f1o<\/strong><\/p>\n<ul>\n<li>Adaptador gr\u00e1fico: Mali-G57 MP1<\/li>\n<li>Lector de huella digital: S\u00ed<\/li>\n<li>Reconocimiento de cara: S\u00ed<\/li>\n<li>Altavoz: S\u00ed<\/li>\n<li>Alerta vibratoria: S\u00ed<\/li>\n<li>Renovado: No<\/li>\n<\/ul>\n<p><strong>Multimedia<\/strong><\/p>\n<ul>\n<li>Sistema de audio: Dolby Atmos<\/li>\n<\/ul>\n<p><strong>Suscripci\u00f3n<\/strong><\/p>\n<ul>\n<li>Tipo de suscripci\u00f3n: Sin suscripci\u00f3n<\/li>\n<\/ul>\n<p><strong>Conexi\u00f3n<\/strong><\/p>\n<ul>\n<li>Wi-Fi est\u00e1ndares: 802.11a, 802.11b, 802.11g, Wi-Fi 4 (802.11n), Wi-Fi 5 (802.11ac)<\/li>\n<li>Versi\u00f3n de Bluetooth: 5.0<\/li>\n<li>Bluetooth: S\u00ed<\/li>\n<li>Wifi: S\u00ed<\/li>\n<li>Tipo de tarjeta SIM: NanoSIM<\/li>\n<li>NFC: S\u00ed<\/li>\n<li>Est\u00e1ndar 4G: LTE<\/li>\n<li>Capacidad de la tarjeta SIM: SIM doble<\/li>\n<li>Mobile network generation: 4G<\/li>\n<li>Est\u00e1ndar 5G: No compatible<\/li>\n<\/ul>\n<\/div>\n","protected":false},"excerpt":{"rendered":"<p>NOMBRE DEL PRODUCTO Marca: MOTOROLA Modelo: PB130002SE EAN: 840023256363 Procesador Modelo del procesador: T606 Familia de procesador: Unisoc N\u00famero de<\/p>\n","protected":false},"featured_media":217051,"comment_status":"open","ping_status":"closed","template":"","meta":{"_joinchat":[]},"product_cat":[6476,6480,6479,795],"product_tag":[],"class_list":{"0":"post-217043","1":"product","2":"type-product","3":"status-publish","4":"has-post-thumbnail","6":"product_cat-telefonos","7":"product_cat-android-smartphones-telefonos","8":"product_cat-smartphones-telefonos","9":"product_cat-electronica","11":"first","12":"instock","13":"taxable","14":"shipping-taxable","15":"purchasable","16":"product-type-simple"},"_links":{"self":[{"href":"https:\/\/desdropi.com\/elparque\/wp-json\/wp\/v2\/product\/217043"}],"collection":[{"href":"https:\/\/desdropi.com\/elparque\/wp-json\/wp\/v2\/product"}],"about":[{"href":"https:\/\/desdropi.com\/elparque\/wp-json\/wp\/v2\/types\/product"}],"replies":[{"embeddable":true,"href":"https:\/\/desdropi.com\/elparque\/wp-json\/wp\/v2\/comments?post=217043"}],"version-history":[{"count":0,"href":"https:\/\/desdropi.com\/elparque\/wp-json\/wp\/v2\/product\/217043\/revisions"}],"wp:featuredmedia":[{"embeddable":true,"href":"https:\/\/desdropi.com\/elparque\/wp-json\/wp\/v2\/media\/217051"}],"wp:attachment":[{"href":"https:\/\/desdropi.com\/elparque\/wp-json\/wp\/v2\/media?parent=217043"}],"wp:term":[{"taxonomy":"product_cat","embeddable":true,"href":"https:\/\/desdropi.com\/elparque\/wp-json\/wp\/v2\/product_cat?post=217043"},{"taxonomy":"product_tag","embeddable":true,"href":"https:\/\/desdropi.com\/elparque\/wp-json\/wp\/v2\/product_tag?post=217043"}],"curies":[{"name":"wp","href":"https:\/\/api.w.org\/{rel}","templated":true}]}}