{"id":217161,"date":"2024-03-27T19:44:37","date_gmt":"2024-03-27T18:44:37","guid":{"rendered":"https:\/\/desdropi.com\/elparque\/?post_type=product&#038;p=217161"},"modified":"2024-05-18T01:00:07","modified_gmt":"2024-05-17T23:00:07","slug":"smartphone-redmi-13c-4-128-674-midnight-black","status":"publish","type":"product","link":"https:\/\/desdropi.com\/elparque\/smartphone-redmi-13c-4-128-674-midnight-black\/","title":{"rendered":"SMARTPHONE REDMI 13C 4\/128 6,74&#8243; MIDNIGHT BLACK"},"content":{"rendered":"<div class=descripcion-tab\">\n<ul>\n<li><strong>NOMBRE DEL PRODUCTO:<\/strong> Smartphone Xiaomi<\/li>\n<li><strong>Marca:<\/strong> Xiaomi<\/li>\n<li><strong>Modelo:<\/strong> MZB0FM7EU<\/li>\n<\/ul>\n<p><strong>Procesador:<\/strong><\/p>\n<ul>\n<li>Familia de procesador: MediaTek<\/li>\n<li>Modelo del procesador: Helio G85<\/li>\n<li>Arquitectura del procesador: ARM Cortex-A75<\/li>\n<li>Coprocesador: S\u00ed<\/li>\n<li>Arquitectura del coprocesador: ARM Cortex-A55<\/li>\n<li>N\u00famero de n\u00facleos de procesador: 8<\/li>\n<li>Frecuencia del procesador: 2 GHz<\/li>\n<li>Frecuencia del coprocesador: 1,8 GHz<\/li>\n<\/ul>\n<p><strong>Exhibici\u00f3n:<\/strong><\/p>\n<ul>\n<li>Resoluci\u00f3n de la pantalla: 1600 x 720<\/li>\n<li>Forma de la pantalla: Plana<\/li>\n<li>Tipo de visualizador: LCD<\/li>\n<li>Tipo de cristal de pantalla: Gorilla Glass<\/li>\n<li>M\u00e1xima velocidad de actualizaci\u00f3n: 90 Hz<\/li>\n<li>Brillo de pantalla: 450 nits<\/li>\n<li>Brillo m\u00e1ximo de la pantalla (HDR): 600 nits<\/li>\n<li>Alto Rango Din\u00e1mico (HDR): S\u00ed<\/li>\n<li>Densidad del pixel: 260 ppp<\/li>\n<li>Tama\u00f1o de la pantalla: 17,1 cm<\/li>\n<\/ul>\n<p><strong>Puertos e Interfaces:<\/strong><\/p>\n<ul>\n<li>Puerto USB: S\u00ed<\/li>\n<li>Conector USB: USB Tipo C<\/li>\n<li>Auriculares: 3,5 mm<\/li>\n<\/ul>\n<p><strong>Peso y dimensiones:<\/strong><\/p>\n<ul>\n<li>Peso: 192 g<\/li>\n<li>Ancho: 78 mm<\/li>\n<li>Profundidad: 8,09 mm<\/li>\n<li>Altura: 168 mm<\/li>\n<\/ul>\n<p><strong>Medios de almacenaje:<\/strong><\/p>\n<ul>\n<li>RAM interna: 4 GB<\/li>\n<li>Memoria interna: 128 GB<\/li>\n<li>Tipo de memoria RAM interna: LPDDR4X<\/li>\n<li>Tarjetas de memoria compatibles: MicroSD (TransFlash)<\/li>\n<li>Tama\u00f1o m\u00e1ximo de tarjeta de memoria: 1 TB<\/li>\n<\/ul>\n<p><strong>Mensajer\u00eda:<\/strong><\/p>\n<ul>\n<li>Servicios de mensajes cortos (SMS): S\u00ed<\/li>\n<li>Sistema de mensajer\u00eda multimedia (MMS): S\u00ed<\/li>\n<li>Correo electr\u00f3nico: S\u00ed<\/li>\n<\/ul>\n<p><strong>Navegaci\u00f3n:<\/strong><\/p>\n<ul>\n<li>GPS (sat\u00e9lite): S\u00ed<\/li>\n<li>GLONASS: S\u00ed<\/li>\n<li>BeiDou: S\u00ed<\/li>\n<li>Galileo: S\u00ed<\/li>\n<li>Br\u00fajula electr\u00f3nica: S\u00ed<\/li>\n<\/ul>\n<p><strong>Software:<\/strong><\/p>\n<ul>\n<li>Plataforma: Android<\/li>\n<li>Sistema operativo instalado: Android 13<\/li>\n<li>Operating system fork: MIUI 14<\/li>\n<\/ul>\n<p><strong>C\u00e1mara fotogr\u00e1fica:<\/strong><\/p>\n<ul>\n<li>Tipo de c\u00e1mara trasera: C\u00e1mara doble<\/li>\n<li>Resoluci\u00f3n de la c\u00e1mara trasera: 50 MP<\/li>\n<li>Resoluci\u00f3n de la segunda c\u00e1mara trasera: 2 MP<\/li>\n<li>N\u00famero de apertura de la c\u00e1mara trasera: f\/1,8<\/li>\n<li>N\u00famero de apertura de la segunda c\u00e1mara trasera: f\/2,4<\/li>\n<li>Elementos de la lente de la c\u00e1mara trasera: Lente de 5 elementos<\/li>\n<li>Tipo de c\u00e1mara frontal: C\u00e1mara \u00fanica<\/li>\n<li>Resoluci\u00f3n de la c\u00e1mara frontal: 8 MP<\/li>\n<li>N\u00famero de apertura de la c\u00e1mara frontal: f\/2<\/li>\n<li>Flash en c\u00e1mara trasera: S\u00ed<\/li>\n<li>Velocidad m\u00e1xima de cuadro: 30 fps<\/li>\n<li>Resoluci\u00f3n en velocidad de captura: 1280&#215;720@30fps, 1920&#215;1080@30fps<\/li>\n<li>Modos de grabaci\u00f3n de v\u00eddeo: 720p, 1080p<\/li>\n<li>Detector de rostro: S\u00ed<\/li>\n<li>Modo de alto rango din\u00e1mico (HDR) de la c\u00e1mara: S\u00ed<\/li>\n<li>Modo noche: S\u00ed<\/li>\n<li>Iluminaci\u00f3n para retrato: S\u00ed<\/li>\n<\/ul>\n<p><strong>Contenido del embalaje:<\/strong><\/p>\n<ul>\n<li>Ejection pin: S\u00ed<\/li>\n<li>Adaptador AC incluido: S\u00ed<\/li>\n<li>Gu\u00eda de configuraci\u00f3n r\u00e1pida: S\u00ed<\/li>\n<li>Tarjeta de garant\u00eda: S\u00ed<\/li>\n<\/ul>\n<p><strong>Sensores:<\/strong><\/p>\n<ul>\n<li>Sensor de proximidad: S\u00ed<\/li>\n<li>Sensor de luz ambiental: S\u00ed<\/li>\n<\/ul>\n<p><strong>Bater\u00eda:<\/strong><\/p>\n<ul>\n<li>Tiempo continuo de reproducci\u00f3n de video: 23 horas<\/li>\n<li>Tiempo continuo de reproducci\u00f3n de audio: 114 horas<\/li>\n<li>Tiempo de suspensi\u00f3n (WCDMA): 600 horas<\/li>\n<li>Tiempo de hablado (WCDMA): 31 horas<\/li>\n<li>Capacidad de bater\u00eda: 5000 mAh<\/li>\n<\/ul>\n<p><strong>Dise\u00f1o:<\/strong><\/p>\n<ul>\n<li>Factor de forma: Barra<\/li>\n<li>Nombre del color: Midnight Black<\/li>\n<li>Color del tel\u00e9fono: Negro<\/li>\n<\/ul>\n<p><strong>Desempe\u00f1o:<\/strong><\/p>\n<ul>\n<li>Lector de huella digital: S\u00ed<\/li>\n<li>Reconocimiento de cara: S\u00ed<\/li>\n<li>Carga r\u00e1pida: S\u00ed<\/li>\n<li>Adaptador gr\u00e1fico: Mali-G52 MC2<\/li>\n<\/ul>\n<p><strong>Multimedia:<\/strong><\/p>\n<ul>\n<li>Radio FM: S\u00ed<\/li>\n<\/ul>\n<p><strong>Suscripci\u00f3n:<\/strong><\/p>\n<ul>\n<li>Tipo de suscripci\u00f3n: Sin suscripci\u00f3n<\/li>\n<\/ul>\n<p><strong>Conexi\u00f3n:<\/strong><\/p>\n<ul>\n<li>Capacidad de la tarjeta SIM: Doble SIM<\/li>\n<li>Tipo de tarjeta SIM: NanoSIM<\/li>\n<li>Mobile network generation: 4G<\/li>\n<li>Est\u00e1ndares 3G: WCDMA<\/li>\n<li>Est\u00e1ndar 4G: LTE-TDD &amp; LTE-FDD<\/li>\n<li>Wifi: S\u00ed<\/li>\n<li>Bluetooth: S\u00ed<\/li>\n<li>Versi\u00f3n de Bluetooth: 5.3<\/li>\n<li>Perfiles de Bluetooth: AAC, SBC<\/li>\n<li>NFC: S\u00ed<\/li>\n<\/ul>\n<\/div>\n","protected":false},"excerpt":{"rendered":"","protected":false},"featured_media":217163,"comment_status":"open","ping_status":"closed","template":"","meta":{"_joinchat":[]},"product_cat":[6476,6480,6479,795],"product_tag":[],"class_list":{"0":"post-217161","1":"product","2":"type-product","3":"status-publish","4":"has-post-thumbnail","6":"product_cat-telefonos","7":"product_cat-android-smartphones-telefonos","8":"product_cat-smartphones-telefonos","9":"product_cat-electronica","11":"first","12":"instock","13":"taxable","14":"shipping-taxable","15":"purchasable","16":"product-type-simple"},"_links":{"self":[{"href":"https:\/\/desdropi.com\/elparque\/wp-json\/wp\/v2\/product\/217161"}],"collection":[{"href":"https:\/\/desdropi.com\/elparque\/wp-json\/wp\/v2\/product"}],"about":[{"href":"https:\/\/desdropi.com\/elparque\/wp-json\/wp\/v2\/types\/product"}],"replies":[{"embeddable":true,"href":"https:\/\/desdropi.com\/elparque\/wp-json\/wp\/v2\/comments?post=217161"}],"version-history":[{"count":0,"href":"https:\/\/desdropi.com\/elparque\/wp-json\/wp\/v2\/product\/217161\/revisions"}],"wp:featuredmedia":[{"embeddable":true,"href":"https:\/\/desdropi.com\/elparque\/wp-json\/wp\/v2\/media\/217163"}],"wp:attachment":[{"href":"https:\/\/desdropi.com\/elparque\/wp-json\/wp\/v2\/media?parent=217161"}],"wp:term":[{"taxonomy":"product_cat","embeddable":true,"href":"https:\/\/desdropi.com\/elparque\/wp-json\/wp\/v2\/product_cat?post=217161"},{"taxonomy":"product_tag","embeddable":true,"href":"https:\/\/desdropi.com\/elparque\/wp-json\/wp\/v2\/product_tag?post=217161"}],"curies":[{"name":"wp","href":"https:\/\/api.w.org\/{rel}","templated":true}]}}