{"id":217521,"date":"2024-04-04T13:44:36","date_gmt":"2024-04-04T11:44:36","guid":{"rendered":"https:\/\/desdropi.com\/elparque\/?post_type=product&#038;p=217521"},"modified":"2024-05-17T13:02:47","modified_gmt":"2024-05-17T11:02:47","slug":"tv-samsung-65-tq65s95c-qdoled-uhd-smart-tv-onecon","status":"publish","type":"product","link":"https:\/\/desdropi.com\/elparque\/tv-samsung-65-tq65s95c-qdoled-uhd-smart-tv-onecon\/","title":{"rendered":"TV SAMSUNG 65&#8243; TQ65S95C QDOLED UHD SMART TV ONECON"},"content":{"rendered":"<div class=\"descripcion-tab\"><strong>NOMBRE DEL PRODUCTO<\/strong><\/div>\n<ul>\n<li class=\"descripcion-tab\">Marca SAMSUNG<\/li>\n<li class=\"descripcion-tab\">Modelo TQ65S95CATXXC<\/li>\n<li class=\"descripcion-tab\">EAN8806094949001<\/li>\n<\/ul>\n<div class=\"descripcion-tab\">\n<p><strong>Exhibici\u00f3n<\/strong><\/p>\n<ul>\n<li>Pantalla antirreflectante S\u00ed<\/li>\n<li>Frecuencia nativa de refresco 120<\/li>\n<li>Resoluci\u00f3n de la pantalla 3840 x 2160<\/li>\n<li>Tecnolog\u00eda del panel OLED<\/li>\n<li>Diagonal de pantalla 163<\/li>\n<li>Tecnolog\u00eda de interpolaci\u00f3n de movimiento Motion Xcelerator Turbo Pro<\/li>\n<li>Pulgadas 65&#8243;<\/li>\n<li>Relaci\u00f3n de aspecto nativa 16:9<\/li>\n<li>Tipo de matriz OLED<\/li>\n<li>Retroiluminaci\u00f3n del panel OLED<\/li>\n<li>Resoluci\u00f3n 4K Ultra HD<\/li>\n<li>Forma de la pantalla Plana<\/li>\n<\/ul>\n<p><strong>Audio<\/strong><\/p>\n<ul>\n<li>Tecnolog\u00edas de decodificaci\u00f3n de audio Dolby Digital Plus<\/li>\n<li>Object Tracking Sound+ (OTS+) S\u00ed<\/li>\n<li>Music wall S\u00ed<\/li>\n<li>Subwoofer incorporado S\u00ed<\/li>\n<li>Q-Symphony S\u00ed<\/li>\n<li>Potencia estimada RMS 70<\/li>\n<li>Multiroom audio technology Samsung Multiroom Link<\/li>\n<li>Multiroom S\u00ed<\/li>\n<li>Decodificadores incorporados Dolby Atmos<\/li>\n<li>Adaptive sound+ S\u00ed<\/li>\n<li>Active voice amplifier (AVA) S\u00ed<\/li>\n<\/ul>\n<p><strong>Puertos e Interfaces<\/strong><\/p>\n<ul>\n<li>Audio digital, salida optica 1<\/li>\n<li>Versi\u00f3n Common interface Plus (CI+) 1.4<\/li>\n<li>N\u00famero de puertos HDMI 4<\/li>\n<li>Interfaz com\u00fan S\u00ed<\/li>\n<li>Interfaz com\u00fan Plus (CI+) S\u00ed<\/li>\n<li>Control de electr\u00f3nica de consumo (CEC) Anynet+<\/li>\n<li>Entrada de CA S\u00ed<\/li>\n<li>N\u00famero de puertos RF2<\/li>\n<li>Ethernet LAN (RJ-45) cantidad de puertos 1<\/li>\n<li>PC (D-Sub) No<\/li>\n<\/ul>\n<p><strong>Peso y dimensiones<\/strong><\/p>\n<ul>\n<li>Altura del dispositivo (con soporte) 894,4<\/li>\n<li>Ancho del soporte 36<\/li>\n<li>Profundidad dispositivo (con soporte) 267,9<\/li>\n<li>Ancho del dispositivo (con soporte) 1443,5<\/li>\n<li>Peso (sin base) 18,9<\/li>\n<li>Altura (sin base) 829,4<\/li>\n<li>Ancho (sin base) 1443,5<\/li>\n<li>Profundidad (sin base) 11<\/li>\n<li>Profundidad del soporte 26,8<\/li>\n<li>Peso (con soporte) 29<\/li>\n<li>Rango de pulgadas De 65 a 75<\/li>\n<\/ul>\n<p><strong>Control de energ\u00eda<\/strong><\/p>\n<ul>\n<li>Energy efficiency class (SDR) F<\/li>\n<li>Consumo energ\u00e9tico 102,3<\/li>\n<li>Energy consumption (SDR) per 1000 hours 102<\/li>\n<li>Frecuencia de entrada AC 50\/60<\/li>\n<li>Consumo de energ\u00eda (max) 305<\/li>\n<li>Consumo de energ\u00eda (inactivo) 0,5<\/li>\n<li>Energy consumption (HDR) per 1000 hours 183<\/li>\n<li>Energy efficiency scale De la A a la G<\/li>\n<li>Voltaje de entrada AC 220 &#8211; 240<\/li>\n<li>Energy efficiency class (HDR) G<\/li>\n<\/ul>\n<p><strong>Empaquetado<\/strong><\/p>\n<ul>\n<li>Manual electr\u00f3nico S\u00ed<\/li>\n<li>Soporte de sobremesa S\u00ed<\/li>\n<li>Altura del paquete 935<\/li>\n<li>Profundidad del paquete 170<\/li>\n<li>Mando a distancia incluido S\u00ed<\/li>\n<li>Ancho del paquete 1625<\/li>\n<li>Peso del paquete 39,8<\/li>\n<li>Tipo de control remoto TM2360E<\/li>\n<\/ul>\n<p><strong>Sintonizador de la TV<\/strong><\/p>\n<ul>\n<li>Tipo de sintonizador Anal\u00f3gico y digital<\/li>\n<li>N\u00famero de sintonizadores 2<\/li>\n<li>Formato de se\u00f1al digital DVB-C, DVB-S2, DVB-T2<\/li>\n<\/ul>\n<p><strong>Caracter\u00edsticas de administraci\u00f3n<\/strong><\/p>\n<ul>\n<li>Imagen en imagen S\u00ed<\/li>\n<li>Funciona con Samsung Bixby S\u00ed<\/li>\n<li>Gu\u00eda electr\u00f3nica de programaci\u00f3n S\u00ed<\/li>\n<li>Apagado autom\u00e1tico S\u00ed<\/li>\n<li>Voice guide S\u00ed<\/li>\n<li>Exhibici\u00f3n en pantalla (OSD) S\u00ed<\/li>\n<li>N\u00famero de lenguajes OSD 28<\/li>\n<\/ul>\n<p><strong>Dise\u00f1o<\/strong><\/p>\n<ul>\n<li>Interruptor de encendido\/apagado integrado S\u00ed<\/li>\n<li>Color del soporte Negro<\/li>\n<li>Tipo de soporte Soporte central<\/li>\n<li>Color del producto Negro<\/li>\n<li>montaje VESA S\u00ed<\/li>\n<li>Interfaz de panel de montaje 400 x 300<\/li>\n<li>Rollable display No<\/li>\n<\/ul>\n<p><strong>Desempe\u00f1o<\/strong><\/p>\n<ul>\n<li>Modo ambiente Ambient Mode+<\/li>\n<li>Game features Modo autom\u00e1tico de baja latencia (ALLM, Auto Low Latency Mode), Dynamic Black EQ, HGiG<\/li>\n<li>Brightness detection S\u00ed<\/li>\n<li>TV key support S\u00ed<\/li>\n<li>Eco sensor S\u00ed<\/li>\n<li>Reducci\u00f3n de ruido S\u00ed<\/li>\n<li>Funciones de teletexto S\u00ed<\/li>\n<li>High Dynamic Range (HDR) technology High Dynamic Range 10+ (HDR10 Plus)<\/li>\n<li>Funci\u00f3n Multi View S\u00ed<\/li>\n<li>Funci\u00f3n de subt\u00edtulos S\u00ed<\/li>\n<li>MBR support S\u00ed<\/li>\n<li>Tipo de FreeSync de AMDFree Sync Premium Pro<\/li>\n<li>AMD FreeSync S\u00ed<\/li>\n<li>Alto Rango Din\u00e1mico (HDR) S\u00ed<\/li>\n<li>Tap view S\u00ed<\/li>\n<li>Detecci\u00f3n del color S\u00ed<\/li>\n<li>Tecnolog\u00edas espec\u00edficasMotion Xcelerator Turbo Pro<\/li>\n<li>Compatibilidad con Wireless Dex S\u00ed<\/li>\n<li>Tecnolog\u00eda de procesamiento de imagen Procesador Neural Quantum 4K<\/li>\n<li>Compatibilidad con la aplicaci\u00f3n SmartThings S\u00ed<\/li>\n<li>AI Upscale S\u00ed<\/li>\n<\/ul>\n<p><strong>Smart TV<\/strong><\/p>\n<ul>\n<li>Versi\u00f3n de sistema operativo Tizen Smart TV<\/li>\n<li>HbbTV S\u00ed<\/li>\n<li>TV por Internet S\u00ed<\/li>\n<li>Aplicaciones de v\u00eddeo Samsung TV Plus<\/li>\n<li>Grabaci\u00f3n diferida (timeshift) S\u00ed<\/li>\n<li>Modos inteligentes Modo director, Juego, Pel\u00edcula<\/li>\n<li>Hybrid Broadcast Broadband TV (HbbTV) version 2.0.3<\/li>\n<li>Smart TV S\u00ed<\/li>\n<li>Sistema operativo instalado Tizen<\/li>\n<\/ul>\n<p><strong>Conexi\u00f3n<\/strong><\/p>\n<ul>\n<li>Navegaci\u00f3n S\u00ed<\/li>\n<li>Versi\u00f3n de Bluetooth 5.2<\/li>\n<li>Ethernet S\u00ed<\/li>\n<li>Wi-Fi est\u00e1ndares Wi-Fi 5 (802.11ac)<\/li>\n<li>Navegador web S\u00ed<\/li>\n<li>Wifi S\u00ed<\/li>\n<li>Bluetooth S\u00ed<\/li>\n<\/ul>\n<\/div>\n","protected":false},"excerpt":{"rendered":"<p>NOMBRE DEL PRODUCTO Marca SAMSUNG Modelo TQ65S95CATXXC EAN8806094949001 Exhibici\u00f3n Pantalla antirreflectante S\u00ed Frecuencia nativa de refresco 120 Resoluci\u00f3n de la<\/p>\n","protected":false},"featured_media":217526,"comment_status":"open","ping_status":"closed","template":"","meta":{"_joinchat":[]},"product_cat":[795,6464,7164,7069,7157],"product_tag":[],"class_list":{"0":"post-217521","1":"product","2":"type-product","3":"status-publish","4":"has-post-thumbnail","6":"product_cat-electronica","7":"product_cat-televisores-electronica","8":"product_cat-ofertas-canape","9":"product_cat-tv-60-79","10":"product_cat-ofertas-televisores","12":"first","13":"instock","14":"sale","15":"taxable","16":"shipping-taxable","17":"purchasable","18":"product-type-simple"},"_links":{"self":[{"href":"https:\/\/desdropi.com\/elparque\/wp-json\/wp\/v2\/product\/217521"}],"collection":[{"href":"https:\/\/desdropi.com\/elparque\/wp-json\/wp\/v2\/product"}],"about":[{"href":"https:\/\/desdropi.com\/elparque\/wp-json\/wp\/v2\/types\/product"}],"replies":[{"embeddable":true,"href":"https:\/\/desdropi.com\/elparque\/wp-json\/wp\/v2\/comments?post=217521"}],"version-history":[{"count":0,"href":"https:\/\/desdropi.com\/elparque\/wp-json\/wp\/v2\/product\/217521\/revisions"}],"wp:featuredmedia":[{"embeddable":true,"href":"https:\/\/desdropi.com\/elparque\/wp-json\/wp\/v2\/media\/217526"}],"wp:attachment":[{"href":"https:\/\/desdropi.com\/elparque\/wp-json\/wp\/v2\/media?parent=217521"}],"wp:term":[{"taxonomy":"product_cat","embeddable":true,"href":"https:\/\/desdropi.com\/elparque\/wp-json\/wp\/v2\/product_cat?post=217521"},{"taxonomy":"product_tag","embeddable":true,"href":"https:\/\/desdropi.com\/elparque\/wp-json\/wp\/v2\/product_tag?post=217521"}],"curies":[{"name":"wp","href":"https:\/\/api.w.org\/{rel}","templated":true}]}}