{"id":218216,"date":"2024-04-12T10:10:45","date_gmt":"2024-04-12T08:10:45","guid":{"rendered":"https:\/\/desdropi.com\/elparque\/?post_type=product&#038;p=218216"},"modified":"2024-05-18T01:00:05","modified_gmt":"2024-05-17T23:00:05","slug":"smartphone-apple-iphone-15-pro-128-61-white-tita","status":"publish","type":"product","link":"https:\/\/desdropi.com\/elparque\/smartphone-apple-iphone-15-pro-128-61-white-tita\/","title":{"rendered":"SMARTPHONE APPLE IPHONE 15 PRO 128 6,1&#8243; WHITE TITA"},"content":{"rendered":"<div class=\"descripcion-tab\"\n<strong>NOMBRE DEL PRODUCTO:<\/strong> Apple MTUW3QL\/A<br \/>\n<strong>Marca:<\/strong> Apple<br \/>\n<strong>Modelo:<\/strong> MTUW3QL\/A<br \/>\n<strong>EAN:<\/strong> 195949018688<\/p>\n<p><strong>Procesador:<\/strong><\/p>\n<ul>\n<li>Familia de procesador: Apple<\/li>\n<li>Modelo del procesador: A17 Pro<\/li>\n<li>Modelo Coprocesador: Neural Engine<\/li>\n<li>Coprocesador: S\u00ed<\/li>\n<li>N\u00famero de n\u00facleos de procesador: 6<\/li>\n<li>N\u00facleos Coprocesador: 16<\/li>\n<\/ul>\n<p><strong>Exhibici\u00f3n:<\/strong><\/p>\n<ul>\n<li>Display technology marketing name: Super Retina XDR<\/li>\n<li>High Dynamic Range (HDR) technology: Dolby Vision, High Dynamic Range 10 (HDR10), Hybrid Log-Gamma (HLG)<\/li>\n<li>Brillo m\u00e1ximo de la pantalla (exteriores): 2000 nits<\/li>\n<li>Brillo m\u00e1ximo de la pantalla (HDR): 1600 nits<\/li>\n<li>Raz\u00f3n de contraste (t\u00edpica): 2000000:1<\/li>\n<li>Alto Rango Din\u00e1mico (HDR): S\u00ed<\/li>\n<li>Tecnolog\u00edas espec\u00edficas: Pantalla siempre encendida, Dynamic Island, Haptic touch, ProMotion, True Tone, Amplia gama de colores (P3)<\/li>\n<li>Tipo de pantalla t\u00e1ctil: Capacitiva<\/li>\n<li>Densidad del pixel: 460 ppi<\/li>\n<li>Brillo de pantalla: 1000 nits<\/li>\n<li>Tipo de cristal de pantalla: Ceramic Shield<\/li>\n<li>Pantalla con esquinas redondeadas: S\u00ed<\/li>\n<li>Anti-huellas: S\u00ed<\/li>\n<li>Recubrimiento oleof\u00f3bico: S\u00ed<\/li>\n<li>Tipo de visualizador: OLED<\/li>\n<li>M\u00e1xima velocidad de actualizaci\u00f3n: 120 Hz<\/li>\n<li>Forma de la pantalla: Plana<\/li>\n<li>Resoluci\u00f3n de la pantalla: 2556 x 1179 pixels<\/li>\n<li>Tama\u00f1o de la pantalla: 15,5 cm<\/li>\n<\/ul>\n<p><strong>Puertos e Interfaces:<\/strong><\/p>\n<ul>\n<li>Conector USB: USB Tipo C<\/li>\n<li>Puerto USB: S\u00ed<\/li>\n<\/ul>\n<p><strong>Peso y dimensiones:<\/strong><\/p>\n<ul>\n<li>Ancho: 70,6 mm<\/li>\n<li>Profundidad: 8,2 mm<\/li>\n<li>Altura: 146,6 mm<\/li>\n<li>Peso: 187 g<\/li>\n<\/ul>\n<p><strong>Condiciones ambientales:<\/strong><\/p>\n<ul>\n<li>Intervalo de humedad relativa para funcionamiento: 5 &#8211; 95%<\/li>\n<li>Intervalo de temperatura operativa: 0 &#8211; 35\u00b0C<\/li>\n<li>Altitud de funcionamiento: 0 &#8211; 3000 m<\/li>\n<li>Intervalo de temperatura de almacenaje: -20 &#8211; 45\u00b0C<\/li>\n<\/ul>\n<p><strong>Detalles t\u00e9cnicos:<\/strong><\/p>\n<ul>\n<li>No contiene Ars\u00e9nico, Berilio, Mercurio, PVC\/BFR<\/li>\n<li>\u00cdndice de reparabilidad: 7.6<\/li>\n<\/ul>\n<p><strong>Medios de almacenaje:<\/strong><\/p>\n<ul>\n<li>Memoria interna: 128 GB<\/li>\n<li>Tarjetas de memoria compatibles: No compatible<\/li>\n<\/ul>\n<p><strong>Mensajer\u00eda:<\/strong><\/p>\n<ul>\n<li>Correo electr\u00f3nico: S\u00ed<\/li>\n<li>Servicios de mensajes cortos (SMS): S\u00ed<\/li>\n<li>Sistema de mensajer\u00eda multimedia (MMS): S\u00ed<\/li>\n<\/ul>\n<p><strong>Navegaci\u00f3n:<\/strong><\/p>\n<ul>\n<li>BeiDou: S\u00ed<\/li>\n<li>GLONASS: S\u00ed<\/li>\n<li>GPS (sat\u00e9lite): S\u00ed<\/li>\n<li>Posicionamiento de Wi-Fi: S\u00ed<\/li>\n<li>Galileo: S\u00ed<\/li>\n<li>Sistema por Sat\u00e9lite Quasi-Zenith (QZSS): S\u00ed<\/li>\n<li>Br\u00fajula electr\u00f3nica: S\u00ed<\/li>\n<li>GPS: S\u00ed<\/li>\n<\/ul>\n<p><strong>Aprobaciones reguladoras:<\/strong><\/p>\n<ul>\n<li>\u00cdndice SAR para el cuerpo (UE): 0,96 W\/kg<\/li>\n<li>Extremities SAR (EU): 2,99 W\/kg<\/li>\n<li>\u00cdndice SAR para la cabeza (UE): 0,98 W\/kg<\/li>\n<\/ul>\n<p><strong>Software:<\/strong><\/p>\n<ul>\n<li>Compatible con Mac: S\u00ed<\/li>\n<li>Sistema operativo instalado: iOS 17<\/li>\n<li>Asistente virtual: Apple Siri<\/li>\n<li>App distribution platform: Apple App Store<\/li>\n<li>Sistema operativo MAC soportado: Mac OS X 10.13 High Sierra, Mac OS X 10.14 Mojave, Mac OS X 10.15 Catalina, Mac OS X 10.15.3 Catalina, Mac OS X 11.0 Big Sur, Mac OS X 12.0 Monterey, Mac OS X 13.0 Ventura<\/li>\n<li>Plataforma: iOS<\/li>\n<\/ul>\n<p><strong>C\u00e1mara fotogr\u00e1fica:<\/strong><\/p>\n<ul>\n<li>Varios detalles sobre las c\u00e1maras del dispositivo.<\/li>\n<\/ul>\n<p><strong>Contenido del embalaje:<\/strong><\/p>\n<ul>\n<li>Cables incluidos: USB tipo C a USB tipo C<\/li>\n<\/ul>\n<p><strong>Sensores:<\/strong><\/p>\n<ul>\n<li>Bar\u00f3metro: S\u00ed<\/li>\n<li>Aceler\u00f3metro: S\u00ed<\/li>\n<li>Sensor LiDAR: S\u00ed<\/li>\n<li>Giroscopio: S\u00ed<\/li>\n<li>Sensor de proximidad: S\u00ed<\/li>\n<li>Sensor de luz ambiental: S\u00ed<\/li>\n<\/ul>\n<p><strong>Bater\u00eda:<\/strong><\/p>\n<ul>\n<li>Tiempo continuo de reproducci\u00f3n de video: 23 horas<\/li>\n<li>Tiempo continuo de reproducci\u00f3n de audio: 75 horas<\/li>\n<li>Tecnolog\u00eda de bater\u00eda: I\u00f3n de litio<\/li>\n<\/ul>\n<p><strong>Dise\u00f1o:<\/strong><\/p>\n<ul>\n<li>Material de la carcasa: Vidrio, Titanio<\/li>\n<li>Humedad: resistente al agua hasta 6 metros<\/li>\n<li>C\u00f3digo IP (International Protection): IP68<\/li>\n<li>Funciones de protecci\u00f3n: Resistente al polvo, A prueba de salpicaduras, Resistente al agua<\/li>\n<li>Factor de forma: Barra<\/li>\n<li>Color del tel\u00e9fono: Titanio, Blanco<\/li>\n<\/ul>\n<p><strong>Desempe\u00f1o:<\/strong><\/p>\n<ul>\n<li>Varios detalles sobre las prestaciones y capacidades del dispositivo.<\/li>\n<\/ul>\n<p><strong>Multimedia:<\/strong><\/p>\n<ul>\n<li>Varios detalles sobre los formatos de audio, video y otros medios compatibles.<\/li>\n<\/ul>\n<p><strong>Suscripci\u00f3n:<\/strong><\/p>\n<ul>\n<li>Tipo de suscripci\u00f3n: Sin suscripci\u00f3n<\/li>\n<\/ul>\n<p><strong>Conexi\u00f3n:<\/strong><\/p>\n<ul>\n<li>Varios detalles sobre las capacidades de conexi\u00f3n y redes del dispositivo.<\/li>\n<\/ul>\n<\/div>\n","protected":false},"excerpt":{"rendered":"","protected":false},"featured_media":218220,"comment_status":"open","ping_status":"closed","template":"","meta":{"_joinchat":[]},"product_cat":[6479,6483,6476,7133],"product_tag":[],"class_list":{"0":"post-218216","1":"product","2":"type-product","3":"status-publish","4":"has-post-thumbnail","6":"product_cat-smartphones-telefonos","7":"product_cat-ios","8":"product_cat-telefonos","9":"product_cat-ofertas-smartphones","11":"first","12":"instock","13":"taxable","14":"shipping-taxable","15":"purchasable","16":"product-type-simple"},"_links":{"self":[{"href":"https:\/\/desdropi.com\/elparque\/wp-json\/wp\/v2\/product\/218216"}],"collection":[{"href":"https:\/\/desdropi.com\/elparque\/wp-json\/wp\/v2\/product"}],"about":[{"href":"https:\/\/desdropi.com\/elparque\/wp-json\/wp\/v2\/types\/product"}],"replies":[{"embeddable":true,"href":"https:\/\/desdropi.com\/elparque\/wp-json\/wp\/v2\/comments?post=218216"}],"version-history":[{"count":0,"href":"https:\/\/desdropi.com\/elparque\/wp-json\/wp\/v2\/product\/218216\/revisions"}],"wp:featuredmedia":[{"embeddable":true,"href":"https:\/\/desdropi.com\/elparque\/wp-json\/wp\/v2\/media\/218220"}],"wp:attachment":[{"href":"https:\/\/desdropi.com\/elparque\/wp-json\/wp\/v2\/media?parent=218216"}],"wp:term":[{"taxonomy":"product_cat","embeddable":true,"href":"https:\/\/desdropi.com\/elparque\/wp-json\/wp\/v2\/product_cat?post=218216"},{"taxonomy":"product_tag","embeddable":true,"href":"https:\/\/desdropi.com\/elparque\/wp-json\/wp\/v2\/product_tag?post=218216"}],"curies":[{"name":"wp","href":"https:\/\/api.w.org\/{rel}","templated":true}]}}