{"id":218311,"date":"2024-04-12T12:56:11","date_gmt":"2024-04-12T10:56:11","guid":{"rendered":"https:\/\/desdropi.com\/elparque\/?post_type=product&#038;p=218311"},"modified":"2024-05-17T13:03:11","modified_gmt":"2024-05-17T11:03:11","slug":"smartphone-oppo-a18-4-128-656-blue","status":"publish","type":"product","link":"https:\/\/desdropi.com\/elparque\/smartphone-oppo-a18-4-128-656-blue\/","title":{"rendered":"SMARTPHONE OPPO A18 4\/128 6,56&#8243; BLUE"},"content":{"rendered":"<div class=\"descripcion-tab\">\n<strong>NOMBRE DEL PRODUCTO:<\/strong> OPPO 631001002095<br \/>\n<strong>Marca:<\/strong> OPPO<br \/>\n<strong>Modelo:<\/strong> 631001002095<br \/>\n<strong>EAN:<\/strong> 6932169340090<\/p>\n<p><strong>Procesador:<\/strong><\/p>\n<ul>\n<li>Modelo del procesador: Helio G85<\/li>\n<li>Familia de procesador: MediaTek<\/li>\n<li>Frecuencia del procesador turbo: 2 GHz<\/li>\n<li>N\u00famero de n\u00facleos de procesador: 8<\/li>\n<\/ul>\n<p><strong>Exhibici\u00f3n:<\/strong><\/p>\n<ul>\n<li>Resoluci\u00f3n de la pantalla: 1612 x 720<\/li>\n<li>M\u00e1xima velocidad de actualizaci\u00f3n: 90 Hz<\/li>\n<li>Tipo de visualizador: LTPS<\/li>\n<li>Densidad del pixel: 269 ppi<\/li>\n<li>Forma de la pantalla: Plana<\/li>\n<li>Tipo de cristal de pantalla: Panda Glass<\/li>\n<li>Tama\u00f1o de la pantalla: 6.56&#8243;<\/li>\n<\/ul>\n<p><strong>Puertos e Interfaces:<\/strong><\/p>\n<ul>\n<li>Conector USB: USB Tipo C<\/li>\n<li>Versi\u00f3n USB: 2.0<\/li>\n<li>Puerto USB: S\u00ed<\/li>\n<\/ul>\n<p><strong>Peso y dimensiones:<\/strong><\/p>\n<ul>\n<li>Peso: 188 g<\/li>\n<li>Peso del paquete: 515 g<\/li>\n<li>Altura: 163.7 mm<\/li>\n<li>Ancho: 75 mm<\/li>\n<li>Profundidad: 8.16 mm<\/li>\n<li>Profundidad del paquete: 60 mm<\/li>\n<li>Altura del paquete: 184 mm<\/li>\n<li>Ancho del paquete: 98 mm<\/li>\n<\/ul>\n<p><strong>Detalles t\u00e9cnicos:<\/strong><\/p>\n<ul>\n<li>Periodo de garant\u00eda: 2 a\u00f1os<\/li>\n<\/ul>\n<p><strong>Medios de almacenaje:<\/strong><\/p>\n<ul>\n<li>Tama\u00f1o m\u00e1ximo de tarjeta de memoria: 1 TB<\/li>\n<li>RAM interna: 4 GB<\/li>\n<li>Memoria interna: 128 GB<\/li>\n<li>Tipo de memoria RAM interna: LPDDR4X<\/li>\n<li>Expansi\u00f3n de memoria RAM (m\u00e1x.): 4 GB<\/li>\n<\/ul>\n<p><strong>Navegaci\u00f3n:<\/strong><\/p>\n<ul>\n<li>GPS (sat\u00e9lite): S\u00ed<\/li>\n<\/ul>\n<p><strong>Aprobaciones reguladoras:<\/strong><\/p>\n<ul>\n<li>Digital Living Network Alliance (DLNA) certified: S\u00ed<\/li>\n<\/ul>\n<p><strong>Software:<\/strong><\/p>\n<ul>\n<li>Plataforma: Android<\/li>\n<li>Sistema operativo instalado: Android 13<\/li>\n<li>Operating system fork: ColorOS 13.1<\/li>\n<\/ul>\n<p><strong>C\u00e1mara fotogr\u00e1fica:<\/strong><\/p>\n<ul>\n<li>Estabilizador de imagen: S\u00ed<\/li>\n<li>Autoenfoque: No<\/li>\n<li>Modo noche: S\u00ed<\/li>\n<li>Panor\u00e1mica: S\u00ed<\/li>\n<li>Tipo de estabilizador de imagen: Electronic Image Stabilization (EIS)<\/li>\n<li>Resoluci\u00f3n de la c\u00e1mara trasera: 8 MP<\/li>\n<li>Resoluci\u00f3n de la c\u00e1mara frontal: 5 MP<\/li>\n<li>Modo retrato: S\u00ed<\/li>\n<li>Tipo de c\u00e1mara trasera: C\u00e1mara doble<\/li>\n<li>Resoluci\u00f3n de la segunda c\u00e1mara trasera: 2 MP<\/li>\n<li>N\u00famero de apertura de la c\u00e1mara trasera: f\/2<\/li>\n<li>N\u00famero de apertura de la segunda c\u00e1mara trasera: f\/2.4<\/li>\n<li>N\u00famero de apertura de la c\u00e1mara frontal: f\/2.2<\/li>\n<li>Modo de lapso de tiempo: S\u00ed<\/li>\n<li>Tipo de c\u00e1mara frontal: C\u00e1mara \u00fanica<\/li>\n<li>C\u00e1mara frontal con flash: No<\/li>\n<li>Flash en c\u00e1mara trasera: S\u00ed<\/li>\n<li>Fotograf\u00eda macro: S\u00ed<\/li>\n<\/ul>\n<p><strong>Contenido del embalaje:<\/strong><\/p>\n<ul>\n<li>Cables incluidos: USB Tipo C<\/li>\n<li>Gu\u00eda de configuraci\u00f3n r\u00e1pida: S\u00ed<\/li>\n<li>Tarjeta de garant\u00eda: S\u00ed<\/li>\n<li>Protector de pantalla: S\u00ed<\/li>\n<li>Ejection pin: S\u00ed<\/li>\n<\/ul>\n<p><strong>Otras caracter\u00edsticas:<\/strong><\/p>\n<ul>\n<li>Tipo de timbre: Polif\u00f3nico<\/li>\n<\/ul>\n<p><strong>Bater\u00eda:<\/strong><\/p>\n<ul>\n<li>Tecnolog\u00eda de bater\u00eda: Pol\u00edmero de litio<\/li>\n<li>Capacidad de bater\u00eda: 5000 mAh<\/li>\n<\/ul>\n<p><strong>Dise\u00f1o:<\/strong><\/p>\n<ul>\n<li>Factor de forma: Barra<\/li>\n<li>C\u00f3digo IP (International Protection): IP54<\/li>\n<li>Nombre del color: Glowing Blue<\/li>\n<li>Color del tel\u00e9fono: Negro<\/li>\n<\/ul>\n<p><strong>Desempe\u00f1o:<\/strong><\/p>\n<ul>\n<li>Altavoz: S\u00ed<\/li>\n<li>Alerta vibratoria: S\u00ed<\/li>\n<li>Lector de huella digital: S\u00ed<\/li>\n<li>Comandos de voz: S\u00ed<\/li>\n<li>Video llamada: S\u00ed<\/li>\n<li>Reconocimiento de cara: S\u00ed<\/li>\n<\/ul>\n<p><strong>Conexi\u00f3n:<\/strong><\/p>\n<ul>\n<li>Wi-Fi est\u00e1ndares: 802.11a, 802.11b, 802.11g, Wi-Fi 4 (802.11n), Wi-Fi 5 (802.11ac)<\/li>\n<li>Versi\u00f3n de Bluetooth: 5.3<\/li>\n<li>Bluetooth: S\u00ed<\/li>\n<li>Wifi: S\u00ed<\/li>\n<li>Tipo de tarjeta SIM: NanoSIM<\/li>\n<li>NFC: No<\/li>\n<li>Est\u00e1ndares 3G: HSDPA, HSUPA<\/li>\n<li>Capacidad de la tarjeta SIM: SIM doble<\/li>\n<li>Mobile network generation: 4G<\/li>\n<li>Bluetooth Low Energy (BLE): S\u00ed<\/li>\n<li>Banda de frecuencia: Pentabanda<\/li>\n<li>Est\u00e1ndar 5G: No compatible<\/li>\n<\/ul>\n<\/div>\n","protected":false},"excerpt":{"rendered":"<p>NOMBRE DEL PRODUCTO: OPPO 631001002095 Marca: OPPO Modelo: 631001002095 EAN: 6932169340090 Procesador: Modelo del procesador: Helio G85 Familia de procesador:<\/p>\n","protected":false},"featured_media":218316,"comment_status":"open","ping_status":"closed","template":"","meta":{"_joinchat":[]},"product_cat":[6476,6480,6479,7133],"product_tag":[],"class_list":{"0":"post-218311","1":"product","2":"type-product","3":"status-publish","4":"has-post-thumbnail","6":"product_cat-telefonos","7":"product_cat-android-smartphones-telefonos","8":"product_cat-smartphones-telefonos","9":"product_cat-ofertas-smartphones","11":"first","12":"instock","13":"sale","14":"taxable","15":"shipping-taxable","16":"purchasable","17":"product-type-simple"},"_links":{"self":[{"href":"https:\/\/desdropi.com\/elparque\/wp-json\/wp\/v2\/product\/218311"}],"collection":[{"href":"https:\/\/desdropi.com\/elparque\/wp-json\/wp\/v2\/product"}],"about":[{"href":"https:\/\/desdropi.com\/elparque\/wp-json\/wp\/v2\/types\/product"}],"replies":[{"embeddable":true,"href":"https:\/\/desdropi.com\/elparque\/wp-json\/wp\/v2\/comments?post=218311"}],"version-history":[{"count":0,"href":"https:\/\/desdropi.com\/elparque\/wp-json\/wp\/v2\/product\/218311\/revisions"}],"wp:featuredmedia":[{"embeddable":true,"href":"https:\/\/desdropi.com\/elparque\/wp-json\/wp\/v2\/media\/218316"}],"wp:attachment":[{"href":"https:\/\/desdropi.com\/elparque\/wp-json\/wp\/v2\/media?parent=218311"}],"wp:term":[{"taxonomy":"product_cat","embeddable":true,"href":"https:\/\/desdropi.com\/elparque\/wp-json\/wp\/v2\/product_cat?post=218311"},{"taxonomy":"product_tag","embeddable":true,"href":"https:\/\/desdropi.com\/elparque\/wp-json\/wp\/v2\/product_tag?post=218311"}],"curies":[{"name":"wp","href":"https:\/\/api.w.org\/{rel}","templated":true}]}}