{"id":218416,"date":"2024-04-12T22:50:47","date_gmt":"2024-04-12T20:50:47","guid":{"rendered":"https:\/\/desdropi.com\/elparque\/ventilador-techo-cecotec-05993-3-aspas-106cm-m-d-invisible-negro\/"},"modified":"2024-05-18T23:47:04","modified_gmt":"2024-05-18T21:47:04","slug":"ventilador-techo-cecotec-05993-3-aspas-106cm-m-d-invisible-negro","status":"publish","type":"product","link":"https:\/\/desdropi.com\/elparque\/ventilador-techo-cecotec-05993-3-aspas-106cm-m-d-invisible-negro\/","title":{"rendered":"ventilador techo cecotec 05993 3 aspas 106cm m\/d invisible negro"},"content":{"rendered":"<div class=\"descripcion-tab\">\n<ul>\n<li><strong>Nombre del Producto:<\/strong>\n<ul>\n<li>Marca: Cecotec<\/li>\n<li>Modelo: EnergySilence Aero 4280 Invisible<\/li>\n<li>EAN: 8435484059923<\/li>\n<\/ul>\n<\/li>\n<li><strong>Control de Energ\u00eda:<\/strong>\n<ul>\n<li>Consumo energ\u00e9tico: 40 W<\/li>\n<li>Alimentaci\u00f3n: Corriente alterna<\/li>\n<\/ul>\n<\/li>\n<li><strong>L\u00e1mparas:<\/strong>\n<ul>\n<li>Luz integrada: S\u00ed<\/li>\n<li>Bombilla incluida: S\u00ed<\/li>\n<\/ul>\n<\/li>\n<li><strong>Empaquetado:<\/strong>\n<ul>\n<li>Mando a distancia: S\u00ed<\/li>\n<\/ul>\n<\/li>\n<li><strong>Caracter\u00edsticas:<\/strong>\n<ul>\n<li>Color del producto: Negro<\/li>\n<li>Tipo: Ventilador con aspas para el hogar<\/li>\n<li>Ubicaci\u00f3n: Techo<\/li>\n<li>Di\u00e1metro de ventilador: 106 cm<\/li>\n<li>Temporizador: S\u00ed<\/li>\n<li>N\u00famero de velocidades: 6<\/li>\n<li>Duraci\u00f3n de contador (m\u00e1ximo): 8 horas<\/li>\n<li>Tipo de control: Inal\u00e1mbrico<\/li>\n<\/ul>\n<\/li>\n<\/ul>\n<\/div>\n","protected":false},"excerpt":{"rendered":"<p>Nombre del Producto: Marca: Cecotec Modelo: EnergySilence Aero 4280 Invisible EAN: 8435484059923 Control de Energ\u00eda: Consumo energ\u00e9tico: 40 W Alimentaci\u00f3n:<\/p>\n","protected":false},"featured_media":177491,"comment_status":"open","ping_status":"closed","template":"","meta":{"_joinchat":[]},"product_cat":[6575,3301,5440],"product_tag":[],"class_list":{"0":"post-218416","1":"product","2":"type-product","3":"status-publish","4":"has-post-thumbnail","6":"product_cat-de-techo","7":"product_cat-climatizacion-y-calefaccion","8":"product_cat-ventiladores","9":"pa_marca-cecotec-clima","11":"first","12":"instock","13":"taxable","14":"shipping-taxable","15":"purchasable","16":"product-type-simple"},"_links":{"self":[{"href":"https:\/\/desdropi.com\/elparque\/wp-json\/wp\/v2\/product\/218416"}],"collection":[{"href":"https:\/\/desdropi.com\/elparque\/wp-json\/wp\/v2\/product"}],"about":[{"href":"https:\/\/desdropi.com\/elparque\/wp-json\/wp\/v2\/types\/product"}],"replies":[{"embeddable":true,"href":"https:\/\/desdropi.com\/elparque\/wp-json\/wp\/v2\/comments?post=218416"}],"version-history":[{"count":0,"href":"https:\/\/desdropi.com\/elparque\/wp-json\/wp\/v2\/product\/218416\/revisions"}],"wp:featuredmedia":[{"embeddable":true,"href":"https:\/\/desdropi.com\/elparque\/wp-json\/wp\/v2\/media\/177491"}],"wp:attachment":[{"href":"https:\/\/desdropi.com\/elparque\/wp-json\/wp\/v2\/media?parent=218416"}],"wp:term":[{"taxonomy":"product_cat","embeddable":true,"href":"https:\/\/desdropi.com\/elparque\/wp-json\/wp\/v2\/product_cat?post=218416"},{"taxonomy":"product_tag","embeddable":true,"href":"https:\/\/desdropi.com\/elparque\/wp-json\/wp\/v2\/product_tag?post=218416"}],"curies":[{"name":"wp","href":"https:\/\/api.w.org\/{rel}","templated":true}]}}

<div class="descripcion-tab">
<ul>
<li><strong>Nombre del Producto:</strong>
<ul>
<li>Marca: Cecotec</li>
<li>Modelo: EnergySilence Aero 4280 Invisible</li>
<li>EAN: 8435484059923</li>
</ul>
</li>
<li><strong>Control de Energía:</strong>
<ul>
<li>Consumo energético: 40 W</li>
<li>Alimentación: Corriente alterna</li>
</ul>
</li>
<li><strong>Lámparas:</strong>
<ul>
<li>Luz integrada: Sí</li>
<li>Bombilla incluida: Sí</li>
</ul>
</li>
<li><strong>Empaquetado:</strong>
<ul>
<li>Mando a distancia: Sí</li>
</ul>
</li>
<li><strong>Características:</strong>
<ul>
<li>Color del producto: Negro</li>
<li>Tipo: Ventilador con aspas para el hogar</li>
<li>Ubicación: Techo</li>
<li>Diámetro de ventilador: 106 cm</li>
<li>Temporizador: Sí</li>
<li>Número de velocidades: 6</li>
<li>Duración de contador (máximo): 8 horas</li>
<li>Tipo de control: Inalámbrico</li>
</ul>
</li>
</ul>
</div>

<p>Nombre del Producto: Marca: Cecotec Modelo: EnergySilence Aero 4280 Invisible EAN: 8435484059923 Control de Energía: Consumo energético: 40 W Alimentación:</p>
