{"id":218447,"date":"2024-04-12T23:16:03","date_gmt":"2024-04-12T21:16:03","guid":{"rendered":"https:\/\/desdropi.com\/elparque\/lavadora-cecotec-02765-8kg-1400rpm-inverter-clase-a\/"},"modified":"2025-04-14T09:30:22","modified_gmt":"2025-04-14T07:30:22","slug":"lavadora-cecotec-02765-8kg-1400rpm-inverter-clase-a","status":"publish","type":"product","link":"https:\/\/desdropi.com\/elparque\/lavadora-cecotec-02765-8kg-1400rpm-inverter-clase-a\/","title":{"rendered":"lavadora cecotec 02765 8kg 1400rpm inverter clase\/a"},"content":{"rendered":"<div class=\"descripcion-tab\">\n<strong><span class=\"e1pizqy31 css-hga4sk\">DESCRIPCI\u00d3N<\/span><\/strong><\/p>\n<ul>\n<li>Gran capacidad: haz la colada para toda la familia gracias a su gran capacidad de carga de 8 kg.<\/li>\n<li>Ahorra en cada uso: con la etiqueta Clase A, consigue la m\u00e1xima eficiencia energ\u00e9tica que permite un gran ahorro energ\u00e9tico en cada lavado.<\/li>\n<li>Eficiencia lavado tras lavado: su motor Inverter Plus garantiza un funcionamiento eficiente lavado tras lavado, lo que permite ahorrar\u00b9 m\u00e1s de un 70 % en comparaci\u00f3n con un motor universal. Adem\u00e1s, reduce el ruido durante su funcionamiento, sobre todo en la fase de centrifugado y lavado. \u00b9Reducci\u00f3n en un 70 % del consumo de electricidad basado en la comparativa de etiqueta energ\u00e9tica entre los modelos Bolero DressCode con Motor Inverter y los modelos Bolero DressCode sin Motor Inverter.<\/li>\n<li>Regula sus revoluciones: podr\u00e1s programar las revoluciones de la lavadora hasta 1400 rpm, adapt\u00e1ndose as\u00ed a tus tejidos y necesidades.<\/li>\n<li>Lavados a medida: un programa para cada momento y cada tejido para ofrecer siempre lavados a medida. Sus 16 programas ofrecen una gran variedad de opciones que se ajustan a todas tus necesidades y a todas tus prendas.<\/li>\n<li>Inteligencia a tu servicio: su funci\u00f3n OnSmart selecciona el programa ideal de forma autom\u00e1tica con solo pulsar un bot\u00f3n.<\/li>\n<li>Optimiza el agua y el tiempo: su funci\u00f3n Fuzzy Logic detecta la carga del lavado y optimiza el nivel de agua y tiempo de lavado.<\/li>\n<li>Lavado al vapor: la funci\u00f3n SteamMax se agrega antes del programa principal que lava la ropa mediante vapor. Envuelve la colada con vapor para penetrar eficazmente en cada prenda para esterilizarla y eliminar cualquier olor.<\/li>\n<li>Esteriliza tu ropa: con la funci\u00f3n SpaCare, la lavadora har\u00e1 una esterilizaci\u00f3n previa al lavado mediante vapor que deja la ropa 100 % libre de g\u00e9rmenes y bacterias.<\/li>\n<li>Mejor secado y deslizamiento: con el Pearl Drum, el tambor con textura de copo de nieve, se mejora el secado y deslizamiento de las prendas.<\/li>\n<li>M\u00e1s capacidad, mismo espacio: la tecnolog\u00eda Space Care ofrece m\u00e1s capacidad en el mismo espacio gracias al dise\u00f1o extraplano del tambor.<\/li>\n<li>Display touch: controla la lavadora de forma c\u00f3moda gracias a su display t\u00e1ctil XXL y conoce toda la informaci\u00f3n de cada lavado de un simple vistazo (tiempo de lavado, opciones seleccionadas, etapa del programas, etc.)<\/li>\n<li>Programa tus lavados: con la funci\u00f3n DelayStart podr\u00e1s programar el inicio del lavado entre 0 y 24 h antes.<\/li>\n<li>Ultrasilencioso: gracias al sistema ESC ajusta el lavado y centrifugado a un modo ultra silencioso para que pueda utilizarse incluso por las noches. Con la funci\u00f3n Smooth Wash olv\u00eddate de los ruidos.<\/li>\n<li>Evita accidentes: su tecnolog\u00eda Kid Lock, el bloqueo de seguridad para ni\u00f1os, evita que puedan controlar la lavadora e impide accidentes en tu hogar.<\/li>\n<li>Goma antibacteriana: evita la formaci\u00f3n de g\u00e9rmenes en el interior de la lavadora para que tu colada siempre salga perfecta.<\/li>\n<li>Limpieza de tambor autom\u00e1tica: mant\u00e9n tu tambor siempre impecable y consigue una higiene total de tus prendas gracias a su sistema DrumClean.<\/li>\n<\/ul>\n<\/div>\n<\/div>\n<\/div>\n<div class=\"css-1vrowg6\">\n<div id=\"composition\" class=\"e1hv9n5v2 css-ldw7pi\">\n<p><strong><span class=\"e1hv9n5v0 css-hga4sk\">COMPOSICI\u00d3N<\/span><\/strong><\/p>\n<div class=\"css-1azcdyx e1hv9n5v1\">\n<ul>\n<li>Lavadora<\/li>\n<li>Manguer suministro agua<\/li>\n<li>Manual de instrucciones<\/li>\n<li>Patas de transporte<\/li>\n<\/ul>\n<\/div>\n","protected":false},"excerpt":{"rendered":"<p><img decoding=\"async\" class=\"alignnone size-full wp-image-205400\" src=\"https:\/\/desdropi.com\/elparque\/wp-content\/uploads\/eficiencia-A.png\" alt=\"\" width=\"56\" height=\"33\" \/><u><a href=\"https:\/\/eprel.ec.europa.eu\/informationsheet\/Fiche_1575047_ES.pdf\" target=\"_blank\" rel=\"noopener\">Ficha de informaci\u00f3n de producto<\/a><\/u><\/p>\n","protected":false},"featured_media":218448,"comment_status":"open","ping_status":"closed","template":"","meta":{"_joinchat":[]},"product_cat":[6444,6443,780],"product_tag":[],"class_list":{"0":"post-218447","1":"product","2":"type-product","3":"status-publish","4":"has-post-thumbnail","6":"product_cat-carga-frontal-lavadoras","7":"product_cat-lavadoras","8":"product_cat-gran-electrodomestico","9":"pa_marca-cecotec-g-blanca","11":"first","12":"instock","13":"taxable","14":"shipping-taxable","15":"purchasable","16":"product-type-simple"},"_links":{"self":[{"href":"https:\/\/desdropi.com\/elparque\/wp-json\/wp\/v2\/product\/218447"}],"collection":[{"href":"https:\/\/desdropi.com\/elparque\/wp-json\/wp\/v2\/product"}],"about":[{"href":"https:\/\/desdropi.com\/elparque\/wp-json\/wp\/v2\/types\/product"}],"replies":[{"embeddable":true,"href":"https:\/\/desdropi.com\/elparque\/wp-json\/wp\/v2\/comments?post=218447"}],"version-history":[{"count":1,"href":"https:\/\/desdropi.com\/elparque\/wp-json\/wp\/v2\/product\/218447\/revisions"}],"predecessor-version":[{"id":225059,"href":"https:\/\/desdropi.com\/elparque\/wp-json\/wp\/v2\/product\/218447\/revisions\/225059"}],"wp:featuredmedia":[{"embeddable":true,"href":"https:\/\/desdropi.com\/elparque\/wp-json\/wp\/v2\/media\/218448"}],"wp:attachment":[{"href":"https:\/\/desdropi.com\/elparque\/wp-json\/wp\/v2\/media?parent=218447"}],"wp:term":[{"taxonomy":"product_cat","embeddable":true,"href":"https:\/\/desdropi.com\/elparque\/wp-json\/wp\/v2\/product_cat?post=218447"},{"taxonomy":"product_tag","embeddable":true,"href":"https:\/\/desdropi.com\/elparque\/wp-json\/wp\/v2\/product_tag?post=218447"}],"curies":[{"name":"wp","href":"https:\/\/api.w.org\/{rel}","templated":true}]}}