{"id":218886,"date":"2024-04-16T09:35:09","date_gmt":"2024-04-16T07:35:09","guid":{"rendered":"https:\/\/desdropi.com\/elparque\/?post_type=product&#038;p=218886"},"modified":"2024-05-17T13:03:30","modified_gmt":"2024-05-17T11:03:30","slug":"tv-philips-55-55pus8818-uhd-googletv-ambi-p5-120h","status":"publish","type":"product","link":"https:\/\/desdropi.com\/elparque\/tv-philips-55-55pus8818-uhd-googletv-ambi-p5-120h\/","title":{"rendered":"TV PHILIPS 55&#8243; 55PUS8818 UHD GOOGLETV AMBI P5 120H"},"content":{"rendered":"<div class=\"descripcion-tab\">\n<ul>\n<li><strong>Nombre del producto:<\/strong> Philips 55PUS8818\/12<\/li>\n<li><strong>Marca:<\/strong> Philips<\/li>\n<li><strong>Modelo:<\/strong> 55PUS8818\/12<\/li>\n<li><strong>EAN:<\/strong> 8718863037928<\/li>\n<\/ul>\n<p><strong>Exhibici\u00f3n:<\/strong><\/p>\n<ul>\n<li>Relaci\u00f3n de aspecto nativa: 16:9<\/li>\n<li>Formato de v\u00eddeo soportado: 576p, 720p<\/li>\n<li>Formatos gr\u00e1ficos soportados: 640 x 480 (VGA), 1920 x 1080 (HD 1080), 2560 x 1440, 3840 x 2160<\/li>\n<li>Frecuencia nativa de refresco: 120 Hz<\/li>\n<li>Admite visualizaci\u00f3n de frecuencia de actualizaci\u00f3n: 24 Hz, 25 Hz, 30 Hz, 50 Hz, 60 Hz, 100 Hz, 120 Hz<\/li>\n<li>Diagonal de pantalla: 139 cm<\/li>\n<li>Resoluci\u00f3n: 4K Ultra HD<\/li>\n<li>Retroiluminaci\u00f3n del panel: Direct LED<\/li>\n<li>Pulgadas: 55&#8243;<\/li>\n<li>Resoluci\u00f3n de la pantalla: 3840 x 2160<\/li>\n<li>Tecnolog\u00eda del panel: LED<\/li>\n<li>Forma de la pantalla: Plana<\/li>\n<\/ul>\n<p><strong>Audio:<\/strong><\/p>\n<ul>\n<li>N\u00famero de altavoces: 4<\/li>\n<li>Potencia estimada RMS: 40 W<\/li>\n<li>Decodificadores incorporados: DTS, Dolby Atmos, Dolby Digital<\/li>\n<li>Tecnolog\u00edas de decodificaci\u00f3n de audio: DTS:X, Dolby MS12<\/li>\n<li>Ecualizador: S\u00ed<\/li>\n<li>Modos de sonido: AI Sound<\/li>\n<li>Enhanced Audio Return Channel (eARC): S\u00ed<\/li>\n<\/ul>\n<p><strong>Puertos e Interfaces:<\/strong><\/p>\n<ul>\n<li>N\u00famero de puertos HDMI: 4<\/li>\n<li>Canal de retorno de audio (ARC): S\u00ed<\/li>\n<li>HDCP: S\u00ed<\/li>\n<li>Ethernet LAN (RJ-45) cantidad de puertos: 1<\/li>\n<li>Cantidad de puertos USB 2.0: 2<\/li>\n<li>Audio digital, salida \u00f3ptica: 1<\/li>\n<li>Salidas para auriculares: 1<\/li>\n<li>Interfaz com\u00fan Plus (CI+): S\u00ed<\/li>\n<\/ul>\n<p><strong>Peso y dimensiones:<\/strong><\/p>\n<ul>\n<li>Ancho del dispositivo (con soporte): 1231 mm<\/li>\n<li>Profundidad dispositivo (con soporte): 259 mm<\/li>\n<li>Altura del dispositivo (con soporte): 783 mm<\/li>\n<li>Peso (con soporte): 18,2 kg<\/li>\n<li>Ancho (sin base): 1231 mm<\/li>\n<li>Profundidad (sin base): 80 mm<\/li>\n<li>Altura (sin base): 720 mm<\/li>\n<li>Peso (sin base): 15,5 kg<\/li>\n<li>Ancho del soporte: 54,9 mm<\/li>\n<li>Profundidad del soporte: 25,9 mm<\/li>\n<li>Rango de pulgadas: De 50 a 60<\/li>\n<\/ul>\n<p><strong>Control de energ\u00eda:<\/strong><\/p>\n<ul>\n<li>Clase de eficiencia energ\u00e9tica (SDR): E<\/li>\n<li>Clase de eficiencia energ\u00e9tica (HDR): G<\/li>\n<li>Consumo de energ\u00eda (SDR) por 1000 horas: 61 kWh<\/li>\n<li>Consumo de energ\u00eda (HDR) por 1000 horas: 128 kWh<\/li>\n<li>Consumo de energ\u00eda (inactivo): 0,3 W<\/li>\n<li>Voltaje de entrada AC: 220 &#8211; 240 V<\/li>\n<li>Frecuencia de entrada AC: 50\/60 Hz<\/li>\n<li>Escala de eficiencia energ\u00e9tica: De la A a la G<\/li>\n<\/ul>\n<p><strong>Detalles t\u00e9cnicos:<\/strong><\/p>\n<ul>\n<li>Memoria interna: 16000 MB<\/li>\n<li>Compatibilidad con HEVC: S\u00ed<\/li>\n<\/ul>\n<p><strong>Empaquetado:<\/strong><\/p>\n<ul>\n<li>Soporte de sobremesa: S\u00ed<\/li>\n<li>Cables incluidos: Corriente alterna<\/li>\n<li>Mando a distancia incluido: S\u00ed<\/li>\n<li>Ancho del paquete: 1400 mm<\/li>\n<li>Profundidad del paquete: 160 mm<\/li>\n<li>Altura del paquete: 890 mm<\/li>\n<li>Peso del paquete: 22,3 kg<\/li>\n<li>Tipo de embalaje: Caja<\/li>\n<\/ul>\n<p><strong>Sintonizador de la TV:<\/strong><\/p>\n<ul>\n<li>Tipo de sintonizador: Anal\u00f3gico y digital<\/li>\n<li>Se\u00f1al anal\u00f3gica: PAL, SECAM<\/li>\n<li>Formato de se\u00f1al digital: DVB-C, DVB-S, DVB-S2, DVB-T, DVB-T2, DVB-T2 HD<\/li>\n<\/ul>\n<p><strong>Otras caracter\u00edsticas:<\/strong><\/p>\n<ul>\n<li>Pilas incluidas: S\u00ed<\/li>\n<li>Tipo de bater\u00eda: AAA<\/li>\n<li>Numero de bater\u00edas soportadas: 2<\/li>\n<li>Tipo de luz ambiental: 3 caras<\/li>\n<\/ul>\n<p><strong>Caracter\u00edsticas de administraci\u00f3n:<\/strong><\/p>\n<ul>\n<li>Control por voz: S\u00ed<\/li>\n<li>Gu\u00eda electr\u00f3nica de programaci\u00f3n: S\u00ed<\/li>\n<li>Periodo de programaci\u00f3n: 8 d\u00edas<\/li>\n<li>Imagen muda (para radio): S\u00ed<\/li>\n<li>Modo ECO: S\u00ed<\/li>\n<li>Apagado autom\u00e1tico: S\u00ed<\/li>\n<li>Funciona con Amazon Alexa: S\u00ed<\/li>\n<li>Funciona con el Asistente de Google: S\u00ed<\/li>\n<\/ul>\n<p><strong>Dise\u00f1o:<\/strong><\/p>\n<ul>\n<li>Color del producto: Antracita, Gris<\/li>\n<li>Montaje VESA: S\u00ed (200 x 300)<\/li>\n<li>Indicaci\u00f3n de la fuerza de la se\u00f1al: S\u00ed<\/li>\n<li>Tipo de soporte: Soporte central<\/li>\n<li>Color del soporte: Gris<\/li>\n<\/ul>\n<p><strong>Desempe\u00f1o:<\/strong><\/p>\n<ul>\n<li>Alto Rango Din\u00e1mico (HDR): S\u00ed<\/li>\n<li>High Dynamic Range (HDR) technology: Dolby Vision, HDR10, HDR10 Plus, Hybrid Log-Gamma (HLG)<\/li>\n<li>Funciones de teletexto: S\u00ed<\/li>\n<li>Teletexto: 1000<\/li>\n<li>Est\u00e1ndares de teletexto: Hipertexto<\/li>\n<li>Funci\u00f3n de subt\u00edtulos: S\u00ed<\/li>\n<li>Formatos de v\u00eddeo compatibles: AVC, AVI, H.264, HEVC\/H.265, MKV, MPEG1, MPEG2, MPEG4, VP9<\/li>\n<li>Formatos de audio soportados: AAC, FLAC, MP3, WAV, WMA, WMA-PRO<\/li>\n<li>Formatos de imagen soportados: BMP, GIF, HEIF, JPEG, PNG<\/li>\n<li>Formatos de subt\u00edtulos soportados: ASS, SMI, SRT, SSA, SUB, TXT<\/li>\n<li>Sensor de luz ambiental: S\u00ed<\/li>\n<li>Tecnolog\u00eda de procesamiento de imagen: Philips P5 Perfect Picture Engine<\/li>\n<li>AMD FreeSync: S\u00ed<\/li>\n<li>Tipo de FreeSync de AMD: FreeSync Premium<\/li>\n<li>Game features: Modo autom\u00e1tico de baja latencia (ALLM), Frecuencia de actualizaci\u00f3n variable (VRR)<\/li>\n<li>Tecnolog\u00edas espec\u00edficas: Micro Dimming Pro, Perfect Natural Motion<\/li>\n<li>Calman Ready: S\u00ed<\/li>\n<li>N\u00famero de n\u00facleos de procesador: 4<\/li>\n<\/ul>\n<p><strong>Smart TV:<\/strong><\/p>\n<ul>\n<li>HbbTV: S\u00ed<\/li>\n<li>Plataforma de distribuciones de aplicaciones: Google Play<\/li>\n<li>Aplicaciones de v\u00eddeo: Amazon Prime Video, Apple TV, BBC iPlayer, Disney+, Netflix, YouTube<\/li>\n<li>Aplic<\/li>\n<\/ul>\n<\/div>\n","protected":false},"excerpt":{"rendered":"<p>Nombre del producto: Philips 55PUS8818\/12 Marca: Philips Modelo: 55PUS8818\/12 EAN: 8718863037928 Exhibici\u00f3n: Relaci\u00f3n de aspecto nativa: 16:9 Formato de v\u00eddeo<\/p>\n","protected":false},"featured_media":218887,"comment_status":"open","ping_status":"closed","template":"","meta":{"_joinchat":[]},"product_cat":[795,6464,7144,7068],"product_tag":[],"class_list":{"0":"post-218886","1":"product","2":"type-product","3":"status-publish","4":"has-post-thumbnail","6":"product_cat-electronica","7":"product_cat-televisores-electronica","8":"product_cat-uhd-4k","9":"product_cat-tv-40-59","11":"first","12":"instock","13":"sale","14":"taxable","15":"shipping-taxable","16":"purchasable","17":"product-type-simple"},"_links":{"self":[{"href":"https:\/\/desdropi.com\/elparque\/wp-json\/wp\/v2\/product\/218886"}],"collection":[{"href":"https:\/\/desdropi.com\/elparque\/wp-json\/wp\/v2\/product"}],"about":[{"href":"https:\/\/desdropi.com\/elparque\/wp-json\/wp\/v2\/types\/product"}],"replies":[{"embeddable":true,"href":"https:\/\/desdropi.com\/elparque\/wp-json\/wp\/v2\/comments?post=218886"}],"version-history":[{"count":0,"href":"https:\/\/desdropi.com\/elparque\/wp-json\/wp\/v2\/product\/218886\/revisions"}],"wp:featuredmedia":[{"embeddable":true,"href":"https:\/\/desdropi.com\/elparque\/wp-json\/wp\/v2\/media\/218887"}],"wp:attachment":[{"href":"https:\/\/desdropi.com\/elparque\/wp-json\/wp\/v2\/media?parent=218886"}],"wp:term":[{"taxonomy":"product_cat","embeddable":true,"href":"https:\/\/desdropi.com\/elparque\/wp-json\/wp\/v2\/product_cat?post=218886"},{"taxonomy":"product_tag","embeddable":true,"href":"https:\/\/desdropi.com\/elparque\/wp-json\/wp\/v2\/product_tag?post=218886"}],"curies":[{"name":"wp","href":"https:\/\/api.w.org\/{rel}","templated":true}]}}