{"id":218906,"date":"2024-04-16T11:16:26","date_gmt":"2024-04-16T09:16:26","guid":{"rendered":"https:\/\/desdropi.com\/elparque\/?post_type=product&#038;p=218906"},"modified":"2024-05-17T13:03:30","modified_gmt":"2024-05-17T11:03:30","slug":"tv-tcl-98-98c805-uhd-miniled-qled-googletv-144hz","status":"publish","type":"product","link":"https:\/\/desdropi.com\/elparque\/tv-tcl-98-98c805-uhd-miniled-qled-googletv-144hz\/","title":{"rendered":"TV TCL 98&#8243; 98C805 UHD MINILED QLED GOOGLETV 144HZ"},"content":{"rendered":"<div class=\"descripcion-tab\">\n<ul>\n<li><strong>Nombre del producto:<\/strong> TCL 98C805<\/li>\n<li><strong>Marca:<\/strong> TCL<\/li>\n<li><strong>Modelo:<\/strong> 98C805<\/li>\n<li><strong>EAN:<\/strong> 5901292521813<\/li>\n<\/ul>\n<p><strong>Exhibici\u00f3n:<\/strong><\/p>\n<ul>\n<li>Brillo de pantalla: 1300 cd\/m\u00b2<\/li>\n<li>Pulgadas: 98&#8243;<\/li>\n<li>Resoluci\u00f3n de la pantalla: 3840 x 2160 p\u00edxeles<\/li>\n<li>Frecuencia nativa de refresco: 144 Hz<\/li>\n<li>Escaneado progresivo: S\u00ed<\/li>\n<li>Tiempo de respuesta: 5,7 ms<\/li>\n<li>Retroiluminaci\u00f3n del panel: Mini LED<\/li>\n<li>Diagonal de pantalla: 248,9 cm<\/li>\n<li>Tecnolog\u00eda del panel: LED<\/li>\n<li>Tecnolog\u00eda de interpolaci\u00f3n de movimiento: PPI (Picture Performance Index) 4000<\/li>\n<li>Relaci\u00f3n de aspecto nativa: 16:9<\/li>\n<li>Gama de colores est\u00e1ndar: Rec. 709<\/li>\n<li>Relaci\u00f3n de luminosidad m\u00e1xima: 65 %<\/li>\n<li>Profundidad de color: 10 bits<\/li>\n<li>Resoluci\u00f3n: 4K Ultra HD<\/li>\n<li>Forma de la pantalla: Plana<\/li>\n<\/ul>\n<p><strong>Audio:<\/strong><\/p>\n<ul>\n<li>Enhanced Audio Return Channel (eARC): S\u00ed<\/li>\n<li>Potencia estimada RMS: 30 W<\/li>\n<li>N\u00famero de altavoces: 2<\/li>\n<li>Canales de salida de audio: 2.0<\/li>\n<li>Decodificadores incorporados: DTS, Dolby Atmos, Dolby Digital<\/li>\n<li>Tecnolog\u00edas de decodificaci\u00f3n de audio: DTS Virtual:X, DTS:X, Dolby Digital AC4, Dolby TrueHD<\/li>\n<li>Ecualizador: S\u00ed<\/li>\n<li>Cantidad de bandas en ecualizador: 7<\/li>\n<li>Nivelador autom\u00e1tico de volumen: S\u00ed<\/li>\n<\/ul>\n<p><strong>Puertos e Interfaces:<\/strong><\/p>\n<ul>\n<li>Canal de retorno de audio (ARC): S\u00ed<\/li>\n<li>Versi\u00f3n HDMI: 2.1<\/li>\n<li>Cantidad de puertos tipo A USB 3.2 Gen 1 (3.1 Gen 1): 1<\/li>\n<li>Interfaz com\u00fan: S\u00ed<\/li>\n<li>HDCP: S\u00ed<\/li>\n<li>N\u00famero de puertos HDMI: 4<\/li>\n<li>Wireless Display de Intel\u00ae (Intel\u00ae WiDi): S\u00ed<\/li>\n<li>Salida de audio (L,R): 1<\/li>\n<li>Interfaz com\u00fan Plus (CI+): S\u00ed<\/li>\n<li>Salidas para auriculares: 1<\/li>\n<li>PC (D-Sub): No<\/li>\n<li>Puerto DVI: No<\/li>\n<li>Ethernet LAN (RJ-45) cantidad de puertos: 1<\/li>\n<li>Audio digital, salida \u00f3ptica: 1<\/li>\n<li>Versi\u00f3n Common interface Plus (CI+): 1.4<\/li>\n<li>Entrada de CA: S\u00ed<\/li>\n<li>Control de electr\u00f3nica de consumo (CEC): T-link<\/li>\n<li>Cambio r\u00e1pido entre entradas HDMI: S\u00ed<\/li>\n<li>N\u00famero de puertos RF: 2<\/li>\n<li>Tipo de conector RF: F, IEC<\/li>\n<\/ul>\n<p><strong>Peso y dimensiones:<\/strong><\/p>\n<ul>\n<li>Ancho del dispositivo (con soporte): 2180 mm<\/li>\n<li>Peso (sin base): 55,4 kg<\/li>\n<li>Altura (sin base): 1260 mm<\/li>\n<li>Profundidad (sin base): 170 mm<\/li>\n<li>Altura del dispositivo (con soporte): 1340 mm<\/li>\n<li>Ancho (sin base): 2180 mm<\/li>\n<li>Peso (con soporte): 58 kg<\/li>\n<li>Profundidad dispositivo (con soporte): 423 mm<\/li>\n<li>Rango de pulgadas: M\u00e1s de 75&#8243;<\/li>\n<\/ul>\n<p><strong>Control de energ\u00eda:<\/strong><\/p>\n<ul>\n<li>Voltaje de entrada AC: 220-240 V<\/li>\n<li>Frecuencia de entrada AC: 50\/60 Hz<\/li>\n<li>Modo de ahorro de energ\u00eda: S\u00ed<\/li>\n<li>Clase de eficiencia energ\u00e9tica (SDR): G<\/li>\n<li>Clase de eficiencia energ\u00e9tica (HDR): G<\/li>\n<li>Consumo de energ\u00eda (SDR) por 1000 horas: 195 kWh<\/li>\n<li>Consumo de energ\u00eda (HDR) por 1000 horas: 475 kWh<\/li>\n<li>Consumo de energ\u00eda (inactivo): 0,5 W<\/li>\n<\/ul>\n<p><strong>Detalles t\u00e9cnicos:<\/strong><\/p>\n<ul>\n<li>Periodo de garant\u00eda: 2 a\u00f1os<\/li>\n<li>Impuesto a productos qu\u00edmicos (escandinavo): S\u00ed<\/li>\n<\/ul>\n<p><strong>Empaquetado:<\/strong><\/p>\n<ul>\n<li>Peso del paquete: 88 kg<\/li>\n<li>Ancho del paquete: 2373 mm<\/li>\n<li>Altura del paquete: 1530 mm<\/li>\n<li>Soporte de sobremesa: S\u00ed<\/li>\n<li>Kit de montaje: No<\/li>\n<li>Profundidad del paquete: 320 mm<\/li>\n<li>Cables incluidos: Corriente alterna<\/li>\n<li>Mando a distancia incluido: S\u00ed<\/li>\n<\/ul>\n<p><strong>Sintonizador de la TV:<\/strong><\/p>\n<ul>\n<li>N\u00famero de sintonizadores: 1<\/li>\n<li>Tipo de sintonizador: Anal\u00f3gico y digital<\/li>\n<li>B\u00fasqueda autom\u00e1tica de canales: S\u00ed<\/li>\n<li>Se\u00f1al anal\u00f3gica: NTSC, PAL BG, PAL DK, PAL I, SECAM B\/G, SECAM D\/K<\/li>\n<li>Formato de se\u00f1al digital: DVB-C, DVB-S2, DVB-T2<\/li>\n<\/ul>\n<p><strong>Otras caracter\u00edsticas:<\/strong><\/p>\n<ul>\n<li>Digital Living Network Alliance (DLNA) certificado: S\u00ed<\/li>\n<li>C\u00e1mara incorporada: No<\/li>\n<li>Tecnolog\u00eda de bater\u00eda: Alcalino<\/li>\n<li>Peso del paquete: 27,2 kg<\/li>\n<li>Video componente (YPbPr\/YCbCr) salida: 1<\/li>\n<li>Cantidad por caja: 1<\/li>\n<li>Tecnolog\u00eda de color Quantum Dot: S\u00ed<\/li>\n<li>Funci\u00f3n de copiar lista de canales: S\u00ed<\/li>\n<li>Arquitectura del procesador: ARM Cortex-A73<\/li>\n<li>Frecuencia del procesador: 1,4 GHz<\/li>\n<li>Tiempo de acceso: 5,7 ms<\/li>\n<li>Tipo de enchufe: Tipo C<\/li>\n<li>Memoria del usuario: 18,7 GB<\/li>\n<li>Presencia de plomo: No<\/li>\n<li>Longitud del cable: 1,5 m<\/li>\n<\/ul>\n<p><strong>Caracter\u00edsticas de administraci\u00f3n:<\/strong><\/p>\n<ul>\n<li>Temporizador de apagado: S\u00ed<\/li>\n<li>Imagen en imagen: S\u00ed<\/li>\n<li>Funciona con Amazon Alexa: S\u00ed<\/li>\n<li>Funciona con el Asistente de Google: S\u00ed<\/li>\n<li>Gu\u00eda electr\u00f3nica de programaci\u00f3n: S\u00ed<\/li>\n<li>Funciona con Samsung Bixby: No<\/li>\n<li>Periodo de programaci\u00f3n: 8 horas<\/li>\n<li>Tipo de control: Botones<\/li>\n<li>Control por voz: S\u00ed<\/li>\n<li>Modo ECO: S\u00ed<\/li>\n<li>Apagado autom\u00e1tico: S\u00ed<\/li>\n<li>Temporizador Encendido\/Apagado: S\u00ed<\/li>\n<li>Firmware actualizable: S\u00ed<\/li>\n<li>Exhibici\u00f3n en pantalla (OSD): S\u00ed<\/li>\n<li>N\u00famero de lenguajes OSD: 29<\/li>\n<li>Firmware actualizable mediante: Red, USB<\/li>\n<\/ul>\n<p><strong>Bater\u00eda:<\/strong><\/p>\n<ul>\n<li>Peso de la bater\u00eda: 15 kg<\/li>\n<\/ul>\n<p><strong>Dise\u00f1o:<\/strong><\/p>\n<ul>\n<li>Introduction year: 2023<\/li>\n<li>Iluminaci\u00f3n ambiental: No<\/li>\n<li>Interfaz de panel de montaje: 850 x 400 mm<\/li>\n<li>Color del producto: Negro<\/li>\n<li>Montaje VESA: S\u00ed<\/li>\n<li>Rollable display: No<\/li>\n<li>Interruptor de encendido\/apagado integrado: S\u00ed<\/li>\n<li>Tipo de soporte: Soporte central<\/li>\n<li>Indicadores LED: S\u00ed<\/li>\n<li>Dise\u00f1o sin marco: S\u00ed<\/li>\n<li>Tipo de marco: Sin marco<\/li>\n<li>Color del soporte: Negro<\/li>\n<li>Libre de metales pesados: Cd (cadmio)<\/li>\n<\/ul>\n<p><strong>Desempe\u00f1o:<\/strong><\/p>\n<ul>\n<li>AMD FreeSync: S\u00ed<\/li>\n<li>Tecnolog\u00eda de alto rango din\u00e1mico (HDR): Dolby Vision IQ, HDR10, HDR10+, Hybrid Log-Gamma (HLG)<\/li>\n<li>NVIDIA G-SYNC: No<\/li>\n<li>Caracter\u00edsticas de juego: Modo autom\u00e1tico de baja latencia (ALLM), Game Master Pro, Gamebar 2.0, Frecuencia de actualizaci\u00f3n variable (VRR), HGiG<\/li>\n<li>Funci\u00f3n de subt\u00edtulos: S\u00ed<\/li>\n<li>Formatos de v\u00eddeo compatibles: AVI, H.264, H.265, MKV, MP4, MPG, TS, VP9, WEBM, WMV<\/li>\n<li>Alto Rango Din\u00e1mico (HDR): S\u00ed<\/li>\n<li>Grabaci\u00f3n USB: No<\/li>\n<li>Funciones de teletexto: S\u00ed<\/li>\n<li>Tecnolog\u00eda de procesamiento de imagen: TCL AiPQ 3.0 Processor<\/li>\n<li>Formatos de audio soportados: MP3, WMA<\/li>\n<li>Formatos de imagen soportados: BMP, HEIF, JPG<\/li>\n<li>4K upscaler: S\u00ed<\/li>\n<li>Modo de juego: S\u00ed<\/li>\n<li>Sensor de luz ambiental: S\u00ed<\/li>\n<li>Oscurecimiento local: S\u00ed<\/li>\n<li>Tipo de FreeSync de AMD: FreeSync Premium Pro<\/li>\n<li>Calman Ready: S\u00ed<\/li>\n<li>Ampliaci\u00f3n de la escala de video: S\u00ed<\/li>\n<li>Soporte remoto inteligente: S\u00ed<\/li>\n<li>Formatos de compresi\u00f3n de video: H.264, H.265, MPEG2<\/li>\n<li>Modo ambiente: Intelligent Picture<\/li>\n<li>AI Upscale: S\u00ed<\/li>\n<li>Reducci\u00f3n de ruido: S\u00ed<\/li>\n<li>Imagen adaptativa: S\u00ed<\/li>\n<li>Funci\u00f3n Multi View: S\u00ed<\/li>\n<li>N\u00famero de n\u00facleos de procesador: 4<\/li>\n<\/ul>\n<p><strong>Smart TV:<\/strong><\/p>\n<ul>\n<li>Aplicaciones de v\u00eddeo: Amazon Prime Video, Apple TV, Disney+, HBO, Netflix, Twitch, YouTube<\/li>\n<li>Versi\u00f3n de sistema operativo: 11.0<\/li>\n<li>TV por Internet: S\u00ed<\/li>\n<li>V\u00eddeo a la carta de apoyo (VOD): S\u00ed<\/li>\n<li>Apple AirPlay 2 support: S\u00ed<\/li>\n<li>Sound mirroring: S\u00ed<\/li>\n<li>HbbTV: S\u00ed<\/li>\n<li>Interacci\u00f3n de voz de campo lejano: S\u00ed<\/li>\n<li>Chromecast integrado: S\u00ed<\/li>\n<li>Plataforma de distribuciones de aplicaciones: Google Play<\/li>\n<li>Aplicaciones de m\u00fasica: Deezer, Spotify, Tidal, Tune-In<\/li>\n<li>Aplicaciones de estilo de vida: Google Apps<\/li>\n<li>Hybrid Broadcast Broadband TV (HbbTV) versi\u00f3n: 2.0.3<\/li>\n<li>Modos inteligentes: IMAX Enhanced, Deportes<\/li>\n<li>Universal guide: S\u00ed<\/li>\n<li>Duplicaci\u00f3n de pantalla: S\u00ed<\/li>\n<li>Grabaci\u00f3n diferida (timeshift): No<\/li>\n<li>Smart TV: S\u00ed<\/li>\n<li>Sistema operativo instalado: Google TV<\/li>\n<\/ul>\n<p><strong>Conexi\u00f3n:<\/strong><\/p>\n<ul>\n<li>Navegador web: S\u00ed<\/li>\n<li>Bluetooth: S\u00ed<\/li>\n<li>Wi-Fi Direct: S\u00ed<\/li>\n<li>Wi-Fi est\u00e1ndares: 802.11a, 802.11b, 802.11g, Wi-Fi 4 (802.11n), Wi-Fi 5 (802.11ac)<\/li>\n<li>Ethernet: S\u00ed<\/li>\n<li>Wifi: S\u00ed<\/li>\n<li>Miracast: S\u00ed<\/li>\n<li>Navegaci\u00f3n: S\u00ed<\/li>\n<li>Versi\u00f3n de Bluetooth: 5.0<\/li>\n<li>Perfiles de Bluetooth: A2DP, HID<\/li>\n<li>Soporte HID: S\u00ed<\/li>\n<\/ul>\n<\/div>\n","protected":false},"excerpt":{"rendered":"<p>Nombre del producto: TCL 98C805 Marca: TCL Modelo: 98C805 EAN: 5901292521813 Exhibici\u00f3n: Brillo de pantalla: 1300 cd\/m\u00b2 Pulgadas: 98&#8243; Resoluci\u00f3n<\/p>\n","protected":false},"featured_media":218907,"comment_status":"open","ping_status":"closed","template":"","meta":{"_joinchat":[]},"product_cat":[795,6464,7144,7070],"product_tag":[],"class_list":{"0":"post-218906","1":"product","2":"type-product","3":"status-publish","4":"has-post-thumbnail","6":"product_cat-electronica","7":"product_cat-televisores-electronica","8":"product_cat-uhd-4k","9":"product_cat-tv-80-99","11":"first","12":"instock","13":"sale","14":"taxable","15":"shipping-taxable","16":"purchasable","17":"product-type-simple"},"_links":{"self":[{"href":"https:\/\/desdropi.com\/elparque\/wp-json\/wp\/v2\/product\/218906"}],"collection":[{"href":"https:\/\/desdropi.com\/elparque\/wp-json\/wp\/v2\/product"}],"about":[{"href":"https:\/\/desdropi.com\/elparque\/wp-json\/wp\/v2\/types\/product"}],"replies":[{"embeddable":true,"href":"https:\/\/desdropi.com\/elparque\/wp-json\/wp\/v2\/comments?post=218906"}],"version-history":[{"count":0,"href":"https:\/\/desdropi.com\/elparque\/wp-json\/wp\/v2\/product\/218906\/revisions"}],"wp:featuredmedia":[{"embeddable":true,"href":"https:\/\/desdropi.com\/elparque\/wp-json\/wp\/v2\/media\/218907"}],"wp:attachment":[{"href":"https:\/\/desdropi.com\/elparque\/wp-json\/wp\/v2\/media?parent=218906"}],"wp:term":[{"taxonomy":"product_cat","embeddable":true,"href":"https:\/\/desdropi.com\/elparque\/wp-json\/wp\/v2\/product_cat?post=218906"},{"taxonomy":"product_tag","embeddable":true,"href":"https:\/\/desdropi.com\/elparque\/wp-json\/wp\/v2\/product_tag?post=218906"}],"curies":[{"name":"wp","href":"https:\/\/api.w.org\/{rel}","templated":true}]}}