{"id":219639,"date":"2024-04-20T11:03:30","date_gmt":"2024-04-20T09:03:30","guid":{"rendered":"https:\/\/desdropi.com\/elparque\/?post_type=product&#038;p=219639"},"modified":"2024-05-17T13:03:55","modified_gmt":"2024-05-17T11:03:55","slug":"portatil-acer-ex215-23-r4lz-r5-7520-8gb-512ssd","status":"publish","type":"product","link":"https:\/\/desdropi.com\/elparque\/portatil-acer-ex215-23-r4lz-r5-7520-8gb-512ssd\/","title":{"rendered":"PORTATIL ACER EX215-23-R4LZ R5 7520\/ 8GB\/ 512SSD"},"content":{"rendered":"<div class=\"descripcion-tab\">\n<ul>\n<li><strong>Nombre del Producto:<\/strong>\n<ul>\n<li>Marca: ACER<\/li>\n<li>Modelo: NX.EH3EB.003<\/li>\n<li>EAN: 4711121582370<\/li>\n<\/ul>\n<\/li>\n<li><strong>Procesador:<\/strong>\n<ul>\n<li>Modelo del procesador: Ryzen 5 7520U<\/li>\n<li>Familia de procesador: AMD Ryzen 5<\/li>\n<li>N\u00famero de n\u00facleos de procesador: 4<\/li>\n<li>Frecuencia del procesador: 2,8 GHz<\/li>\n<li>Frecuencia del procesador turbo: 4,3 GHz<\/li>\n<li>Cach\u00e9 del procesador: 4 MB<\/li>\n<\/ul>\n<\/li>\n<li><strong>Memoria:<\/strong>\n<ul>\n<li>Memoria RAM: 8 GB<\/li>\n<li>Tipo de memoria interna: LPDDR5 Memory<\/li>\n<li>Memoria interna m\u00e1xima: 16 GB<\/li>\n<li>Ranuras de memoria: 2<\/li>\n<\/ul>\n<\/li>\n<li><strong>Exhibici\u00f3n:<\/strong>\n<ul>\n<li>Diagonal de la pantalla: 39,6 cm (15,6 pulgadas)<\/li>\n<li>Resoluci\u00f3n de la pantalla: 1920 x 1080 (Full HD)<\/li>\n<li>Tipo de pantalla: LED<\/li>\n<li>Retroiluminaci\u00f3n LED: S\u00ed<\/li>\n<li>Pantalla t\u00e1ctil: No<\/li>\n<li>Relaci\u00f3n de aspecto nativa: 16:9<\/li>\n<\/ul>\n<\/li>\n<li><strong>Audio:<\/strong>\n<ul>\n<li>N\u00famero de altavoces incorporados: 2<\/li>\n<li>Micr\u00f3fono incorporado: S\u00ed<\/li>\n<\/ul>\n<\/li>\n<li><strong>Puertos e Interfaces:<\/strong>\n<ul>\n<li>Cantidad de puertos tipo A USB 3.0 (3.1 Gen 1): 2<\/li>\n<li>Ethernet LAN (RJ-45) cantidad de puertos: 1<\/li>\n<li>N\u00famero de puertos HDMI: 1<\/li>\n<li>Combo de salida de auriculares \/ micr\u00f3fono del puerto: S\u00ed<\/li>\n<li>Charging port type: Toma de entrada de CC<\/li>\n<li>Salidas para auriculares: 1<\/li>\n<li>Cantidad de puertos tipo C USB 3.0 (3.1 Gen 1): 1<\/li>\n<\/ul>\n<\/li>\n<li><strong>Peso y dimensiones:<\/strong>\n<ul>\n<li>Peso: 1,78 kg<\/li>\n<li>Ancho: 362,9 mm<\/li>\n<li>Profundidad: 237,5 mm<\/li>\n<li>Altura: 18,9 mm<\/li>\n<\/ul>\n<\/li>\n<li><strong>Control de energ\u00eda:<\/strong>\n<ul>\n<li>Potencia de adaptador AC: 45 W<\/li>\n<\/ul>\n<\/li>\n<li><strong>Teclado:<\/strong>\n<ul>\n<li>Dispositivo apuntador: Touchpad<\/li>\n<li>Teclado num\u00e9rico: S\u00ed<\/li>\n<li>Teclado de tama\u00f1o completo: S\u00ed<\/li>\n<\/ul>\n<\/li>\n<li><strong>Medios de almacenaje:<\/strong>\n<ul>\n<li>Capacidad Disco Duro: 512 GB<\/li>\n<li>Tipo de Disco Duro: SSD<\/li>\n<li>N\u00famero de unidades SSD instalados: 1<\/li>\n<li>Disco de estado s\u00f3lido, capacidad: 512 GB<\/li>\n<li>Total SSDs capacity: 512 GB<\/li>\n<\/ul>\n<\/li>\n<li><strong>Seguridad:<\/strong>\n<ul>\n<li>Protecci\u00f3n mediante contrase\u00f1a: S\u00ed<\/li>\n<\/ul>\n<\/li>\n<li><strong>Software:<\/strong>\n<ul>\n<li>Sistema operativo instalado: Windows 11 Home<\/li>\n<li>Arquitectura del sistema operativo: 64 bits<\/li>\n<\/ul>\n<\/li>\n<li><strong>C\u00e1mara fotogr\u00e1fica:<\/strong>\n<ul>\n<li>C\u00e1mara frontal: S\u00ed<\/li>\n<\/ul>\n<\/li>\n<li><strong>Contenido del embalaje:<\/strong>\n<ul>\n<li>Cables incluidos: Corriente alterna<\/li>\n<\/ul>\n<\/li>\n<li><strong>Bater\u00eda:<\/strong>\n<ul>\n<li>Tecnolog\u00eda de bater\u00eda: I\u00f3n de litio<\/li>\n<li>Capacidad de bater\u00eda (vatio-hora): 40 Wh<\/li>\n<li>Autonom\u00eda: 13,5 horas<\/li>\n<\/ul>\n<\/li>\n<li><strong>Dise\u00f1o:<\/strong>\n<ul>\n<li>Tipo de producto: Port\u00e1til<\/li>\n<li>Color del producto: Negro<\/li>\n<li>Factor de forma: Concha<\/li>\n<\/ul>\n<\/li>\n<li><strong>Gr\u00e1ficos:<\/strong>\n<ul>\n<li>Tarjeta gr\u00e1fica integrada: S\u00ed<\/li>\n<li>Modelo de tarjeta gr\u00e1fica: AMD Radeon 610 M<\/li>\n<\/ul>\n<\/li>\n<li><strong>Caracter\u00edsticas especiales del procesador:<\/strong>\n<ul>\n<li>Conexi\u00f3n: Bluetooth 5.2<\/li>\n<li>Conexi\u00f3n a red m\u00f3vil: No<\/li>\n<li>Ethernet: S\u00ed<\/li>\n<li>Est\u00e1ndar Wi-Fi: Wi-Fi 6 AX200<\/li>\n<\/ul>\n<\/li>\n<\/ul>\n<\/div>\n","protected":false},"excerpt":{"rendered":"<p><span style=\"color: #ff0000;\"><strong>\u00a1ENV\u00cdO GRATIS!<\/strong><\/span><\/p>\n","protected":false},"featured_media":219640,"comment_status":"open","ping_status":"closed","template":"","meta":{"_joinchat":[]},"product_cat":[6536,6555,6556],"product_tag":[],"class_list":{"0":"post-219639","1":"product","2":"type-product","3":"status-publish","4":"has-post-thumbnail","6":"product_cat-informatica-y-ocio","7":"product_cat-ordenadores-informatica-y-gaming","8":"product_cat-portatiles-ordenadores-informatica-y-gaming","10":"first","11":"instock","12":"sale","13":"taxable","14":"shipping-taxable","15":"purchasable","16":"product-type-simple"},"_links":{"self":[{"href":"https:\/\/desdropi.com\/elparque\/wp-json\/wp\/v2\/product\/219639"}],"collection":[{"href":"https:\/\/desdropi.com\/elparque\/wp-json\/wp\/v2\/product"}],"about":[{"href":"https:\/\/desdropi.com\/elparque\/wp-json\/wp\/v2\/types\/product"}],"replies":[{"embeddable":true,"href":"https:\/\/desdropi.com\/elparque\/wp-json\/wp\/v2\/comments?post=219639"}],"version-history":[{"count":0,"href":"https:\/\/desdropi.com\/elparque\/wp-json\/wp\/v2\/product\/219639\/revisions"}],"wp:featuredmedia":[{"embeddable":true,"href":"https:\/\/desdropi.com\/elparque\/wp-json\/wp\/v2\/media\/219640"}],"wp:attachment":[{"href":"https:\/\/desdropi.com\/elparque\/wp-json\/wp\/v2\/media?parent=219639"}],"wp:term":[{"taxonomy":"product_cat","embeddable":true,"href":"https:\/\/desdropi.com\/elparque\/wp-json\/wp\/v2\/product_cat?post=219639"},{"taxonomy":"product_tag","embeddable":true,"href":"https:\/\/desdropi.com\/elparque\/wp-json\/wp\/v2\/product_tag?post=219639"}],"curies":[{"name":"wp","href":"https:\/\/api.w.org\/{rel}","templated":true}]}}