{"id":219690,"date":"2024-04-20T11:58:45","date_gmt":"2024-04-20T09:58:45","guid":{"rendered":"https:\/\/desdropi.com\/elparque\/?post_type=product&#038;p=219690"},"modified":"2024-05-17T13:03:56","modified_gmt":"2024-05-17T11:03:56","slug":"portatil-lenovo-ideapad-i3-1115-8gb-256ssd-156","status":"publish","type":"product","link":"https:\/\/desdropi.com\/elparque\/portatil-lenovo-ideapad-i3-1115-8gb-256ssd-156\/","title":{"rendered":"PORTATIL LENOVO IDEAPAD I3 1115\/8GB\/ 256SSD\/ 15,6&#8243;"},"content":{"rendered":"<div class=\"descripcion-tab\">\n<ul>\n<li><strong>Nombre del Producto:<\/strong>\n<ul>\n<li>Marca: LENOVO<\/li>\n<li>Modelo: 82H8027HSP<\/li>\n<li>EAN: 196119899922<\/li>\n<\/ul>\n<\/li>\n<li><strong>Procesador:<\/strong>\n<ul>\n<li>Fabricante de procesador: Intel<\/li>\n<li>N\u00famero de n\u00facleos de procesador: 2<\/li>\n<li>Familia de procesador: Intel Core i3<\/li>\n<li>Frecuencia del procesador: 3 GHz<\/li>\n<li>Modelo del procesador: i3-1115G4<\/li>\n<li>Frecuencia del procesador turbo: 4,1 GHz<\/li>\n<li>Circuito integrado de tarjeta madre: Intel\u00ae SoC<\/li>\n<li>Potencia de dise\u00f1o t\u00e9rmico configurable-baja: 12 W<\/li>\n<li>Frecuencia de potencia de dise\u00f1o t\u00e9rmico configurable-baja: 1,7 GHz<\/li>\n<li>Frecuencia de potencia de dise\u00f1o t\u00e9rmico configurable-alta: 3 GHz<\/li>\n<li>Potencia de dise\u00f1o t\u00e9rmico configurable-alta: 28 W<\/li>\n<li>Generaci\u00f3n del procesador: Intel\u00ae Core\u2122 i3 de 11ma Generaci\u00f3n<\/li>\n<\/ul>\n<\/li>\n<li><strong>Memoria:<\/strong>\n<ul>\n<li>Memoria interna m\u00e1xima: 12 GB<\/li>\n<li>Memoria RAM: 8 GB<\/li>\n<li>Forma de factor de memoria: Incorporado + SO-DIMM<\/li>\n<li>Ranuras de memoria: 1x SO-DIMM<\/li>\n<li>Tipo de memoria interna: DDR4-SDRAM<\/li>\n<li>Disposici\u00f3n de la memoria: 1 x 4<\/li>\n<li>Velocidad de memoria del reloj: 3200 MHz<\/li>\n<\/ul>\n<\/li>\n<li><strong>Exhibici\u00f3n:<\/strong>\n<ul>\n<li>Resoluci\u00f3n de la pantalla: 1920 x 1080 px<\/li>\n<li>Tipo de pantalla: TN<\/li>\n<li>Diagonal de la pantalla: 39,6 cm<\/li>\n<li>Relaci\u00f3n de aspecto nativa: 16:9<\/li>\n<li>Tipo HD: Full HD<\/li>\n<li>Pantalla antirreflectante: S\u00ed<\/li>\n<li>Retroiluminaci\u00f3n LED: S\u00ed<\/li>\n<li>Brillo de pantalla: 250 cd\/m\u00b2<\/li>\n<li>Pantalla t\u00e1ctil: No<\/li>\n<\/ul>\n<\/li>\n<li><strong>Audio:<\/strong>\n<ul>\n<li>N\u00famero de altavoces incorporados: 2<\/li>\n<li>Chip de sonido: Realtek ALC3287<\/li>\n<li>Sistema de audio: Dolby Audio<\/li>\n<li>Micr\u00f3fono incorporado: S\u00ed<\/li>\n<li>Potencia de altavoz: 1,5 W<\/li>\n<li>N\u00famero de micr\u00f3fonos: 2<\/li>\n<\/ul>\n<\/li>\n<li><strong>Puertos e Interfaces:<\/strong>\n<ul>\n<li>Cantidad de puertos tipo A USB 3.0 (3.1 Gen 1): 1<\/li>\n<li>Combo de salida de auriculares \/ micr\u00f3fono del puerto: S\u00ed<\/li>\n<li>Versi\u00f3n HDMI: 1.4b<\/li>\n<li>Cantidad de puertos USB 2.0: 1<\/li>\n<li>N\u00famero de puertos HDMI: 1<\/li>\n<li>Cantidad de puertos tipo C USB 3.0 (3.1 Gen 1): 1<\/li>\n<li>Tipo de conector de carga: Toma de entrada de CC<\/li>\n<\/ul>\n<\/li>\n<li><strong>Peso y Dimensiones:<\/strong>\n<ul>\n<li>Ancho: 359,2 mm<\/li>\n<li>Peso: 1,65 kg<\/li>\n<li>Profundidad: 236,5 mm<\/li>\n<li>Altura: 19,9 mm<\/li>\n<\/ul>\n<\/li>\n<li><strong>Control de Energ\u00eda:<\/strong>\n<ul>\n<li>Potencia de adaptador AC: 65 W<\/li>\n<\/ul>\n<\/li>\n<li><strong>Condiciones Ambientales:<\/strong>\n<ul>\n<li>Intervalo de temperatura operativa: 5\u00b0C &#8211; 35\u00b0C<\/li>\n<li>Intervalo de temperatura de almacenaje: 5\u00b0C &#8211; 43\u00b0C<\/li>\n<li>Intervalo de humedad relativa para funcionamiento: 8% &#8211; 95%<\/li>\n<li>Intervalo de humedad relativa durante almacenaje: 5% &#8211; 95%<\/li>\n<\/ul>\n<\/li>\n<li><strong>Teclado:<\/strong>\n<ul>\n<li>Idioma del teclado: Espa\u00f1ol<\/li>\n<li>Teclado num\u00e9rico: S\u00ed<\/li>\n<li>Dispositivo apuntador: Touchpad<\/li>\n<li>Retroiluminaci\u00f3n de teclado: S\u00ed<\/li>\n<\/ul>\n<\/li>\n<li><strong>Medios de Almacenaje:<\/strong>\n<ul>\n<li>Total SSDs capacity: 256 GB<\/li>\n<li>N\u00famero de unidades SSD instalados: 1<\/li>\n<li>Interfaces de disco de estado s\u00f3lido: PCI Express<\/li>\n<li>Disco de estado s\u00f3lido, capacidad: 256 GB<\/li>\n<li>Tipo de Disco Duro: SSD<\/li>\n<li>Capacidad Disco Duro: 256 GB<\/li>\n<li>Factor de forma de disco SSD: M.2<\/li>\n<li>Tipo de unidad \u00f3ptica: No<\/li>\n<li>Tarjeta de lectura integrada: S\u00ed<\/li>\n<li>Tarjetas de memoria compatibles: MMC, SD, SDHC, SDXC<\/li>\n<\/ul>\n<\/li>\n<li><strong>Seguridad:<\/strong>\n<ul>\n<li>M\u00f3dulo de plataforma confiable (TPM): S\u00ed<\/li>\n<li>Protecci\u00f3n con contrase\u00f1a: Unidad de disco duro, Encendido, Supervisor<\/li>\n<li>Protecci\u00f3n mediante contrase\u00f1a: S\u00ed<\/li>\n<li>Certificaci\u00f3n: ErP Lot 3<\/li>\n<\/ul>\n<\/li>\n<li><strong>Software:<\/strong>\n<ul>\n<li>Software de prueba: Office<\/li>\n<li>Sistema operativo instalado: Windows 11 Home in S mode<\/li>\n<\/ul>\n<\/li>\n<li><strong>C\u00e1mara Fotogr\u00e1fica:<\/strong>\n<ul>\n<li>Tipo de privacidad: Tapa de obturador<\/li>\n<li>Tipo de c\u00e1mara frontal HD: HD<\/li>\n<li>C\u00e1mara frontal: S\u00ed<\/li>\n<li>C\u00e1mara con configuraci\u00f3n de privacidad: S\u00ed<\/li>\n<li>Resoluci\u00f3n de la c\u00e1mara delantera: 1280 x 720<\/li>\n<\/ul>\n<\/li>\n<li><strong>Bater\u00eda:<\/strong>\n<ul>\n<li>Autonom\u00eda: 5,5 horas<\/li>\n<li>Capacidad de bater\u00eda: 38 Wh<\/li>\n<li>Tecnolog\u00eda de bater\u00eda: Pol\u00edmero de litio<\/li>\n<\/ul>\n<\/li>\n<li><strong>Dise\u00f1o:<\/strong>\n<ul>\n<li>Nombre del color: Arctic Grey<\/li>\n<li>Color del producto: Gris<\/li>\n<li>Factor de forma: Concha<\/li>\n<li>Tipo de producto: Port\u00e1til<\/li>\n<\/ul>\n<\/li>\n<li><strong>Gr\u00e1ficos:<\/strong>\n<ul>\n<li>Modelo de adaptador de gr\u00e1ficos discretos: No disponible<\/li>\n<li>Modelo de tarjeta gr\u00e1fica: Intel\u00ae UHD Graphics<\/li>\n<li>Tarjeta gr\u00e1fica integrada: S\u00ed<\/li>\n<li>Discrete graphics adapter: No<\/li>\n<\/ul>\n<\/li>\n<li><strong>Caracter\u00edsticas especiales del procesador:<\/strong>\n<ul>\n<li>Estados de inactividad: S\u00ed<\/li>\n<li>Tecnolog\u00eda Trusted Execution de Intel\u00ae: No<\/li>\n<li>Configuraci\u00f3n de CPU (m\u00e1ximo): 1<\/li>\n<li>VT-x de Intel\u00ae con Extended Page Tables (EPT): S\u00ed<\/li>\n<li>Opciones integradas disponibles: No<\/li>\n<li>Programa de Plataforma de Imagen Estable de Intel\u00ae (SIPP): No<\/li>\n<li>Tecnolog\u00eda de virtualizaci\u00f3n de Intel\u00ae para E \/ S dirigida (VT-d): S\u00ed<\/li>\n<li>Extensiones de protecci\u00f3n de software Intel\u00ae (Intel\u00ae SGX): No<\/li>\n<li>Tecnolog\u00eda de virtualizaci\u00f3n Intel\u00ae (VT-x): S\u00ed<\/li>\n<\/ul>\n<\/li>\n<li><strong>Conexi\u00f3n:<\/strong>\n<ul>\n<li>Ethernet: No<\/li>\n<li>Versi\u00f3n de Bluetooth: 5.1<\/li>\n<li>Bluetooth: S\u00ed<\/li>\n<li>Tipo de antena: 2&#215;2<\/li>\n<li>Est\u00e1ndar Wi-Fi: Wi-Fi 6 (802.11ax)<\/li>\n<li>Wi-Fi est\u00e1ndares: Wi-Fi 6 (802.11ax)<\/li>\n<li>Conexi\u00f3n a red m\u00f3vil: No<\/li>\n<\/ul>\n<\/li>\n<li><strong>Sostenibilidad:<\/strong>\n<ul>\n<li>Certificados de sostenibilidad: RoHS<\/li>\n<\/ul>\n<\/li>\n<\/ul>\n<\/div>\n","protected":false},"excerpt":{"rendered":"<p><span style=\"color: #ff0000;\"><strong>\u00a1ENV\u00cdO GRATIS!<\/strong><\/span><\/p>\n","protected":false},"featured_media":219691,"comment_status":"open","ping_status":"closed","template":"","meta":{"_joinchat":[]},"product_cat":[6536,6555,6556],"product_tag":[],"class_list":{"0":"post-219690","1":"product","2":"type-product","3":"status-publish","4":"has-post-thumbnail","6":"product_cat-informatica-y-ocio","7":"product_cat-ordenadores-informatica-y-gaming","8":"product_cat-portatiles-ordenadores-informatica-y-gaming","10":"first","11":"instock","12":"sale","13":"taxable","14":"shipping-taxable","15":"purchasable","16":"product-type-simple"},"_links":{"self":[{"href":"https:\/\/desdropi.com\/elparque\/wp-json\/wp\/v2\/product\/219690"}],"collection":[{"href":"https:\/\/desdropi.com\/elparque\/wp-json\/wp\/v2\/product"}],"about":[{"href":"https:\/\/desdropi.com\/elparque\/wp-json\/wp\/v2\/types\/product"}],"replies":[{"embeddable":true,"href":"https:\/\/desdropi.com\/elparque\/wp-json\/wp\/v2\/comments?post=219690"}],"version-history":[{"count":0,"href":"https:\/\/desdropi.com\/elparque\/wp-json\/wp\/v2\/product\/219690\/revisions"}],"wp:featuredmedia":[{"embeddable":true,"href":"https:\/\/desdropi.com\/elparque\/wp-json\/wp\/v2\/media\/219691"}],"wp:attachment":[{"href":"https:\/\/desdropi.com\/elparque\/wp-json\/wp\/v2\/media?parent=219690"}],"wp:term":[{"taxonomy":"product_cat","embeddable":true,"href":"https:\/\/desdropi.com\/elparque\/wp-json\/wp\/v2\/product_cat?post=219690"},{"taxonomy":"product_tag","embeddable":true,"href":"https:\/\/desdropi.com\/elparque\/wp-json\/wp\/v2\/product_tag?post=219690"}],"curies":[{"name":"wp","href":"https:\/\/api.w.org\/{rel}","templated":true}]}}