{"id":219703,"date":"2024-04-20T12:12:34","date_gmt":"2024-04-20T10:12:34","guid":{"rendered":"https:\/\/desdropi.com\/elparque\/?post_type=product&#038;p=219703"},"modified":"2024-05-17T13:03:57","modified_gmt":"2024-05-17T11:03:57","slug":"portatil-lenovo-v15-r5-7520u-8gb-512ssd-156-w11","status":"publish","type":"product","link":"https:\/\/desdropi.com\/elparque\/portatil-lenovo-v15-r5-7520u-8gb-512ssd-156-w11\/","title":{"rendered":"PORTATIL LENOVO V15 R5 7520U\/8GB\/512SSD\/15,6&#8243; W11"},"content":{"rendered":"<div class=\"descripciion-tab\">\n<strong>Nombre del producto:<\/strong> Lenovo 82YU00TSSP<\/p>\n<p><strong>Marca:<\/strong> Lenovo<\/p>\n<p><strong>EAN:<\/strong> 196803947960<\/p>\n<p><strong>Procesador:<\/strong><\/p>\n<ul>\n<li>Circuito integrado de tarjeta madre: AMD SoC<\/li>\n<li>Fabricante de procesador: AMD<\/li>\n<li>Familia de procesador: AMD Ryzen 5<\/li>\n<li>Modelo del procesador: 7520U<\/li>\n<li>Frecuencia del procesador: 2,8 GHz<\/li>\n<li>Frecuencia del procesador turbo: 4,3 GHz<\/li>\n<li>N\u00famero de n\u00facleos de procesador: 4<\/li>\n<li>Cach\u00e9 del procesador: 4 MB<\/li>\n<\/ul>\n<p><strong>Memoria:<\/strong><\/p>\n<ul>\n<li>Tipo de memoria interna: LPDDR5-SDRAM<\/li>\n<li>Velocidad de memoria del reloj: 4800 MHz<\/li>\n<li>Forma de factor de memoria: Incorporado<\/li>\n<li>Canales de memoria: Doble canal<\/li>\n<li>Memoria RAM: 8 GB<\/li>\n<li>Memoria interna m\u00e1xima: 8 GB<\/li>\n<\/ul>\n<p><strong>Exhibici\u00f3n:<\/strong><\/p>\n<ul>\n<li>Diagonal de la pantalla: 39,6 cm (15,6 pulgadas)<\/li>\n<li>Resoluci\u00f3n de la pantalla: 1920 x 1080 p\u00edxeles<\/li>\n<li>Pantalla t\u00e1ctil: No<\/li>\n<li>Tipo HD: Full HD<\/li>\n<li>Retroiluminaci\u00f3n LED: S\u00ed<\/li>\n<li>Pantalla antirreflectante: S\u00ed<\/li>\n<li>Gama de colores: 45<\/li>\n<li>Tipo de pantalla: TN<\/li>\n<li>Brillo de pantalla: 250 nits<\/li>\n<li>Raz\u00f3n de contraste (t\u00edpica): 500:1<\/li>\n<\/ul>\n<p><strong>Audio:<\/strong><\/p>\n<ul>\n<li>Chip de sonido: Realtek ALC3287<\/li>\n<li>Sistema de audio: Dolby Audio<\/li>\n<li>N\u00famero de altavoces incorporados: 2<\/li>\n<li>Potencia de altavoz: 1,5 W<\/li>\n<li>Micr\u00f3fono incorporado: S\u00ed<\/li>\n<li>N\u00famero de micr\u00f3fonos: 2<\/li>\n<\/ul>\n<p><strong>Puertos e Interfaces:<\/strong><\/p>\n<ul>\n<li>Cantidad de puertos tipo A USB 3.0 (3.1 Gen 1): 2<\/li>\n<li>Cantidad de puertos tipo C USB 3.0 (3.1 Gen 1): 1<\/li>\n<li>Ethernet LAN (RJ-45) cantidad de puertos: 1<\/li>\n<li>N\u00famero de puertos HDMI: 1<\/li>\n<li>Versi\u00f3n HDMI: 1.4b<\/li>\n<li>Combo de salida de auriculares \/ micr\u00f3fono del puerto: S\u00ed<\/li>\n<li>Puerto USB tipo C reversible: S\u00ed<\/li>\n<li>Suministro de potencia USB: S\u00ed<\/li>\n<\/ul>\n<p><strong>Peso y dimensiones:<\/strong><\/p>\n<ul>\n<li>Peso: 1,65 kg<\/li>\n<li>Ancho: 359,2 mm<\/li>\n<li>Profundidad: 235,8 mm<\/li>\n<li>Altura: 19,9 mm<\/li>\n<\/ul>\n<p><strong>Control de energ\u00eda:<\/strong><\/p>\n<ul>\n<li>Potencia de adaptador AC: 65 W<\/li>\n<li>Frecuencia de adaptador AC: 50\/60 Hz<\/li>\n<li>Voltaje de entrada de adaptador AC: 100 &#8211; 240 V<\/li>\n<\/ul>\n<p><strong>Condiciones ambientales:<\/strong><\/p>\n<ul>\n<li>Intervalo de temperatura operativa: 5 &#8211; 35\u00b0C<\/li>\n<li>Intervalo de temperatura de almacenaje: 5 &#8211; 43\u00b0C<\/li>\n<li>Intervalo de humedad relativa para funcionamiento: 8 &#8211; 95%<\/li>\n<li>Intervalo de humedad relativa durante almacenaje: 5 &#8211; 95%<\/li>\n<li>Altura m\u00e1xima de env\u00edo: 3048 m<\/li>\n<\/ul>\n<p><strong>Teclado:<\/strong><\/p>\n<ul>\n<li>Dispositivo apuntador: Touchpad<\/li>\n<li>Teclado num\u00e9rico: S\u00ed<\/li>\n<li>Teclado resistente a l\u00edquidos: S\u00ed<\/li>\n<li>Idioma del teclado: Espa\u00f1ol<\/li>\n<li>Retroiluminaci\u00f3n de teclado: No<\/li>\n<\/ul>\n<p><strong>Medios de almacenaje:<\/strong><\/p>\n<ul>\n<li>Tipo de unidad \u00f3ptica: No<\/li>\n<li>NVMe: S\u00ed<\/li>\n<li>Factor de forma de disco SSD: M.2<\/li>\n<li>Capacidad Disco Duro: 512 GB<\/li>\n<li>Tipo de Disco Duro: SSD<\/li>\n<li>Total SSDs capacity: 512 GB<\/li>\n<li>N\u00famero de unidades SSD instalados: 1<\/li>\n<li>Disco de estado s\u00f3lido, capacidad: 512 GB<\/li>\n<li>Interfaces de disco de estado s\u00f3lido: PCI Express 4.0<\/li>\n<\/ul>\n<p><strong>Seguridad:<\/strong><\/p>\n<ul>\n<li>Ranura para cable de seguridad: S\u00ed<\/li>\n<li>Tipo de ranura de bloqueo del cable: Kensington<\/li>\n<li>M\u00f3dulo de plataforma confiable (TPM): S\u00ed<\/li>\n<li>Versi\u00f3n de Trusted Platform Module (TPM): 2.0<\/li>\n<li>Protecci\u00f3n mediante contrase\u00f1a: S\u00ed<\/li>\n<li>Protecci\u00f3n con contrase\u00f1a: Unidad de disco duro, Encendido, Supervisor<\/li>\n<\/ul>\n<p><strong>Aprobaciones reguladoras:<\/strong><\/p>\n<ul>\n<li>Certificaci\u00f3n: ErP Lot 3, FSC certified carton, RoHS compliant, MIL-STD-810H, T\u00dcV<\/li>\n<\/ul>\n<p><strong>Software:<\/strong><\/p>\n<ul>\n<li>Software incluido: Office Trial<\/li>\n<li>Idioma del sistema operativo: Espa\u00f1ol<\/li>\n<li>Sistema operativo instalado: Windows 11 Home<\/li>\n<\/ul>\n<p><strong>C\u00e1mara fotogr\u00e1fica:<\/strong><\/p>\n<ul>\n<li>C\u00e1mara frontal: S\u00ed<\/li>\n<li>Resoluci\u00f3n de la c\u00e1mara delantera: 1280 x 720 p\u00edxeles<\/li>\n<li>Tipo de c\u00e1mara frontal HD: HD<\/li>\n<li>C\u00e1mara con configuraci\u00f3n de privacidad: S\u00ed<\/li>\n<li>Tipo de privacidad: Tapa de obturador<\/li>\n<\/ul>\n<p><strong>Bater\u00eda:<\/strong><\/p>\n<ul>\n<li>Tecnolog\u00eda de bater\u00eda: Pol\u00edmero de litio<\/li>\n<li>Carga r\u00e1pida: S\u00ed<\/li>\n<li>Capacidad de bater\u00eda: 38 Wh<\/li>\n<li>Autonom\u00eda: 8,7 horas<\/li>\n<li>Tiempo continuo de reproducci\u00f3n de video: 14,4 horas<\/li>\n<\/ul>\n<p><strong>Dise\u00f1o:<\/strong><\/p>\n<ul>\n<li>Tipo de producto: Port\u00e1til<\/li>\n<li>Factor de forma: Concha<\/li>\n<li>Material de la carcasa: Policarbonato (PC), Acrilonitrilo butadieno estireno (ABS)<\/li>\n<li>Nombre del color: Business Black<\/li>\n<li>Color del producto: Negro<\/li>\n<\/ul>\n<p><strong>Gr\u00e1ficos:<\/strong><\/p>\n<ul>\n<li>Discrete graphics adapter: No<\/li>\n<li>Modelo de adaptador de gr\u00e1ficos discretos: No disponible<\/li>\n<li>Tarjeta gr\u00e1fica integrada: S\u00ed<\/li>\n<li>Modelo de tarjeta gr\u00e1fica: AMD Radeon 610M<\/li>\n<li>Fabricante de GPU (unidad de procesamiento gr\u00e1fico) integrada: AMD<\/li>\n<\/ul>\n<p><strong>Conexi\u00f3n:<\/strong><\/p>\n<ul>\n<li>Ethernet: S\u00ed<\/li>\n<li>Ethernet LAN, velocidad de transferencia de datos: 100,1000 Mbps<\/li>\n<li>Bluetooth: S\u00ed<\/li>\n<li>Versi\u00f3n de Bluetooth: 5.1<\/li>\n<li>Wi-Fi est\u00e1ndares: 802.11a, 802.11g, Wi-Fi 5 (802.11ac), 802.11b, Wi-Fi 4 (802.11n)<\/li>\n<li>Est\u00e1ndar Wi-Fi: Wi-Fi 5 (802.11ac)<\/li>\n<li>Tipo de antena: 2&#215;2<\/li>\n<li>Conexi\u00f3n a red m\u00f3vil: No<\/li>\n<\/ul>\n<p><strong>Sostenibilidad:<\/strong><\/p>\n<ul>\n<li>Certificados de sostenibilidad: RoHS, ENERGY STAR, EPEAT Silver<\/li>\n<\/ul>\n<\/div>\n","protected":false},"excerpt":{"rendered":"<p><span style=\"color: #ff0000;\"><strong>\u00a1ENV\u00cdO GRATIS!<\/strong><\/span><\/p>\n","protected":false},"featured_media":219704,"comment_status":"open","ping_status":"closed","template":"","meta":{"_joinchat":[]},"product_cat":[6536,6555,6556],"product_tag":[],"class_list":{"0":"post-219703","1":"product","2":"type-product","3":"status-publish","4":"has-post-thumbnail","6":"product_cat-informatica-y-ocio","7":"product_cat-ordenadores-informatica-y-gaming","8":"product_cat-portatiles-ordenadores-informatica-y-gaming","10":"first","11":"instock","12":"sale","13":"taxable","14":"shipping-taxable","15":"purchasable","16":"product-type-simple"},"_links":{"self":[{"href":"https:\/\/desdropi.com\/elparque\/wp-json\/wp\/v2\/product\/219703"}],"collection":[{"href":"https:\/\/desdropi.com\/elparque\/wp-json\/wp\/v2\/product"}],"about":[{"href":"https:\/\/desdropi.com\/elparque\/wp-json\/wp\/v2\/types\/product"}],"replies":[{"embeddable":true,"href":"https:\/\/desdropi.com\/elparque\/wp-json\/wp\/v2\/comments?post=219703"}],"version-history":[{"count":0,"href":"https:\/\/desdropi.com\/elparque\/wp-json\/wp\/v2\/product\/219703\/revisions"}],"wp:featuredmedia":[{"embeddable":true,"href":"https:\/\/desdropi.com\/elparque\/wp-json\/wp\/v2\/media\/219704"}],"wp:attachment":[{"href":"https:\/\/desdropi.com\/elparque\/wp-json\/wp\/v2\/media?parent=219703"}],"wp:term":[{"taxonomy":"product_cat","embeddable":true,"href":"https:\/\/desdropi.com\/elparque\/wp-json\/wp\/v2\/product_cat?post=219703"},{"taxonomy":"product_tag","embeddable":true,"href":"https:\/\/desdropi.com\/elparque\/wp-json\/wp\/v2\/product_tag?post=219703"}],"curies":[{"name":"wp","href":"https:\/\/api.w.org\/{rel}","templated":true}]}}