{"id":219878,"date":"2024-04-22T20:33:00","date_gmt":"2024-04-22T18:33:00","guid":{"rendered":"https:\/\/desdropi.com\/elparque\/?post_type=product&#038;p=219878"},"modified":"2024-05-18T11:38:27","modified_gmt":"2024-05-18T09:38:27","slug":"auriculares-logitech-h151-con-micro-conex-jack-35","status":"publish","type":"product","link":"https:\/\/desdropi.com\/elparque\/auriculares-logitech-h151-con-micro-conex-jack-35\/","title":{"rendered":"AURICULARES LOGITECH H151 CON MICRO CONEX JACK 3,5"},"content":{"rendered":"<div class=\"descripcion-tab\"><strong>NOMBRE DEL PRODUCTO:<\/strong> Auriculares Logitech<br \/>\n<strong>Marca:<\/strong> Logitech<br \/>\n<strong>Modelo:<\/strong> 981-000589<br \/>\n<strong>EAN:<\/strong> 5099206057333<strong>Requisitos del sistema:<\/strong><\/p>\n<ul>\n<li>Sistema operativo Windows soportado: S\u00ed<\/li>\n<li>Sistema operativo MAC soportado: S\u00ed<\/li>\n<\/ul>\n<p><strong>Puertos e Interfaces:<\/strong><\/p>\n<ul>\n<li>Tecnolog\u00eda de conectividad: Al\u00e1mbrico<\/li>\n<li>Conector: 3.5 mm<\/li>\n<\/ul>\n<p><strong>Peso y dimensiones:<\/strong><\/p>\n<ul>\n<li>Ancho: 145 mm<\/li>\n<li>Profundidad: 60 mm<\/li>\n<li>Altura: 200 mm<\/li>\n<li>Peso: 80 g<\/li>\n<\/ul>\n<p><strong>Empaquetado:<\/strong><\/p>\n<ul>\n<li>Altura del paquete: 220 mm<\/li>\n<li>Peso del paquete: 230 g<\/li>\n<li>Ancho del paquete: 54 mm<\/li>\n<li>Profundidad del paquete: 200 mm<\/li>\n<\/ul>\n<p><strong>Micr\u00f3fono:<\/strong><\/p>\n<ul>\n<li>Frecuencia de micr\u00f3fono: 100 &#8211; 6500 Hz<\/li>\n<li>Sensibilidad de micr\u00f3fono: -44 dB<\/li>\n<li>Tipo de micr\u00f3fono: Boom<\/li>\n<li>Cancelaci\u00f3n de ruido del micr\u00f3fono: S\u00ed<\/li>\n<li>Micr\u00f3fono mudo: S\u00ed<\/li>\n<li>Micr\u00f3fono plegable: S\u00ed<\/li>\n<\/ul>\n<p><strong>Auriculares:<\/strong><\/p>\n<ul>\n<li>Tipo: Supraaural<\/li>\n<li>Frecuencia: 20 &#8211; 20000 Hz<\/li>\n<li>Obstrucci\u00f3n: 22 ohmios<\/li>\n<li>Sensibilidad: 122 dB<\/li>\n<\/ul>\n<p><strong>Contenido del embalaje:<\/strong><\/p>\n<ul>\n<li>Cantidad: 1<\/li>\n<li>Manual de usuario: S\u00ed<\/li>\n<\/ul>\n<p><strong>Desempe\u00f1o:<\/strong><\/p>\n<ul>\n<li>Uso recomendado: Oficina\/Centro de llamadas<\/li>\n<li>Tipo de auricular: Binaural<\/li>\n<li>Estilo de uso: Diadema<\/li>\n<li>Color del producto: Negro<\/li>\n<li>Longitud de cable: 1,8 m<\/li>\n<li>Tipo de control: Botones, Giratorio<\/li>\n<li>Color del cable: Negro<\/li>\n<\/ul>\n<p><strong>Datos log\u00edsticos:<\/strong><\/p>\n<ul>\n<li>Longitud de la caja: 448 mm<\/li>\n<li>Ancho de la caja principal: 141 mm<\/li>\n<li>Alto de la caja principal: 215 mm<\/li>\n<li>Peso del envase completo: 1,33 kg<\/li>\n<li>C\u00f3digo de Sistema de Armonizaci\u00f3n (SA): 85183000<\/li>\n<\/ul>\n<\/div>\n","protected":false},"excerpt":{"rendered":"<p>NOMBRE DEL PRODUCTO: Auriculares Logitech Marca: Logitech Modelo: 981-000589 EAN: 5099206057333Requisitos del sistema: Sistema operativo Windows soportado: S\u00ed Sistema operativo<\/p>\n","protected":false},"featured_media":222280,"comment_status":"open","ping_status":"closed","template":"","meta":{"_joinchat":[]},"product_cat":[3383,795,1022],"product_tag":[],"class_list":{"0":"post-219878","1":"product","2":"type-product","3":"status-publish","4":"has-post-thumbnail","6":"product_cat-auriculares","7":"product_cat-electronica","8":"product_cat-sonido","10":"first","11":"instock","12":"taxable","13":"shipping-taxable","14":"purchasable","15":"product-type-simple"},"_links":{"self":[{"href":"https:\/\/desdropi.com\/elparque\/wp-json\/wp\/v2\/product\/219878"}],"collection":[{"href":"https:\/\/desdropi.com\/elparque\/wp-json\/wp\/v2\/product"}],"about":[{"href":"https:\/\/desdropi.com\/elparque\/wp-json\/wp\/v2\/types\/product"}],"replies":[{"embeddable":true,"href":"https:\/\/desdropi.com\/elparque\/wp-json\/wp\/v2\/comments?post=219878"}],"version-history":[{"count":0,"href":"https:\/\/desdropi.com\/elparque\/wp-json\/wp\/v2\/product\/219878\/revisions"}],"wp:featuredmedia":[{"embeddable":true,"href":"https:\/\/desdropi.com\/elparque\/wp-json\/wp\/v2\/media\/222280"}],"wp:attachment":[{"href":"https:\/\/desdropi.com\/elparque\/wp-json\/wp\/v2\/media?parent=219878"}],"wp:term":[{"taxonomy":"product_cat","embeddable":true,"href":"https:\/\/desdropi.com\/elparque\/wp-json\/wp\/v2\/product_cat?post=219878"},{"taxonomy":"product_tag","embeddable":true,"href":"https:\/\/desdropi.com\/elparque\/wp-json\/wp\/v2\/product_tag?post=219878"}],"curies":[{"name":"wp","href":"https:\/\/api.w.org\/{rel}","templated":true}]}}