{"id":220027,"date":"2024-04-23T09:10:52","date_gmt":"2024-04-23T07:10:52","guid":{"rendered":"https:\/\/desdropi.com\/elparque\/?post_type=product&#038;p=220027"},"modified":"2024-05-18T12:09:57","modified_gmt":"2024-05-18T10:09:57","slug":"raton-logitech-m185-wireless-rojo-negro-910-002237","status":"publish","type":"product","link":"https:\/\/desdropi.com\/elparque\/raton-logitech-m185-wireless-rojo-negro-910-002237\/","title":{"rendered":"RATON LOGITECH M185 WIRELESS ROJO-NEGRO 910-002237"},"content":{"rendered":"<div class=\"descripcion-tab\">\n<ul>\n<li><strong>Nombre del producto:<\/strong> LOGITECH 910-002237<\/li>\n<li><strong>Marca:<\/strong> LOGITECH<\/li>\n<li><strong>Modelo:<\/strong> 910-002237<\/li>\n<li><strong>EAN:<\/strong> 5099206028845<\/li>\n<li><strong>Requisitos del sistema<\/strong>:\n<ul>\n<li>Sistema operativo Linux soportado: S\u00ed<\/li>\n<\/ul>\n<\/li>\n<li><strong>Peso y dimensiones<\/strong>:\n<ul>\n<li>Peso del rat\u00f3n: 75,2 g<\/li>\n<li>Ancho: 60 mm<\/li>\n<li>Profundidad: 39 mm<\/li>\n<li>Altura: 99 mm<\/li>\n<li>Ancho de receptor: 1,87 mm<\/li>\n<li>Fondo del receptor: 6,1 mm<\/li>\n<li>Altura de receptor: 1,44 mm<\/li>\n<li>Peso del receptor: 1,8 g<\/li>\n<\/ul>\n<\/li>\n<li><strong>Control de energ\u00eda<\/strong>:\n<ul>\n<li>Tipo de bater\u00eda: AA<\/li>\n<li>Numero de bater\u00edas soportadas: 1<\/li>\n<li>Vida de bater\u00eda en servicio: 12 meses<\/li>\n<li>Fuente de energ\u00eda: Bater\u00edas<\/li>\n<\/ul>\n<\/li>\n<li><strong>Dispositivo de entrada<\/strong>:\n<ul>\n<li>Interfaz del dispositivo: RF inal\u00e1mbrico<\/li>\n<li>Cantidad de botones: 3<\/li>\n<li>Tecnolog\u00eda de detecci\u00f3n de movimientos: \u00d3ptico<\/li>\n<li>Resoluci\u00f3n de movimiento DPI: 1000<\/li>\n<li>Rueda de desplazamiento: S\u00ed<\/li>\n<li>Frecuencia de banda: 2.4 GHz<\/li>\n<li>Utilizar con: Oficina<\/li>\n<li>Uso recomendado: Port\u00e1til<\/li>\n<li>Tipo de desplazamiento: Rueda<\/li>\n<li>Tipo de botones: Botones presionados<\/li>\n<li>N\u00famero de ruedas de desplazamiento: 1<\/li>\n<li>Direcciones de desplazamiento: Vertical<\/li>\n<\/ul>\n<\/li>\n<li><strong>Empaquetado<\/strong>:\n<ul>\n<li>Receptor incluido: S\u00ed<\/li>\n<li>Pilas incluidas: S\u00ed<\/li>\n<li>Manual de usuario: S\u00ed<\/li>\n<li>Ancho del paquete: 221 mm<\/li>\n<li>Profundidad del paquete: 148 mm<\/li>\n<li>Altura del paquete: 91 mm<\/li>\n<li>Peso del paquete: 167 g<\/li>\n<\/ul>\n<\/li>\n<li><strong>Otras caracter\u00edsticas<\/strong>:\n<ul>\n<li>USB: S\u00ed<\/li>\n<li>Sistemas operativos compatibles: Windows XP, Vista, 7, Mac OS X 10.5+, Linux kernel 2.6+<\/li>\n<\/ul>\n<\/li>\n<li><strong>Ergonom\u00eda<\/strong>:\n<ul>\n<li>Conectar y usar (Plug and Play): S\u00ed<\/li>\n<li>Alcance inal\u00e1mbrico: 10 m<\/li>\n<\/ul>\n<\/li>\n<li><strong>Dise\u00f1o<\/strong>:\n<ul>\n<li>Interfaz de receptor inal\u00e1mbrico: USB tipo A<\/li>\n<li>Tipo de receptor: Nanorreceptor<\/li>\n<li>Color del producto: Rojo<\/li>\n<li>Factor de forma: Ambidextro<\/li>\n<\/ul>\n<\/li>\n<\/ul>\n<\/div>\n","protected":false},"excerpt":{"rendered":"<p>Nombre del producto: LOGITECH 910-002237 Marca: LOGITECH Modelo: 910-002237 EAN: 5099206028845 Requisitos del sistema: Sistema operativo Linux soportado: S\u00ed Peso<\/p>\n","protected":false},"featured_media":220028,"comment_status":"open","ping_status":"closed","template":"","meta":{"_joinchat":[]},"product_cat":[6536,6555,6979],"product_tag":[],"class_list":{"0":"post-220027","1":"product","2":"type-product","3":"status-publish","4":"has-post-thumbnail","6":"product_cat-informatica-y-ocio","7":"product_cat-ordenadores-informatica-y-gaming","8":"product_cat-ratones","10":"first","11":"instock","12":"taxable","13":"shipping-taxable","14":"purchasable","15":"product-type-simple"},"_links":{"self":[{"href":"https:\/\/desdropi.com\/elparque\/wp-json\/wp\/v2\/product\/220027"}],"collection":[{"href":"https:\/\/desdropi.com\/elparque\/wp-json\/wp\/v2\/product"}],"about":[{"href":"https:\/\/desdropi.com\/elparque\/wp-json\/wp\/v2\/types\/product"}],"replies":[{"embeddable":true,"href":"https:\/\/desdropi.com\/elparque\/wp-json\/wp\/v2\/comments?post=220027"}],"version-history":[{"count":0,"href":"https:\/\/desdropi.com\/elparque\/wp-json\/wp\/v2\/product\/220027\/revisions"}],"wp:featuredmedia":[{"embeddable":true,"href":"https:\/\/desdropi.com\/elparque\/wp-json\/wp\/v2\/media\/220028"}],"wp:attachment":[{"href":"https:\/\/desdropi.com\/elparque\/wp-json\/wp\/v2\/media?parent=220027"}],"wp:term":[{"taxonomy":"product_cat","embeddable":true,"href":"https:\/\/desdropi.com\/elparque\/wp-json\/wp\/v2\/product_cat?post=220027"},{"taxonomy":"product_tag","embeddable":true,"href":"https:\/\/desdropi.com\/elparque\/wp-json\/wp\/v2\/product_tag?post=220027"}],"curies":[{"name":"wp","href":"https:\/\/api.w.org\/{rel}","templated":true}]}}