{"id":220080,"date":"2024-04-23T10:06:24","date_gmt":"2024-04-23T08:06:24","guid":{"rendered":"https:\/\/desdropi.com\/elparque\/?post_type=product&#038;p=220080"},"modified":"2024-05-18T12:19:02","modified_gmt":"2024-05-18T10:19:02","slug":"raton-phoenix-mini-mouse-optico-usb-800-dpi","status":"publish","type":"product","link":"https:\/\/desdropi.com\/elparque\/raton-phoenix-mini-mouse-optico-usb-800-dpi\/","title":{"rendered":"RATON PHOENIX MINI MOUSE OPTICO USB 800 DPI"},"content":{"rendered":"<div class=\"descripcion-tab\">\n<ul>\n<li><strong>Nombre del producto:<\/strong> PHOENIX PH1010+<\/li>\n<li><strong>Marca:<\/strong> PHOENIX<\/li>\n<li><strong>Modelo:<\/strong> PH1010+<\/li>\n<li><strong>EAN:<\/strong> 8436583232071<\/li>\n<li><strong>Requisitos del sistema:<\/strong>\n<ul>\n<li>Sistema operativo Windows soportado: S\u00ed<\/li>\n<\/ul>\n<\/li>\n<li><strong>Peso y dimensiones:<\/strong>\n<ul>\n<li>Ancho: 86 mm<\/li>\n<li>Profundidad: 51 mm<\/li>\n<li>Altura: 30 mm<\/li>\n<li>Peso: 0,06 kg<\/li>\n<\/ul>\n<\/li>\n<li><strong>Control de energ\u00eda:<\/strong>\n<ul>\n<li>No especificado.<\/li>\n<\/ul>\n<\/li>\n<li><strong>Empaquetado:<\/strong>\n<ul>\n<li>Manual de usuario: S\u00ed<\/li>\n<li>Cantidad: 1<\/li>\n<\/ul>\n<\/li>\n<li><strong>Ergonom\u00eda:<\/strong>\n<ul>\n<li>No especificado.<\/li>\n<\/ul>\n<\/li>\n<li><strong>Dise\u00f1o:<\/strong>\n<ul>\n<li>Color del producto: Negro<\/li>\n<li>Factor de forma: Ambidextro<\/li>\n<\/ul>\n<\/li>\n<li><strong>Rat\u00f3n:<\/strong>\n<ul>\n<li>Utilizar con: Port\u00e1tiles<\/li>\n<li>Tipo de botones: Botones presionados<\/li>\n<li>Cantidad de botones: 3<\/li>\n<li>Tipo de desplazamiento: Rueda<\/li>\n<li>Tecnolog\u00eda de detecci\u00f3n de movimientos: \u00d3ptico<\/li>\n<li>Resoluci\u00f3n de movimiento: 800<\/li>\n<li>Uso recomendado: Universal<\/li>\n<li>N\u00famero de ruedas de desplazamiento: 1<\/li>\n<li>Direcciones de desplazamiento: Vertical<\/li>\n<\/ul>\n<\/li>\n<\/ul>\n<\/div>\n","protected":false},"excerpt":{"rendered":"<p>Nombre del producto: PHOENIX PH1010+ Marca: PHOENIX Modelo: PH1010+ EAN: 8436583232071 Requisitos del sistema: Sistema operativo Windows soportado: S\u00ed Peso<\/p>\n","protected":false},"featured_media":220081,"comment_status":"open","ping_status":"closed","template":"","meta":{"_joinchat":[]},"product_cat":[6536,6555,6979],"product_tag":[],"class_list":{"0":"post-220080","1":"product","2":"type-product","3":"status-publish","4":"has-post-thumbnail","6":"product_cat-informatica-y-ocio","7":"product_cat-ordenadores-informatica-y-gaming","8":"product_cat-ratones","10":"first","11":"instock","12":"taxable","13":"shipping-taxable","14":"purchasable","15":"product-type-simple"},"_links":{"self":[{"href":"https:\/\/desdropi.com\/elparque\/wp-json\/wp\/v2\/product\/220080"}],"collection":[{"href":"https:\/\/desdropi.com\/elparque\/wp-json\/wp\/v2\/product"}],"about":[{"href":"https:\/\/desdropi.com\/elparque\/wp-json\/wp\/v2\/types\/product"}],"replies":[{"embeddable":true,"href":"https:\/\/desdropi.com\/elparque\/wp-json\/wp\/v2\/comments?post=220080"}],"version-history":[{"count":0,"href":"https:\/\/desdropi.com\/elparque\/wp-json\/wp\/v2\/product\/220080\/revisions"}],"wp:featuredmedia":[{"embeddable":true,"href":"https:\/\/desdropi.com\/elparque\/wp-json\/wp\/v2\/media\/220081"}],"wp:attachment":[{"href":"https:\/\/desdropi.com\/elparque\/wp-json\/wp\/v2\/media?parent=220080"}],"wp:term":[{"taxonomy":"product_cat","embeddable":true,"href":"https:\/\/desdropi.com\/elparque\/wp-json\/wp\/v2\/product_cat?post=220080"},{"taxonomy":"product_tag","embeddable":true,"href":"https:\/\/desdropi.com\/elparque\/wp-json\/wp\/v2\/product_tag?post=220080"}],"curies":[{"name":"wp","href":"https:\/\/api.w.org\/{rel}","templated":true}]}}