{"id":220451,"date":"2024-04-23T13:54:46","date_gmt":"2024-04-23T11:54:46","guid":{"rendered":"https:\/\/desdropi.com\/elparque\/?post_type=product&#038;p=220451"},"modified":"2024-05-17T13:04:21","modified_gmt":"2024-05-17T11:04:21","slug":"impr-portatil-xiaomi-photo-printer-s1-eu","status":"publish","type":"product","link":"https:\/\/desdropi.com\/elparque\/impr-portatil-xiaomi-photo-printer-s1-eu\/","title":{"rendered":"IMPR. PORTATIL XIAOMI PHOTO PRINTER S1 EU"},"content":{"rendered":"<div class=\"descripcion-tab\">\n<ul>\n<li><strong>Nombre del Producto:<\/strong> XMI-BHR6747GL<\/li>\n<li><strong>Marca:<\/strong> XIAOMI<\/li>\n<li><strong>Modelo:<\/strong> XMI-BHR6747GL<\/li>\n<li><strong>EAN:<\/strong> 6941812701614<\/li>\n<\/ul>\n<p><strong>Requisitos del Sistema:<\/strong><\/p>\n<ul>\n<li>Otros Sistemas Operativos Soportados: Android, iOS<\/li>\n<\/ul>\n<p><strong>Peso y Dimensiones:<\/strong><\/p>\n<ul>\n<li>Peso: 1,2 kg<\/li>\n<li>Ancho: 194 mm<\/li>\n<li>Profundidad: 124,6 mm<\/li>\n<li>Altura: 83,6 mm<\/li>\n<\/ul>\n<p><strong>Velocidad de la Impresi\u00f3n:<\/strong><\/p>\n<ul>\n<li>Tecnolog\u00eda de Impresi\u00f3n: T\u00e9rmico<\/li>\n<li>Resoluci\u00f3n M\u00e1xima: 300 x 300 ppp<\/li>\n<li>Velocidad de Impresi\u00f3n (10&#215;15 cm): 60 segundos<\/li>\n<\/ul>\n<p><strong>Control de Energ\u00eda:<\/strong><\/p>\n<ul>\n<li>Fuente de Energ\u00eda: CC<\/li>\n<li>Tensi\u00f3n CC: 24 V<\/li>\n<li>Corriente CC (m\u00e1x.): 1,6 A<\/li>\n<\/ul>\n<p><strong>Condiciones Ambientales:<\/strong><\/p>\n<ul>\n<li>Intervalo de Temperatura Operativa: 10\u00b0C &#8211; 35\u00b0C<\/li>\n<\/ul>\n<p><strong>Direcci\u00f3n de Papel:<\/strong><\/p>\n<ul>\n<li>Tama\u00f1o M\u00e1ximo de Impresi\u00f3n: 4&#8243; x 6&#8243; (10&#215;15 cm)<\/li>\n<li>Formato de Impresi\u00f3n: 10 x 15 cm<\/li>\n<li>Tama\u00f1o de Papel Fotogr\u00e1fico: 3.5&#215;4,4&#215;6 cm<\/li>\n<li>Tipos de Papel: Papel Fotogr\u00e1fico<\/li>\n<\/ul>\n<p><strong>Empaquetado:<\/strong><\/p>\n<ul>\n<li>Adaptador AC Incluido: S\u00ed<\/li>\n<\/ul>\n<p><strong>Caracter\u00edsticas:<\/strong><\/p>\n<ul>\n<li>Niveles en Escala de Gris: 256<\/li>\n<li>Posicionamiento de Mercado: Hogar y Oficina<\/li>\n<li>Color del Producto: Blanco<\/li>\n<li>Aplicaciones Soportadas: Xiaomi Home<\/li>\n<li>Tipo de Control: Botones<\/li>\n<\/ul>\n<p><strong>Conexi\u00f3n:<\/strong><\/p>\n<ul>\n<li>Wifi: S\u00ed<\/li>\n<li>Est\u00e1ndares Wi-Fi: 802.11b, 802.11g, Wi-Fi 4 (802.11n)<\/li>\n<\/ul>\n<p><strong>Capacidad de Entrada y Salida:<\/strong><\/p>\n<ul>\n<li>Capacidad de Entrada Total: 20 hojas<\/li>\n<\/ul>\n<\/div>\n","protected":false},"excerpt":{"rendered":"<p><span style=\"color: #ff0000;\"><strong>\u00a1ENV\u00cdO GRATIS!<\/strong><\/span><\/p>\n","protected":false},"featured_media":220455,"comment_status":"open","ping_status":"closed","template":"","meta":{"_joinchat":[]},"product_cat":[7091,6536,6555],"product_tag":[],"class_list":{"0":"post-220451","1":"product","2":"type-product","3":"status-publish","4":"has-post-thumbnail","6":"product_cat-impresoras","7":"product_cat-informatica-y-ocio","8":"product_cat-ordenadores-informatica-y-gaming","10":"first","11":"instock","12":"sale","13":"taxable","14":"shipping-taxable","15":"purchasable","16":"product-type-simple"},"_links":{"self":[{"href":"https:\/\/desdropi.com\/elparque\/wp-json\/wp\/v2\/product\/220451"}],"collection":[{"href":"https:\/\/desdropi.com\/elparque\/wp-json\/wp\/v2\/product"}],"about":[{"href":"https:\/\/desdropi.com\/elparque\/wp-json\/wp\/v2\/types\/product"}],"replies":[{"embeddable":true,"href":"https:\/\/desdropi.com\/elparque\/wp-json\/wp\/v2\/comments?post=220451"}],"version-history":[{"count":0,"href":"https:\/\/desdropi.com\/elparque\/wp-json\/wp\/v2\/product\/220451\/revisions"}],"wp:featuredmedia":[{"embeddable":true,"href":"https:\/\/desdropi.com\/elparque\/wp-json\/wp\/v2\/media\/220455"}],"wp:attachment":[{"href":"https:\/\/desdropi.com\/elparque\/wp-json\/wp\/v2\/media?parent=220451"}],"wp:term":[{"taxonomy":"product_cat","embeddable":true,"href":"https:\/\/desdropi.com\/elparque\/wp-json\/wp\/v2\/product_cat?post=220451"},{"taxonomy":"product_tag","embeddable":true,"href":"https:\/\/desdropi.com\/elparque\/wp-json\/wp\/v2\/product_tag?post=220451"}],"curies":[{"name":"wp","href":"https:\/\/api.w.org\/{rel}","templated":true}]}}