{"id":220522,"date":"2024-04-23T19:31:50","date_gmt":"2024-04-23T17:31:50","guid":{"rendered":"https:\/\/desdropi.com\/elparque\/?post_type=product&#038;p=220522"},"modified":"2024-05-17T13:04:24","modified_gmt":"2024-05-17T11:04:24","slug":"mifi-tp-link-m7010-4g-lite-wifi-sim","status":"publish","type":"product","link":"https:\/\/desdropi.com\/elparque\/mifi-tp-link-m7010-4g-lite-wifi-sim\/","title":{"rendered":"MIFI TP LINK M7010 4G LITE WIFI SIM"},"content":{"rendered":"<div class=\"descripcion-tab\">\n<ul>\n<li><strong>Nombre del Producto:<\/strong> Enrutador Port\u00e1til Marca TP-LINK Modelo M7010<\/li>\n<li><strong>EAN:<\/strong> 4897098683378<\/li>\n<li><strong>Requisitos del Sistema:<\/strong>\n<ul>\n<li>Sistema operativo Windows soportado: Windows 10, Windows 7, Windows 8, Windows Vista, Windows XP<\/li>\n<li>Sistema operativo MAC soportado: S\u00ed<\/li>\n<li>Sistemas operativos m\u00f3viles soportados: Android, Windows Phone, iOS<\/li>\n<li>Compatible con Mac: S\u00ed<\/li>\n<\/ul>\n<\/li>\n<li><strong>Puertos e Interfaces:<\/strong>\n<ul>\n<li>Puerto USB: S\u00ed<\/li>\n<li>Cantidad de puertos Micro-USB: 1<\/li>\n<\/ul>\n<\/li>\n<li><strong>Peso y Dimensiones:<\/strong>\n<ul>\n<li>Ancho: 94 mm<\/li>\n<li>Profundidad: 56.7 mm<\/li>\n<li>Altura: 19.8 mm<\/li>\n<\/ul>\n<\/li>\n<li><strong>Control de Energ\u00eda:<\/strong>\n<ul>\n<li>Alimentaci\u00f3n: Bater\u00eda<\/li>\n<li>Voltaje de salida: 5 V<\/li>\n<li>Corriente de salida: 1 A<\/li>\n<li>Capacidad de bater\u00eda: 2000 mAh<\/li>\n<\/ul>\n<\/li>\n<li><strong>Condiciones Ambientales:<\/strong>\n<ul>\n<li>Intervalo de temperatura operativa: 0\u00b0C &#8211; 35\u00b0C<\/li>\n<li>Intervalo de temperatura de almacenaje: -20\u00b0C &#8211; 60\u00b0C<\/li>\n<li>Intervalo de humedad relativa para funcionamiento: 10% &#8211; 90%<\/li>\n<li>Intervalo de humedad relativa durante almacenaje: 5% &#8211; 90%<\/li>\n<\/ul>\n<\/li>\n<li><strong>Protocolos:<\/strong>\n<ul>\n<li>DHCP, cliente: S\u00ed<\/li>\n<li>DHCP, servidor: S\u00ed<\/li>\n<\/ul>\n<\/li>\n<li><strong>Seguridad:<\/strong>\n<ul>\n<li>Algoritmos de seguridad soportados: SSID, WPA-PSK, WPA2-PSK<\/li>\n<\/ul>\n<\/li>\n<li><strong>Contenido del Embalaje:<\/strong>\n<ul>\n<li>Cables incluidos: MicroUSB<\/li>\n<li>Gu\u00eda de instalaci\u00f3n r\u00e1pida: S\u00ed<\/li>\n<\/ul>\n<\/li>\n<li><strong>Antena:<\/strong>\n<ul>\n<li>Potencia de transmisi\u00f3n: 20 dBm<\/li>\n<li>Dise\u00f1o de la antena: Interno<\/li>\n<\/ul>\n<\/li>\n<li><strong>Caracter\u00edsticas de LAN Inal\u00e1mbrico:<\/strong>\n<ul>\n<li>Banda Wi-Fi: Banda \u00fanica (2.4 GHz)<\/li>\n<li>Est\u00e1ndar Wi-Fi: Wi-Fi 4 (802.11n)<\/li>\n<li>Wi-Fi est\u00e1ndares: 802.11b, 802.11g, Wi-Fi 4 (802.11n)<\/li>\n<li>Tasa de transferencia de datos WLAN (m\u00e1x.): 300 Mbps<\/li>\n<\/ul>\n<\/li>\n<li><strong>Caracter\u00edsticas de Administraci\u00f3n:<\/strong>\n<ul>\n<li>Bot\u00f3n de restaurar: S\u00ed<\/li>\n<\/ul>\n<\/li>\n<li><strong>Dise\u00f1o:<\/strong>\n<ul>\n<li>Interruptor de encendido\/apagado integrado: S\u00ed<\/li>\n<li>Indicadores LED: Poder, WLAN<\/li>\n<li>Tipo de producto: Enrutador port\u00e1til<\/li>\n<\/ul>\n<\/li>\n<li><strong>Redes M\u00f3viles:<\/strong>\n<ul>\n<li>3G: S\u00ed<\/li>\n<li>4G: S\u00ed<\/li>\n<li>Est\u00e1ndares 3G: HSPA, HSPA+, UMTS<\/li>\n<li>Bandas UMTS apoyo: 850, 900, 2100 MHz<\/li>\n<li>Admite bandas 4G: 2300, 2500, 2600 MHz<\/li>\n<li>Est\u00e1ndar 4G: LTE-FDD<\/li>\n<li>Generaci\u00f3n de red m\u00f3vil: 4G<\/li>\n<\/ul>\n<\/li>\n<li><strong>Conexi\u00f3n WAN:<\/strong>\n<ul>\n<li>Ethernet WAN: No<\/li>\n<li>Ranura para tarjeta SIM: S\u00ed<\/li>\n<li>Compatible con m\u00f3dem USB 3G \/ 4G: S\u00ed<\/li>\n<\/ul>\n<\/li>\n<li><strong>Sostenibilidad:<\/strong>\n<ul>\n<li>Cumplimiento de sostenibilidad: S\u00ed<\/li>\n<li>Certificados de sostenibilidad: CE, RoHS<\/li>\n<\/ul>\n<\/li>\n<\/ul>\n<\/div>\n","protected":false},"excerpt":{"rendered":"<p><span style=\"color: #ff0000;\"><strong>\u00a1ENV\u00cdO GRATIS!<\/strong><\/span><\/p>\n","protected":false},"featured_media":220523,"comment_status":"open","ping_status":"closed","template":"","meta":{"_joinchat":[]},"product_cat":[6536,7168],"product_tag":[],"class_list":{"0":"post-220522","1":"product","2":"type-product","3":"status-publish","4":"has-post-thumbnail","6":"product_cat-informatica-y-ocio","7":"product_cat-amplificadores","9":"first","10":"instock","11":"sale","12":"taxable","13":"shipping-taxable","14":"purchasable","15":"product-type-simple"},"_links":{"self":[{"href":"https:\/\/desdropi.com\/elparque\/wp-json\/wp\/v2\/product\/220522"}],"collection":[{"href":"https:\/\/desdropi.com\/elparque\/wp-json\/wp\/v2\/product"}],"about":[{"href":"https:\/\/desdropi.com\/elparque\/wp-json\/wp\/v2\/types\/product"}],"replies":[{"embeddable":true,"href":"https:\/\/desdropi.com\/elparque\/wp-json\/wp\/v2\/comments?post=220522"}],"version-history":[{"count":0,"href":"https:\/\/desdropi.com\/elparque\/wp-json\/wp\/v2\/product\/220522\/revisions"}],"wp:featuredmedia":[{"embeddable":true,"href":"https:\/\/desdropi.com\/elparque\/wp-json\/wp\/v2\/media\/220523"}],"wp:attachment":[{"href":"https:\/\/desdropi.com\/elparque\/wp-json\/wp\/v2\/media?parent=220522"}],"wp:term":[{"taxonomy":"product_cat","embeddable":true,"href":"https:\/\/desdropi.com\/elparque\/wp-json\/wp\/v2\/product_cat?post=220522"},{"taxonomy":"product_tag","embeddable":true,"href":"https:\/\/desdropi.com\/elparque\/wp-json\/wp\/v2\/product_tag?post=220522"}],"curies":[{"name":"wp","href":"https:\/\/api.w.org\/{rel}","templated":true}]}}