{"id":220548,"date":"2024-04-23T19:50:00","date_gmt":"2024-04-23T17:50:00","guid":{"rendered":"https:\/\/desdropi.com\/elparque\/?post_type=product&#038;p=220548"},"modified":"2024-05-17T13:04:25","modified_gmt":"2024-05-17T11:04:25","slug":"router-portatil-d-link-dwr-932-mi-fi-4-lte150","status":"publish","type":"product","link":"https:\/\/desdropi.com\/elparque\/router-portatil-d-link-dwr-932-mi-fi-4-lte150\/","title":{"rendered":"ROUTER PORTATIL D-LINK DWR-932 MI-FI 4\/LTE150"},"content":{"rendered":"<div class=\"descripcion-tab\">\n<ul>\n<li><strong>Nombre del Producto:<\/strong> Enrutador Port\u00e1til D-LINK DWR-932<\/li>\n<li><strong>EAN:<\/strong> 790069405983<\/li>\n<li><strong>Puertos e Interfaces:<\/strong>\n<ul>\n<li>Enchufe de entrada de CC: S\u00ed<\/li>\n<li>Puerto USB: S\u00ed<\/li>\n<li>Cantidad de puertos USB 2.0: 1<\/li>\n<\/ul>\n<\/li>\n<li><strong>Peso y Dimensiones:<\/strong>\n<ul>\n<li>Ancho: 97 mm<\/li>\n<li>Profundidad: 60 mm<\/li>\n<li>Altura: 16.5 mm<\/li>\n<li>Peso: 95 g<\/li>\n<\/ul>\n<\/li>\n<li><strong>Control de Energ\u00eda:<\/strong>\n<ul>\n<li>Capacidad de bater\u00eda: 2000 mAh<\/li>\n<li>Tecnolog\u00eda de bater\u00eda: I\u00f3n de litio<\/li>\n<\/ul>\n<\/li>\n<li><strong>Condiciones Ambientales:<\/strong>\n<ul>\n<li>Intervalo de temperatura operativa: 0\u00b0C &#8211; 40\u00b0C<\/li>\n<li>Intervalo de humedad relativa para funcionamiento: 10% &#8211; 90%<\/li>\n<li>Intervalo de temperatura de almacenaje: -20\u00b0C &#8211; 70\u00b0C<\/li>\n<\/ul>\n<\/li>\n<li><strong>Protocolos:<\/strong>\n<ul>\n<li>Conectar y usar universal (UPnP, Universal Plug and Play): S\u00ed<\/li>\n<\/ul>\n<\/li>\n<li><strong>Empaquetado:<\/strong>\n<ul>\n<li>Peso del paquete: 238 g<\/li>\n<li>Profundidad del paquete: 138 mm<\/li>\n<li>Altura del paquete: 46 mm<\/li>\n<li>Ancho del paquete: 105 mm<\/li>\n<\/ul>\n<\/li>\n<li><strong>Seguridad:<\/strong>\n<ul>\n<li>Algoritmos de seguridad soportados: AES, TKIP, WPA, WPA2-PSK<\/li>\n<li>Cortafuegos: S\u00ed<\/li>\n<li>Traducci\u00f3n de direcciones de red (NAT): S\u00ed<\/li>\n<\/ul>\n<\/li>\n<li><strong>Antena:<\/strong>\n<ul>\n<li>Tipo de antena: Interno<\/li>\n<li>Cantidad de antenas: 2<\/li>\n<\/ul>\n<\/li>\n<li><strong>Caracter\u00edsticas de LAN inal\u00e1mbrico:<\/strong>\n<ul>\n<li>Tasa de transferencia de datos WLAN (m\u00e1x.): 150 Mbps<\/li>\n<li>Est\u00e1ndar Wi-Fi: Wi-Fi 4 (802.11n)<\/li>\n<li>Wi-Fi est\u00e1ndares: 802.11b, 802.11g, Wi-Fi 4 (802.11n)<\/li>\n<\/ul>\n<\/li>\n<li><strong>Caracter\u00edsticas de Administraci\u00f3n:<\/strong>\n<ul>\n<li>Seguridad por pulsador WPS: S\u00ed<\/li>\n<\/ul>\n<\/li>\n<li><strong>Dise\u00f1o:<\/strong>\n<ul>\n<li>Color del producto: Negro<\/li>\n<li>Indicadores LED: Actividad, Estado<\/li>\n<li>Tipo de producto: Enrutador port\u00e1til<\/li>\n<\/ul>\n<\/li>\n<li><strong>Caracter\u00edsticas:<\/strong>\n<ul>\n<li>Certificaci\u00f3n: CE, RoHS<\/li>\n<\/ul>\n<\/li>\n<li><strong>Redes M\u00f3viles:<\/strong>\n<ul>\n<li>Bandas UMTS apoyo: 900, 2100 MHz<\/li>\n<li>Bandas GSM soportadas: 900, 1800 MHz<\/li>\n<li>3G: S\u00ed<\/li>\n<li>4G: S\u00ed<\/li>\n<li>Est\u00e1ndares 2G: Edge, GPRS, GSM<\/li>\n<li>Est\u00e1ndares 3G: HSDPA, HSUPA, UMTS<\/li>\n<li>Est\u00e1ndar 4G: LTE<\/li>\n<li>Generaci\u00f3n de red m\u00f3vil: 4G<\/li>\n<\/ul>\n<\/li>\n<li><strong>Datos Log\u00edsticos:<\/strong> (Solo se incluye una parte debido a su extensi\u00f3n)\n<ul>\n<li>Anchura del pal\u00e9: 110 cm<\/li>\n<li>Longitud del pal\u00e9: 120 cm<\/li>\n<li>Anchura de la caja de env\u00edo: 22.3 cm<\/li>\n<li>Longitud del contenedor de env\u00edo: 48 cm<\/li>\n<li>Altura de la caja de env\u00edo: 31.2 cm<\/li>\n<li>Cantidad por caja de env\u00edo: 40<\/li>\n<li>Peso neto del envase de env\u00edo: 9.52 kg<\/li>\n<li>Peso de la caja de env\u00edo: 10.3 kg<\/li>\n<li>Peso bruto del pal\u00e9 (en avi\u00f3n): 531 kg<\/li>\n<li>N\u00famero de cajas de cart\u00f3n por pal\u00e9 (en avi\u00f3n): 50<\/li>\n<li>Cantidad por pal\u00e9 (en avi\u00f3n): 2000<\/li>\n<li>Altura del pal\u00e9 (en avi\u00f3n): 169.5 cm<\/li>\n<\/ul>\n<\/li>\n<\/ul>\n<\/div>\n","protected":false},"excerpt":{"rendered":"<p><span style=\"color: #ff0000;\"><strong>\u00a1ENV\u00cdO GRATIS!<\/strong><\/span><\/p>\n","protected":false},"featured_media":220549,"comment_status":"open","ping_status":"closed","template":"","meta":{"_joinchat":[]},"product_cat":[6536,7153],"product_tag":[],"class_list":{"0":"post-220548","1":"product","2":"type-product","3":"status-publish","4":"has-post-thumbnail","6":"product_cat-informatica-y-ocio","7":"product_cat-routers","9":"first","10":"instock","11":"sale","12":"taxable","13":"shipping-taxable","14":"purchasable","15":"product-type-simple"},"_links":{"self":[{"href":"https:\/\/desdropi.com\/elparque\/wp-json\/wp\/v2\/product\/220548"}],"collection":[{"href":"https:\/\/desdropi.com\/elparque\/wp-json\/wp\/v2\/product"}],"about":[{"href":"https:\/\/desdropi.com\/elparque\/wp-json\/wp\/v2\/types\/product"}],"replies":[{"embeddable":true,"href":"https:\/\/desdropi.com\/elparque\/wp-json\/wp\/v2\/comments?post=220548"}],"version-history":[{"count":0,"href":"https:\/\/desdropi.com\/elparque\/wp-json\/wp\/v2\/product\/220548\/revisions"}],"wp:featuredmedia":[{"embeddable":true,"href":"https:\/\/desdropi.com\/elparque\/wp-json\/wp\/v2\/media\/220549"}],"wp:attachment":[{"href":"https:\/\/desdropi.com\/elparque\/wp-json\/wp\/v2\/media?parent=220548"}],"wp:term":[{"taxonomy":"product_cat","embeddable":true,"href":"https:\/\/desdropi.com\/elparque\/wp-json\/wp\/v2\/product_cat?post=220548"},{"taxonomy":"product_tag","embeddable":true,"href":"https:\/\/desdropi.com\/elparque\/wp-json\/wp\/v2\/product_tag?post=220548"}],"curies":[{"name":"wp","href":"https:\/\/api.w.org\/{rel}","templated":true}]}}