{"id":220573,"date":"2024-04-23T20:29:11","date_gmt":"2024-04-23T18:29:11","guid":{"rendered":"https:\/\/desdropi.com\/elparque\/?post_type=product&#038;p=220573"},"modified":"2024-05-17T13:04:26","modified_gmt":"2024-05-17T11:04:26","slug":"adaptador-plc-tp-link-tl-pa7017p-kit","status":"publish","type":"product","link":"https:\/\/desdropi.com\/elparque\/adaptador-plc-tp-link-tl-pa7017p-kit\/","title":{"rendered":"ADAPTADOR PLC TP LINK TL-PA7017P KIT"},"content":{"rendered":"<div class=\"descripcion-tab\">\n<ul>\n<li><strong>Nombre del Producto:<\/strong> Kit de Adaptadores Powerline TP-LINK TL-PA7017P<\/li>\n<li><strong>EAN:<\/strong> 6935364089078<\/li>\n<li><strong>Requisitos del Sistema:<\/strong>\n<ul>\n<li>Compatible con Mac: S\u00ed<\/li>\n<li>Sistema operativo Windows soportado: Windows 2000, Windows 7, Windows 8, Windows 8.1, Windows Vista, Windows XP<\/li>\n<li>Sistema operativo Linux soportado: S\u00ed<\/li>\n<li>Sistema operativo MAC soportado: S\u00ed<\/li>\n<\/ul>\n<\/li>\n<li><strong>Peso y Dimensiones:<\/strong>\n<ul>\n<li>Ancho: 58 mm<\/li>\n<li>Profundidad: 42 mm<\/li>\n<li>Altura: 95 mm<\/li>\n<li>Profundidad del paquete: 136 mm<\/li>\n<li>Altura del paquete: 100 mm<\/li>\n<li>Peso del paquete: 580 g<\/li>\n<li>Ancho del paquete: 190 mm<\/li>\n<\/ul>\n<\/li>\n<li><strong>Control de Energ\u00eda:<\/strong>\n<ul>\n<li>Consumo energ\u00e9tico: 2.3 W<\/li>\n<li>Consumo de energ\u00eda (inactivo): 0.5 W<\/li>\n<\/ul>\n<\/li>\n<li><strong>Condiciones Ambientales:<\/strong>\n<ul>\n<li>Intervalo de temperatura operativa: 0\u00b0C &#8211; 40\u00b0C<\/li>\n<li>Intervalo de temperatura de almacenaje: -40\u00b0C &#8211; 70\u00b0C<\/li>\n<li>Intervalo de humedad relativa para funcionamiento: 10% &#8211; 90%<\/li>\n<li>Intervalo de humedad relativa durante almacenaje: 5% &#8211; 90%<\/li>\n<\/ul>\n<\/li>\n<li><strong>Detalles T\u00e9cnicos:<\/strong>\n<ul>\n<li>Certificados de sostenibilidad: RoHS<\/li>\n<\/ul>\n<\/li>\n<li><strong>Contenido del Embalaje:<\/strong>\n<ul>\n<li>Cantidad por paquete: 2 adaptadores<\/li>\n<li>Cables incluidos: LAN (RJ-45)<\/li>\n<li>Gu\u00eda de instalaci\u00f3n r\u00e1pida: S\u00ed<\/li>\n<\/ul>\n<\/li>\n<li><strong>Dise\u00f1o:<\/strong>\n<ul>\n<li>Certificaci\u00f3n: CE<\/li>\n<li>Color del producto: Blanco<\/li>\n<li>Indicadores LED: LAN, PLC, Poder<\/li>\n<\/ul>\n<\/li>\n<li><strong>Desempe\u00f1o:<\/strong>\n<ul>\n<li>Est\u00e1ndar de PowerLine: HomePlug AV2<\/li>\n<li>Ethernet LAN (RJ-45) cantidad de puertos: 1<\/li>\n<li>Ethernet: S\u00ed<\/li>\n<li>Tipo de interfaz Ethernet LAN: Gigabit Ethernet<\/li>\n<li>Ethernet LAN, velocidad de transferencia de datos: 10\/100\/1000 Mbps<\/li>\n<li>Conectar y usar (Plug and Play): S\u00ed<\/li>\n<li>Est\u00e1ndares de red: IEEE 1901, IEEE 802.3, IEEE 802.3ab, IEEE 802.3u<\/li>\n<li>Distancia de funcionamiento m\u00e1ximo: 300 metros<\/li>\n<li>Modulaci\u00f3n: OFDM<\/li>\n<li>Algoritmos de seguridad soportados: 128-bit AES<\/li>\n<li>Enchufe integrado: S\u00ed<\/li>\n<li>Rango m\u00e1ximo de transferencia de datos: 1000 Mbps<\/li>\n<li>Conector: Tipo E<\/li>\n<li>Bot\u00f3n de encripci\u00f3n: S\u00ed<\/li>\n<\/ul>\n<\/li>\n<\/ul>\n<p>&lt;\/div<\/p>\n<\/div>\n","protected":false},"excerpt":{"rendered":"<p><span style=\"color: #ff0000;\"><strong>\u00a1ENV\u00cdO GRATIS!<\/strong><\/span><\/p>\n","protected":false},"featured_media":220574,"comment_status":"open","ping_status":"closed","template":"","meta":{"_joinchat":[]},"product_cat":[6536,7169],"product_tag":[],"class_list":{"0":"post-220573","1":"product","2":"type-product","3":"status-publish","4":"has-post-thumbnail","6":"product_cat-informatica-y-ocio","7":"product_cat-adaptadores","9":"first","10":"instock","11":"sale","12":"taxable","13":"shipping-taxable","14":"purchasable","15":"product-type-simple"},"_links":{"self":[{"href":"https:\/\/desdropi.com\/elparque\/wp-json\/wp\/v2\/product\/220573"}],"collection":[{"href":"https:\/\/desdropi.com\/elparque\/wp-json\/wp\/v2\/product"}],"about":[{"href":"https:\/\/desdropi.com\/elparque\/wp-json\/wp\/v2\/types\/product"}],"replies":[{"embeddable":true,"href":"https:\/\/desdropi.com\/elparque\/wp-json\/wp\/v2\/comments?post=220573"}],"version-history":[{"count":0,"href":"https:\/\/desdropi.com\/elparque\/wp-json\/wp\/v2\/product\/220573\/revisions"}],"wp:featuredmedia":[{"embeddable":true,"href":"https:\/\/desdropi.com\/elparque\/wp-json\/wp\/v2\/media\/220574"}],"wp:attachment":[{"href":"https:\/\/desdropi.com\/elparque\/wp-json\/wp\/v2\/media?parent=220573"}],"wp:term":[{"taxonomy":"product_cat","embeddable":true,"href":"https:\/\/desdropi.com\/elparque\/wp-json\/wp\/v2\/product_cat?post=220573"},{"taxonomy":"product_tag","embeddable":true,"href":"https:\/\/desdropi.com\/elparque\/wp-json\/wp\/v2\/product_tag?post=220573"}],"curies":[{"name":"wp","href":"https:\/\/api.w.org\/{rel}","templated":true}]}}