{"id":220627,"date":"2024-04-24T09:48:38","date_gmt":"2024-04-24T07:48:38","guid":{"rendered":"https:\/\/desdropi.com\/elparque\/?post_type=product&#038;p=220627"},"modified":"2024-05-17T13:04:27","modified_gmt":"2024-05-17T11:04:27","slug":"adaptador-usb-linksys-wusb6300-wifi-usb-2","status":"publish","type":"product","link":"https:\/\/desdropi.com\/elparque\/adaptador-usb-linksys-wusb6300-wifi-usb-2\/","title":{"rendered":"ADAPTADOR USB LINKSYS WUSB6300 WIFI USB"},"content":{"rendered":"<div class=\"descripcion-tab\">\n<ul>\n<li><strong>Nombre del Producto:<\/strong> Linksys WUSB6300-EJ<\/li>\n<li><strong>EAN:<\/strong> 4260184662869<\/li>\n<li><strong>Requisitos del Sistema:<\/strong>\n<ul>\n<li>Sistema operativo Windows soportado: S\u00ed<\/li>\n<\/ul>\n<\/li>\n<li><strong>Puertos e Interfaces:<\/strong>\n<ul>\n<li>Tecnolog\u00eda de conectividad: Inal\u00e1mbrico<\/li>\n<li>Interfaz de host: Inal\u00e1mbrico<\/li>\n<li>Interfaz: USB<\/li>\n<\/ul>\n<\/li>\n<li><strong>Peso y Dimensiones:<\/strong>\n<ul>\n<li>Ancho: 30 mm<\/li>\n<li>Profundidad: 89 mm<\/li>\n<li>Altura: 11 mm<\/li>\n<\/ul>\n<\/li>\n<li><strong>Empaquetado:<\/strong>\n<ul>\n<li>Ancho del paquete: 218 mm<\/li>\n<li>Profundidad del paquete: 56 mm<\/li>\n<li>Altura del paquete: 136 mm<\/li>\n<\/ul>\n<\/li>\n<li><strong>Contenido del Embalaje:<\/strong>\n<ul>\n<li>Gu\u00eda de instalaci\u00f3n r\u00e1pida: S\u00ed<\/li>\n<\/ul>\n<\/li>\n<li><strong>Dise\u00f1o:<\/strong>\n<ul>\n<li>Interno: No<\/li>\n<li>Antena: S\u00ed<\/li>\n<li>Color del producto: Negro<\/li>\n<li>Componente para: PC\/ordenador port\u00e1til<\/li>\n<\/ul>\n<\/li>\n<li><strong>Datos Log\u00edsticos:<\/strong>\n<ul>\n<li>C\u00f3digo de Sistema de Armonizaci\u00f3n (SA): 85176990<\/li>\n<\/ul>\n<\/li>\n<li><strong>Conexi\u00f3n:<\/strong>\n<ul>\n<li>Rango m\u00e1ximo de transferencia de datos: 867 Mbps<\/li>\n<li>Est\u00e1ndares de red: IEEE 802.11a, IEEE 802.11ac, IEEE 802.11b, IEEE 802.11g, IEEE 802.11n<\/li>\n<li>Alcance de frecuencia: 2,4 &#8211; 5 GHz<\/li>\n<li>Wifi: S\u00ed<\/li>\n<li>Wi-Fi est\u00e1ndares: 802.11a, Wi-Fi 5 (802.11ac), 802.11b, 802.11g, Wi-Fi 4 (802.11n)<\/li>\n<li>WLAN velocidad de transferencia de datos, soportada: 300, 867 Mbps<\/li>\n<li>Algoritmos de seguridad soportados: 128-bit WEP, WEP, WPA, WPA2, WPS<\/li>\n<li>Est\u00e1ndar Wi-Fi: Wi-Fi 5 (802.11ac)<\/li>\n<li>Banda Wi-Fi: Doble banda (2,4 GHz \/ 5 GHz)<\/li>\n<\/ul>\n<\/li>\n<\/ul>\n<\/div>\n","protected":false},"excerpt":{"rendered":"<p><span style=\"color: #ff0000;\"><strong>\u00a1ENV\u00cdO GRATIS!<\/strong><\/span><\/p>\n","protected":false},"featured_media":220628,"comment_status":"open","ping_status":"closed","template":"","meta":{"_joinchat":[]},"product_cat":[6536,7169],"product_tag":[],"class_list":{"0":"post-220627","1":"product","2":"type-product","3":"status-publish","4":"has-post-thumbnail","6":"product_cat-informatica-y-ocio","7":"product_cat-adaptadores","9":"first","10":"instock","11":"sale","12":"taxable","13":"shipping-taxable","14":"purchasable","15":"product-type-simple"},"_links":{"self":[{"href":"https:\/\/desdropi.com\/elparque\/wp-json\/wp\/v2\/product\/220627"}],"collection":[{"href":"https:\/\/desdropi.com\/elparque\/wp-json\/wp\/v2\/product"}],"about":[{"href":"https:\/\/desdropi.com\/elparque\/wp-json\/wp\/v2\/types\/product"}],"replies":[{"embeddable":true,"href":"https:\/\/desdropi.com\/elparque\/wp-json\/wp\/v2\/comments?post=220627"}],"version-history":[{"count":0,"href":"https:\/\/desdropi.com\/elparque\/wp-json\/wp\/v2\/product\/220627\/revisions"}],"wp:featuredmedia":[{"embeddable":true,"href":"https:\/\/desdropi.com\/elparque\/wp-json\/wp\/v2\/media\/220628"}],"wp:attachment":[{"href":"https:\/\/desdropi.com\/elparque\/wp-json\/wp\/v2\/media?parent=220627"}],"wp:term":[{"taxonomy":"product_cat","embeddable":true,"href":"https:\/\/desdropi.com\/elparque\/wp-json\/wp\/v2\/product_cat?post=220627"},{"taxonomy":"product_tag","embeddable":true,"href":"https:\/\/desdropi.com\/elparque\/wp-json\/wp\/v2\/product_tag?post=220627"}],"curies":[{"name":"wp","href":"https:\/\/api.w.org\/{rel}","templated":true}]}}