{"id":220938,"date":"2024-04-29T22:34:31","date_gmt":"2024-04-29T20:34:31","guid":{"rendered":"https:\/\/desdropi.com\/elparque\/secador-de-pelo-ufesa-sc8310-2400w-plegable-60304472\/"},"modified":"2025-04-13T22:34:13","modified_gmt":"2025-04-13T20:34:13","slug":"secador-de-pelo-ufesa-sc8310-2400w-plegable-60304472","status":"publish","type":"product","link":"https:\/\/desdropi.com\/elparque\/secador-de-pelo-ufesa-sc8310-2400w-plegable-60304472\/","title":{"rendered":"secador de pelo ufesa sc8310 2400w plegable 60304472"},"content":{"rendered":"<div class=\"descripcion-tab\">\n<strong>Nombre del Producto:<\/strong><\/p>\n<ul>\n<li>Marca: UFESA<\/li>\n<li>Modelo: SECADOR UFESA SC8310 2400W PLEGABLE<\/li>\n<li>EAN: 8422160044724<\/li>\n<\/ul>\n<p><strong>Control de Energ\u00eda:<\/strong><\/p>\n<ul>\n<li>Potencia: 2400W<\/li>\n<\/ul>\n<p><strong>Empaquetado:<\/strong><\/p>\n<ul>\n<li>Tipo de Embalaje: Caja<\/li>\n<\/ul>\n<p><strong>Contenido del Embalaje:<\/strong><\/p>\n<ul>\n<li>Boquilla Concentradora: S\u00ed<\/li>\n<li>Difusor de la Boquilla: S\u00ed<\/li>\n<\/ul>\n<p><strong>Dise\u00f1o:<\/strong><\/p>\n<ul>\n<li>Para Colgar: S\u00ed<\/li>\n<li>Tipo de Colgador: Anilla para colgar<\/li>\n<\/ul>\n<p><strong>Desempe\u00f1o:<\/strong><\/p>\n<ul>\n<li>Funci\u00f3n de Disparo Fr\u00edo: S\u00ed<\/li>\n<li>Funci\u00f3n I\u00f3nica: S\u00ed<\/li>\n<li>N\u00famero de Velocidades: 2<\/li>\n<li>Ajuste de Calefacci\u00f3n: 2<\/li>\n<\/ul>\n<\/div>\n","protected":false},"excerpt":{"rendered":"<p>Nombre del Producto: Marca: UFESA Modelo: SECADOR UFESA SC8310 2400W PLEGABLE EAN: 8422160044724 Control de Energ\u00eda: Potencia: 2400W Empaquetado: Tipo<\/p>\n","protected":false},"featured_media":221659,"comment_status":"open","ping_status":"closed","template":"","meta":{"_joinchat":[]},"product_cat":[6511,6510,825,6097],"product_tag":[],"class_list":{"0":"post-220938","1":"product","2":"type-product","3":"status-publish","4":"has-post-thumbnail","6":"product_cat-secadores-de-pelo","7":"product_cat-vello-y-pelo","8":"product_cat-pequeno-electrodomestico","9":"product_cat-cuidado-personal","10":"pa_marca-ufesa","12":"first","13":"instock","14":"taxable","15":"shipping-taxable","16":"purchasable","17":"product-type-simple"},"_links":{"self":[{"href":"https:\/\/desdropi.com\/elparque\/wp-json\/wp\/v2\/product\/220938"}],"collection":[{"href":"https:\/\/desdropi.com\/elparque\/wp-json\/wp\/v2\/product"}],"about":[{"href":"https:\/\/desdropi.com\/elparque\/wp-json\/wp\/v2\/types\/product"}],"replies":[{"embeddable":true,"href":"https:\/\/desdropi.com\/elparque\/wp-json\/wp\/v2\/comments?post=220938"}],"version-history":[{"count":1,"href":"https:\/\/desdropi.com\/elparque\/wp-json\/wp\/v2\/product\/220938\/revisions"}],"predecessor-version":[{"id":224635,"href":"https:\/\/desdropi.com\/elparque\/wp-json\/wp\/v2\/product\/220938\/revisions\/224635"}],"wp:featuredmedia":[{"embeddable":true,"href":"https:\/\/desdropi.com\/elparque\/wp-json\/wp\/v2\/media\/221659"}],"wp:attachment":[{"href":"https:\/\/desdropi.com\/elparque\/wp-json\/wp\/v2\/media?parent=220938"}],"wp:term":[{"taxonomy":"product_cat","embeddable":true,"href":"https:\/\/desdropi.com\/elparque\/wp-json\/wp\/v2\/product_cat?post=220938"},{"taxonomy":"product_tag","embeddable":true,"href":"https:\/\/desdropi.com\/elparque\/wp-json\/wp\/v2\/product_tag?post=220938"}],"curies":[{"name":"wp","href":"https:\/\/api.w.org\/{rel}","templated":true}]}}