{"id":220940,"date":"2024-04-29T22:34:31","date_gmt":"2024-04-29T20:34:31","guid":{"rendered":"https:\/\/desdropi.com\/elparque\/bascula-bano-ufesa-be1855-30x30-30504477\/"},"modified":"2024-05-18T23:32:03","modified_gmt":"2024-05-18T21:32:03","slug":"bascula-bano-ufesa-be1855-30x30-30504477","status":"publish","type":"product","link":"https:\/\/desdropi.com\/elparque\/bascula-bano-ufesa-be1855-30x30-30504477\/","title":{"rendered":"bascula ba\u00f1o ufesa be1855 30&#215;30 30504477"},"content":{"rendered":"<div class=\"descripcion-tab\">\n<strong>Nombre del Producto:<\/strong><\/p>\n<ul>\n<li>Marca: UFESA<\/li>\n<li>Modelo: BE1855<\/li>\n<li>EAN: 8422160044779<\/li>\n<\/ul>\n<p><strong>Peso y Dimensiones:<\/strong><\/p>\n<ul>\n<li>Ancho: 315 mm<\/li>\n<li>Profundidad: 32 mm<\/li>\n<li>Altura: 315 mm<\/li>\n<\/ul>\n<p><strong>Control de Energ\u00eda:<\/strong><\/p>\n<ul>\n<li>Voltaje de la Pila: 3 V<\/li>\n<\/ul>\n<p><strong>Desempe\u00f1o:<\/strong><\/p>\n<ul>\n<li>Capacidad M\u00e1xima de Peso: 180 kg<\/li>\n<li>Precisi\u00f3n: 100 g<\/li>\n<li>Tipo: B\u00e1scula Personal Electr\u00f3nica<\/li>\n<li>Unidad de Medida: kg, lb, ST<\/li>\n<li>Color del Producto: Negro, Blanco<\/li>\n<li>Funci\u00f3n de la Memoria: S\u00ed<\/li>\n<li>Medici\u00f3n \u00cdndice de Masa Corporal (IMC): S\u00ed<\/li>\n<li>Forma: Plaza<\/li>\n<li>Funciones Inteligentes: S\u00ed<\/li>\n<\/ul>\n<\/div>\n","protected":false},"excerpt":{"rendered":"<p>Nombre del Producto: Marca: UFESA Modelo: BE1855 EAN: 8422160044779 Peso y Dimensiones: Ancho: 315 mm Profundidad: 32 mm Altura: 315<\/p>\n","protected":false},"featured_media":221663,"comment_status":"open","ping_status":"closed","template":"","meta":{"_joinchat":[]},"product_cat":[7037,7015,825,6097],"product_tag":[],"class_list":{"0":"post-220940","1":"product","2":"type-product","3":"status-publish","4":"has-post-thumbnail","6":"product_cat-basculas-de-bano-higiene-y-salud-cuidado-personal","7":"product_cat-higiene-y-salud-cuidado-personal","8":"product_cat-pequeno-electrodomestico","9":"product_cat-cuidado-personal","10":"pa_marca-ufesa","12":"first","13":"instock","14":"taxable","15":"shipping-taxable","16":"purchasable","17":"product-type-simple"},"_links":{"self":[{"href":"https:\/\/desdropi.com\/elparque\/wp-json\/wp\/v2\/product\/220940"}],"collection":[{"href":"https:\/\/desdropi.com\/elparque\/wp-json\/wp\/v2\/product"}],"about":[{"href":"https:\/\/desdropi.com\/elparque\/wp-json\/wp\/v2\/types\/product"}],"replies":[{"embeddable":true,"href":"https:\/\/desdropi.com\/elparque\/wp-json\/wp\/v2\/comments?post=220940"}],"version-history":[{"count":0,"href":"https:\/\/desdropi.com\/elparque\/wp-json\/wp\/v2\/product\/220940\/revisions"}],"wp:featuredmedia":[{"embeddable":true,"href":"https:\/\/desdropi.com\/elparque\/wp-json\/wp\/v2\/media\/221663"}],"wp:attachment":[{"href":"https:\/\/desdropi.com\/elparque\/wp-json\/wp\/v2\/media?parent=220940"}],"wp:term":[{"taxonomy":"product_cat","embeddable":true,"href":"https:\/\/desdropi.com\/elparque\/wp-json\/wp\/v2\/product_cat?post=220940"},{"taxonomy":"product_tag","embeddable":true,"href":"https:\/\/desdropi.com\/elparque\/wp-json\/wp\/v2\/product_tag?post=220940"}],"curies":[{"name":"wp","href":"https:\/\/api.w.org\/{rel}","templated":true}]}}