{"id":221085,"date":"2024-05-01T00:16:02","date_gmt":"2024-04-30T22:16:02","guid":{"rendered":"https:\/\/desdropi.com\/elparque\/aire-acondicionado-portatil-cecotec-08173-2000f-m-d\/"},"modified":"2024-05-19T00:04:42","modified_gmt":"2024-05-18T22:04:42","slug":"aire-acondicionado-portatil-cecotec-08173-2000f-m-d","status":"publish","type":"product","link":"https:\/\/desdropi.com\/elparque\/aire-acondicionado-portatil-cecotec-08173-2000f-m-d\/","title":{"rendered":"aire acondicionado portatil cecotec 08173 2000f m\/d"},"content":{"rendered":"<div class=\"descripcion-tab\"><strong>Descripci\u00f3n<\/strong><\/p>\n<ul>\n<li>Aire acondicionado port\u00e1til con una capacidad de enfriamiento de 9000 BTU, permitiendo alcanzar la temperatura deseada en la estancia de manera r\u00e1pida y eficaz.<\/li>\n<li>Tecnolog\u00eda Soundless que proporciona un funcionamiento m\u00e1s silencioso y reduce las vibraciones para un mayor confort.<\/li>\n<li>Panel de control superior t\u00e1ctil para un manejo c\u00f3modo y sencillo del aire acondicionado.<\/li>\n<li>Incluye mando a distancia para controlar el aire acondicionado desde cualquier lugar sin necesidad de acercarse.<\/li>\n<li>Gran \u00e1rea de cobertura de 20 m\u00b2 para ajustar la temperatura de la estancia seg\u00fan las preferencias.<\/li>\n<li>Pantalla LED que muestra todas las configuraciones posibles y destaca las que est\u00e1n en uso para un control f\u00e1cil.<\/li>\n<li>4 modos de funcionamiento: Ventilador, Refrigeraci\u00f3n, Deshumidificaci\u00f3n y Noche.<\/li>\n<li>2 velocidades (Baja y Alta) para adaptar el funcionamiento a las necesidades.<\/li>\n<li>Modo Deshumidificaci\u00f3n capaz de eliminar hasta 24 litros de agua al d\u00eda para un ambiente m\u00e1s saludable.<\/li>\n<li>Temporizador programable hasta 24 horas para ajustar el tiempo de funcionamiento deseado.<\/li>\n<li>Utiliza gas R-290, respetuoso con el medio ambiente y de baja contaminaci\u00f3n.<\/li>\n<li>Potencia de 1010 W para cubrir \u00e1reas de 20 m\u00b2 y alcanzar la temperatura deseada r\u00e1pidamente.<\/li>\n<li>Tubo de drenaje de agua para un funcionamiento continuo.<\/li>\n<li>Filtro de aire que atrapa las part\u00edculas m\u00e1s grandes para mejorar la calidad del aire.<\/li>\n<li>Ruedas multidireccionales y asas para facilitar el transporte entre habitaciones.<\/li>\n<li>Incluye kit de instalaci\u00f3n en ventanas.<\/li>\n<\/ul>\n<p><strong>Composici\u00f3n<\/strong><\/p>\n<ul>\n<li>Aire acondicionado port\u00e1til<\/li>\n<li>Mando a distancia<\/li>\n<li>Kit de instalaci\u00f3n en ventanas<\/li>\n<li>Manual de instrucciones<\/li>\n<\/ul>\n<\/div>\n","protected":false},"excerpt":{"rendered":"<p>Descripci\u00f3n Aire acondicionado port\u00e1til con una capacidad de enfriamiento de 9000 BTU, permitiendo alcanzar la temperatura deseada en la estancia<\/p>\n","protected":false},"featured_media":221482,"comment_status":"open","ping_status":"closed","template":"","meta":{"_joinchat":[]},"product_cat":[6573,6581,3301],"product_tag":[],"class_list":{"0":"post-221085","1":"product","2":"type-product","3":"status-publish","4":"has-post-thumbnail","6":"product_cat-aires-acondicionados","7":"product_cat-portatiles-aires-acondicionados","8":"product_cat-climatizacion-y-calefaccion","9":"pa_marca-cecotec-clima","11":"first","12":"instock","13":"taxable","14":"shipping-taxable","15":"purchasable","16":"product-type-simple"},"_links":{"self":[{"href":"https:\/\/desdropi.com\/elparque\/wp-json\/wp\/v2\/product\/221085"}],"collection":[{"href":"https:\/\/desdropi.com\/elparque\/wp-json\/wp\/v2\/product"}],"about":[{"href":"https:\/\/desdropi.com\/elparque\/wp-json\/wp\/v2\/types\/product"}],"replies":[{"embeddable":true,"href":"https:\/\/desdropi.com\/elparque\/wp-json\/wp\/v2\/comments?post=221085"}],"version-history":[{"count":0,"href":"https:\/\/desdropi.com\/elparque\/wp-json\/wp\/v2\/product\/221085\/revisions"}],"wp:featuredmedia":[{"embeddable":true,"href":"https:\/\/desdropi.com\/elparque\/wp-json\/wp\/v2\/media\/221482"}],"wp:attachment":[{"href":"https:\/\/desdropi.com\/elparque\/wp-json\/wp\/v2\/media?parent=221085"}],"wp:term":[{"taxonomy":"product_cat","embeddable":true,"href":"https:\/\/desdropi.com\/elparque\/wp-json\/wp\/v2\/product_cat?post=221085"},{"taxonomy":"product_tag","embeddable":true,"href":"https:\/\/desdropi.com\/elparque\/wp-json\/wp\/v2\/product_tag?post=221085"}],"curies":[{"name":"wp","href":"https:\/\/api.w.org\/{rel}","templated":true}]}}