{"id":221119,"date":"2024-05-03T12:50:55","date_gmt":"2024-05-03T10:50:55","guid":{"rendered":"https:\/\/desdropi.com\/elparque\/?post_type=product&#038;p=221119"},"modified":"2024-06-05T11:33:57","modified_gmt":"2024-06-05T09:33:57","slug":"tv-lg-55-55ur78006lk-uhd-stv-web23-alfa5-aithinq","status":"publish","type":"product","link":"https:\/\/desdropi.com\/elparque\/tv-lg-55-55ur78006lk-uhd-stv-web23-alfa5-aithinq\/","title":{"rendered":"TV LG 55&#8243; 55UR78006LK UHD STV WEB23 ALFA5 AITHINQ"},"content":{"rendered":"<div class=\"descripcion-tab\"><strong>Nombre del Producto:<\/strong> LG 55UR78006LK<\/p>\n<ul>\n<li><strong>Marca:<\/strong> LG<\/li>\n<li><strong>Modelo:<\/strong> 55UR78006LK<\/li>\n<li><strong>EAN:<\/strong> 8806087094770<\/li>\n<\/ul>\n<p><strong>Exhibici\u00f3n:<\/strong><\/p>\n<ul>\n<li><strong>Pulgadas:<\/strong> 55&#8243;<\/li>\n<li><strong>Resoluci\u00f3n:<\/strong> 4K Ultra HD (3840 x 2160)<\/li>\n<li><strong>Tecnolog\u00eda del panel:<\/strong> LED<\/li>\n<li><strong>Retroiluminaci\u00f3n del panel:<\/strong> Direct LED<\/li>\n<li><strong>Relaci\u00f3n de aspecto nativa:<\/strong> 19:9<\/li>\n<li><strong>Frecuencia nativa de refresco:<\/strong> 50 Hz<\/li>\n<li><strong>Diagonal de pantalla:<\/strong> 139 cm<\/li>\n<li><strong>Tipo de matriz:<\/strong> IPS<\/li>\n<li><strong>Forma de la pantalla:<\/strong> Plana<\/li>\n<\/ul>\n<p><strong>Audio:<\/strong><\/p>\n<ul>\n<li><strong>N\u00famero de altavoces:<\/strong> 2<\/li>\n<li><strong>Potencia estimada RMS:<\/strong> 20W<\/li>\n<li><strong>Decodificadores incorporados:<\/strong> Dolby Atmos, Dolby Digital<\/li>\n<li><strong>Modos de sonido:<\/strong> AI Sound Pro<\/li>\n<li><strong>Nivelador autom\u00e1tico de volumen:<\/strong> S\u00ed<\/li>\n<li><strong>Enhanced Audio Return Channel (eARC):<\/strong> S\u00ed<\/li>\n<li><strong>Control de sonido adaptativo (ASC):<\/strong> S\u00ed<\/li>\n<\/ul>\n<p><strong>Puertos e Interfaces:<\/strong><\/p>\n<ul>\n<li><strong>Control de electr\u00f3nica de consumo (CEC):<\/strong> SimpLink<\/li>\n<li><strong>Interfaz com\u00fan:<\/strong> S\u00ed<\/li>\n<li><strong>Puertos RF:<\/strong> 1<\/li>\n<li><strong>Audio digital, salida \u00f3ptica:<\/strong> 1<\/li>\n<li><strong>Puertos USB:<\/strong> 2<\/li>\n<li><strong>Ethernet LAN:<\/strong> 1<\/li>\n<li><strong>HDCP:<\/strong> S\u00ed<\/li>\n<li><strong>Versi\u00f3n HDMI:<\/strong> 2.1<\/li>\n<li><strong>N\u00famero de puertos HDMI:<\/strong> 3<\/li>\n<\/ul>\n<p><strong>Peso y dimensiones:<\/strong><\/p>\n<ul>\n<li><strong>Ancho del soporte:<\/strong> 94.8 cm<\/li>\n<li><strong>Profundidad del soporte:<\/strong> 23 cm<\/li>\n<li><strong>Altura del dispositivo (con soporte):<\/strong> 780 mm<\/li>\n<li><strong>Profundidad dispositivo (con soporte):<\/strong> 230 mm<\/li>\n<li><strong>Ancho del dispositivo (con soporte):<\/strong> 1235 mm<\/li>\n<li><strong>Peso (sin base):<\/strong> 14 kg<\/li>\n<li><strong>Altura (sin base):<\/strong> 71.5 cm<\/li>\n<li><strong>Profundidad (sin base):<\/strong> 5.75 cm<\/li>\n<li><strong>Ancho (sin base):<\/strong> 123.5 cm<\/li>\n<li><strong>Peso (con soporte):<\/strong> 14.1 kg<\/li>\n<\/ul>\n<p><strong>Control de energ\u00eda:<\/strong><\/p>\n<ul>\n<li><strong>Modo de ahorro de energ\u00eda:<\/strong> S\u00ed<\/li>\n<li><strong>Frecuencia de entrada AC:<\/strong> 50\/60 Hz<\/li>\n<li><strong>Voltaje de entrada AC:<\/strong> 100 &#8211; 240V<\/li>\n<li><strong>Consumo de energ\u00eda (inactivo):<\/strong> 0.5W<\/li>\n<li><strong>Consumo de energ\u00eda (SDR\/HDR) por 1000 horas:<\/strong> 81W \/ 121W<\/li>\n<li><strong>Clasificaci\u00f3n de eficiencia energ\u00e9tica (SDR\/HDR):<\/strong> G<\/li>\n<\/ul>\n<p><strong>Empaquetado:<\/strong><\/p>\n<ul>\n<li><strong>Tipo de embalaje:<\/strong> Caja<\/li>\n<li><strong>Peso del paquete:<\/strong> 18.9 kg<\/li>\n<li><strong>Altura del paquete:<\/strong> 810 mm<\/li>\n<li><strong>Profundidad del paquete:<\/strong> 162 mm<\/li>\n<li><strong>Ancho del paquete:<\/strong> 1360 mm<\/li>\n<li><strong>Soporte de sobremesa:<\/strong> S\u00ed<\/li>\n<li><strong>Cables incluidos:<\/strong> Corriente alterna<\/li>\n<li><strong>Mando a distancia incluido:<\/strong> S\u00ed<\/li>\n<\/ul>\n<p><strong>Sintonizador de la TV:<\/strong><\/p>\n<ul>\n<li><strong>Tipo de sintonizador:<\/strong> Digital<\/li>\n<li><strong>Se\u00f1al anal\u00f3gica:<\/strong> No compatible<\/li>\n<li><strong>Autob\u00fasqueda de canal:<\/strong> S\u00ed<\/li>\n<li><strong>Formato de se\u00f1al digital:<\/strong> DVB-S2<\/li>\n<\/ul>\n<p><strong>Caracter\u00edsticas de administraci\u00f3n:<\/strong><\/p>\n<ul>\n<li><strong>Funciona con Amazon Alexa:<\/strong> S\u00ed<\/li>\n<li><strong>Gu\u00eda electr\u00f3nica de programaci\u00f3n:<\/strong> S\u00ed<\/li>\n<li><strong>Exhibici\u00f3n en pantalla (OSD):<\/strong> S\u00ed<\/li>\n<li><strong>Modo ECO:<\/strong> S\u00ed<\/li>\n<li><strong>Temporizador de apagado:<\/strong> S\u00ed<\/li>\n<li><strong>Apagado autom\u00e1tico:<\/strong> S\u00ed<\/li>\n<li><strong>Temporizador Encendido\/Apagado:<\/strong> S\u00ed<\/li>\n<\/ul>\n<p><strong>Dise\u00f1o:<\/strong><\/p>\n<ul>\n<li><strong>Color del producto:<\/strong> Negro<\/li>\n<li><strong>Montaje VESA:<\/strong> S\u00ed (Interfaz de panel de montaje: 300 x 300)<\/li>\n<\/ul>\n<p><strong>Desempe\u00f1o:<\/strong><\/p>\n<ul>\n<li><strong>Alto Rango Din\u00e1mico (HDR):<\/strong> S\u00ed<\/li>\n<li><strong>High Dynamic Range (HDR) technology:<\/strong> Filmmaker Mode, HDR10, Hybrid Log-Gamma (HLG)<\/li>\n<li><strong>Modo de juego:<\/strong> S\u00ed<\/li>\n<li><strong>Funciones de teletexto:<\/strong> S\u00ed<\/li>\n<li><strong>Funci\u00f3n de subt\u00edtulos:<\/strong> S\u00ed<\/li>\n<li><strong>Formatos de v\u00eddeo compatibles:<\/strong> HEVC, VP9<\/li>\n<li><strong>Formatos de audio soportados:<\/strong> AAC, AC3, AC4, EAC3, HE-AAC, MP2, MP3, PCM, WMA, apt-X<\/li>\n<li><strong>Formatos de compresi\u00f3n de v\u00eddeo:<\/strong> H.265, HEVC, MPEG2, MPEG4, VP9<\/li>\n<li><strong>Formatos de subt\u00edtulos soportados:<\/strong> DVB<\/li>\n<li><strong>Reducci\u00f3n de ruido:<\/strong> S\u00ed<\/li>\n<li><strong>Sensor de luz ambiental:<\/strong> S\u00ed<\/li>\n<li><strong>Game features:<\/strong> Modo autom\u00e1tico de baja latencia (ALLM), Game Dashboard, Game Optimizer<\/li>\n<\/ul>\n<p><strong>Smart TV:<\/strong><\/p>\n<ul>\n<li><strong>Versi\u00f3n de sistema operativo:<\/strong> 23<\/li>\n<li><strong>Grabaci\u00f3n diferida (timeshift):<\/strong> S\u00ed<\/li>\n<li><strong>Apple AirPlay 2 support:<\/strong> S\u00ed<\/li>\n<li><strong>HbbTV:<\/strong> S\u00ed<\/li>\n<li><strong>Modos inteligentes:<\/strong> Cine, Modo director, Deportes, Est\u00e1ndar<\/li>\n<li><strong>Aplicaciones de v\u00eddeo:<\/strong> Amazon Prime Video, Apple TV, DAZN, Disney+, NOW TV, Netflix, RaiPlay, Rakuten TV, YouTube<\/li>\n<li><strong>Aplicaciones de m\u00fasica:<\/strong> Spotify<\/li>\n<li><strong>Aplicaciones de deportes:<\/strong> DAZN, Sports Alerts<\/li>\n<li><strong>Aplicaciones de estilo de vida:<\/strong> Sedition Art<\/li>\n<li><strong>TV por Internet:<\/strong> S\u00ed<\/li>\n<li><strong>Sistema operativo instalado:<\/strong> Web OS<\/li>\n<\/ul>\n<p><strong>Conexi\u00f3n:<\/strong><\/p>\n<ul>\n<li><strong>Wifi:<\/strong> S\u00ed<\/li>\n<li><strong>Ethernet:<\/strong> S\u00ed<\/li>\n<li><strong>Bluetooth:<\/strong> S\u00ed (Versi\u00f3n 5.0)<\/li>\n<li><strong>Wi-Fi est\u00e1ndares:<\/strong> Wi-Fi 5 (802.11ac)<\/li>\n<li><strong>Miracast:<\/strong> S\u00ed<\/li>\n<li><strong>Navegaci\u00f3n:<\/strong> S\u00ed<\/li>\n<li><strong>Navegador web:<\/strong> S\u00ed<\/li>\n<\/ul>\n<\/div>\n","protected":false},"excerpt":{"rendered":"<p>Nombre del Producto: LG 55UR78006LK Marca: LG Modelo: 55UR78006LK EAN: 8806087094770 Exhibici\u00f3n: Pulgadas: 55&#8243; Resoluci\u00f3n: 4K Ultra HD (3840 x<\/p>\n","protected":false},"featured_media":221495,"comment_status":"open","ping_status":"closed","template":"","meta":{"_joinchat":[]},"product_cat":[795,6464,7144,7068],"product_tag":[],"class_list":{"0":"post-221119","1":"product","2":"type-product","3":"status-publish","4":"has-post-thumbnail","6":"product_cat-electronica","7":"product_cat-televisores-electronica","8":"product_cat-uhd-4k","9":"product_cat-tv-40-59","11":"first","12":"instock","13":"taxable","14":"shipping-taxable","15":"purchasable","16":"product-type-simple"},"_links":{"self":[{"href":"https:\/\/desdropi.com\/elparque\/wp-json\/wp\/v2\/product\/221119"}],"collection":[{"href":"https:\/\/desdropi.com\/elparque\/wp-json\/wp\/v2\/product"}],"about":[{"href":"https:\/\/desdropi.com\/elparque\/wp-json\/wp\/v2\/types\/product"}],"replies":[{"embeddable":true,"href":"https:\/\/desdropi.com\/elparque\/wp-json\/wp\/v2\/comments?post=221119"}],"version-history":[{"count":0,"href":"https:\/\/desdropi.com\/elparque\/wp-json\/wp\/v2\/product\/221119\/revisions"}],"wp:featuredmedia":[{"embeddable":true,"href":"https:\/\/desdropi.com\/elparque\/wp-json\/wp\/v2\/media\/221495"}],"wp:attachment":[{"href":"https:\/\/desdropi.com\/elparque\/wp-json\/wp\/v2\/media?parent=221119"}],"wp:term":[{"taxonomy":"product_cat","embeddable":true,"href":"https:\/\/desdropi.com\/elparque\/wp-json\/wp\/v2\/product_cat?post=221119"},{"taxonomy":"product_tag","embeddable":true,"href":"https:\/\/desdropi.com\/elparque\/wp-json\/wp\/v2\/product_tag?post=221119"}],"curies":[{"name":"wp","href":"https:\/\/api.w.org\/{rel}","templated":true}]}}