{"id":222328,"date":"2024-05-18T12:54:00","date_gmt":"2024-05-18T10:54:00","guid":{"rendered":"https:\/\/desdropi.com\/elparque\/?post_type=product&#038;p=222328"},"modified":"2024-05-18T12:54:00","modified_gmt":"2024-05-18T10:54:00","slug":"aire-acondicionado-split-lg-lgsmart12-set-r32","status":"publish","type":"product","link":"https:\/\/desdropi.com\/elparque\/aire-acondicionado-split-lg-lgsmart12-set-r32\/","title":{"rendered":"AIRE ACONDICIONADO SPLIT LG LGSMART12.SET R32"},"content":{"rendered":"<div class=\"descripcion-tab\">\n<div class=\"flex flex-grow flex-col max-w-full\">\n<div class=\"min-h-[20px] text-message flex flex-col items-start whitespace-pre-wrap break-words [.text-message+&amp;]:mt-5 juice:w-full juice:items-end overflow-x-auto gap-2\" dir=\"auto\" data-message-author-role=\"assistant\" data-message-id=\"d408e002-8ddf-434c-8aa4-3331b8cc5a7c\">\n<div class=\"flex w-full flex-col gap-1 juice:empty:hidden juice:first:pt-[3px]\">\n<div class=\"markdown prose w-full break-words dark:prose-invert light\">\n<ul>\n<li><strong>Marca<\/strong>: LG<\/li>\n<li><strong>Modelo<\/strong>: ACON.SPLIT LG LGSMART12.SET R32<\/li>\n<li><strong>EAN<\/strong>: 8806091866240<\/li>\n<\/ul>\n<h4>Control de Energ\u00eda<\/h4>\n<ul>\n<li><strong>Potencia frigor\u00edas<\/strong>: 2924<\/li>\n<li><strong>Clase energ\u00e9tica (Fr\u00edo\/Calor)<\/strong>: A++\/A+++<\/li>\n<\/ul>\n<h4>Detalles T\u00e9cnicos<\/h4>\n<ul>\n<li><strong>Medio de refrigeraci\u00f3n<\/strong>: R-32<\/li>\n<li><strong>Pantalla incorporada<\/strong>: No<\/li>\n<li><strong>Color del producto<\/strong>: Blanco<\/li>\n<\/ul>\n<h4>Contenido del Embalaje<\/h4>\n<ul>\n<li><strong>Mando a distancia<\/strong>: S\u00ed<\/li>\n<\/ul>\n<\/div>\n<\/div>\n<\/div>\n<\/div>\n<div class=\"mt-1 flex gap-3 empty:hidden juice:-ml-3\">\n<div class=\"items-center justify-start rounded-xl p-1 flex\"><\/div>\n<\/div>\n<\/div>\n","protected":false},"excerpt":{"rendered":"<p>Marca: LG Modelo: ACON.SPLIT LG LGSMART12.SET R32 EAN: 8806091866240 Control de Energ\u00eda Potencia frigor\u00edas: 2924 Clase energ\u00e9tica (Fr\u00edo\/Calor): A++\/A+++ Detalles<\/p>\n","protected":false},"featured_media":222331,"comment_status":"open","ping_status":"closed","template":"","meta":{"_joinchat":[]},"product_cat":[3301,6573,6574,7066],"product_tag":[],"class_list":{"0":"post-222328","1":"product","2":"type-product","3":"status-publish","4":"has-post-thumbnail","6":"product_cat-climatizacion-y-calefaccion","7":"product_cat-aires-acondicionados","8":"product_cat-split-aires-acondicionados","9":"product_cat-2000-3000-4500-frigorias","11":"first","12":"instock","13":"sale","14":"taxable","15":"shipping-taxable","16":"purchasable","17":"product-type-simple"},"_links":{"self":[{"href":"https:\/\/desdropi.com\/elparque\/wp-json\/wp\/v2\/product\/222328"}],"collection":[{"href":"https:\/\/desdropi.com\/elparque\/wp-json\/wp\/v2\/product"}],"about":[{"href":"https:\/\/desdropi.com\/elparque\/wp-json\/wp\/v2\/types\/product"}],"replies":[{"embeddable":true,"href":"https:\/\/desdropi.com\/elparque\/wp-json\/wp\/v2\/comments?post=222328"}],"version-history":[{"count":0,"href":"https:\/\/desdropi.com\/elparque\/wp-json\/wp\/v2\/product\/222328\/revisions"}],"wp:featuredmedia":[{"embeddable":true,"href":"https:\/\/desdropi.com\/elparque\/wp-json\/wp\/v2\/media\/222331"}],"wp:attachment":[{"href":"https:\/\/desdropi.com\/elparque\/wp-json\/wp\/v2\/media?parent=222328"}],"wp:term":[{"taxonomy":"product_cat","embeddable":true,"href":"https:\/\/desdropi.com\/elparque\/wp-json\/wp\/v2\/product_cat?post=222328"},{"taxonomy":"product_tag","embeddable":true,"href":"https:\/\/desdropi.com\/elparque\/wp-json\/wp\/v2\/product_tag?post=222328"}],"curies":[{"name":"wp","href":"https:\/\/api.w.org\/{rel}","templated":true}]}}