{"id":222382,"date":"2024-05-18T13:44:38","date_gmt":"2024-05-18T11:44:38","guid":{"rendered":"https:\/\/desdropi.com\/elparque\/?post_type=product&#038;p=222382"},"modified":"2024-05-18T13:44:38","modified_gmt":"2024-05-18T11:44:38","slug":"aire-acondicionado-split-samsung-far12mlb-ar30-malibu","status":"publish","type":"product","link":"https:\/\/desdropi.com\/elparque\/aire-acondicionado-split-samsung-far12mlb-ar30-malibu\/","title":{"rendered":"AIRE ACONDICIONADO SPLIT SAMSUNG FAR12MLB AR30 MALIBU"},"content":{"rendered":"<div class=\"descripcion-tab\">\n<div class=\"flex flex-grow flex-col max-w-full\">\n<div class=\"min-h-[20px] text-message flex flex-col items-start whitespace-pre-wrap break-words [.text-message+&amp;]:mt-5 juice:w-full juice:items-end overflow-x-auto gap-2\" dir=\"auto\" data-message-author-role=\"assistant\" data-message-id=\"7067d496-31f3-4138-99df-c1f47435cd1a\">\n<div class=\"flex w-full flex-col gap-1 juice:empty:hidden juice:first:pt-[3px]\">\n<div class=\"markdown prose w-full break-words dark:prose-invert light\">\n<ul>\n<li><strong>Marca<\/strong>: SAMSUNG<\/li>\n<li><strong>Modelo<\/strong>: AR12TXHQBWKNEU+AR12TXHQBWKXEU<\/li>\n<li><strong>EAN<\/strong>: 8806090379116<\/li>\n<\/ul>\n<h4>Control de Energ\u00eda<\/h4>\n<ul>\n<li><strong>Clase de eficiencia energ\u00e9tica (calefacci\u00f3n) (Media temporada de calefacci\u00f3n)<\/strong>: A<\/li>\n<li><strong>Clase de eficiencia energ\u00e9tica (refrigeraci\u00f3n)<\/strong>: A++<\/li>\n<li><strong>Carga de c\u00e1lculo (enfriamiento)<\/strong>: 3,6 kW<\/li>\n<li><strong>Carga de c\u00e1lculo (calefacci\u00f3n) (Media temporada de calefacci\u00f3n)<\/strong>: 2,7 kW<\/li>\n<li><strong>Consumo anual de energ\u00eda (calefacci\u00f3n) (Media temporada de calefacci\u00f3n)<\/strong>: 969 kWh<\/li>\n<li><strong>Consumo anual de energ\u00eda (enfriamiento)<\/strong>: 211 kWh<\/li>\n<li><strong>Voltaje de entrada AC<\/strong>: 220 &#8211; 240 V<\/li>\n<li><strong>Frecuencia de entrada AC<\/strong>: 50 Hz<\/li>\n<li><strong>Escala de eficiencia energ\u00e9tica<\/strong>: A+++ a D<\/li>\n<li><strong>Clase energ\u00e9tica (Fr\u00edo\/Calor)<\/strong>: A++\/A+<\/li>\n<li><strong>Potencia frigor\u00edas<\/strong>: 3010 Fg<\/li>\n<li><strong>Potencia calor\u00edas<\/strong>: 3267 Fg<\/li>\n<\/ul>\n<h4>Detalles T\u00e9cnicos<\/h4>\n<ul>\n<li><strong>Capacidad de refrigeraci\u00f3n en vatios (nominal)<\/strong>: 2900 W<\/li>\n<li><strong>Capacidad de calefacci\u00f3n en vatios (nominal) (Media temporada de calefacci\u00f3n)<\/strong>: 3500 W<\/li>\n<li><strong>\u00cdndice de eficiencia estacional (refrigeraci\u00f3n) (SEER)<\/strong>: 6,1<\/li>\n<li><strong>\u00cdndice de eficiencia estacional (calefacci\u00f3n) (SCOP)<\/strong>: 3,9<\/li>\n<li><strong>Calificaci\u00f3n de eficiencia estacional (calefacci\u00f3n) (SCOP) (Media temporada de calefacci\u00f3n)<\/strong>: 3,9<\/li>\n<li><strong>Tipo<\/strong>: Sistema split<\/li>\n<li><strong>Multi-split<\/strong>: No<\/li>\n<li><strong>Color del producto<\/strong>: Blanco<\/li>\n<li><strong>Funciones de aire acondicionado<\/strong>: Enfriamiento, Deshumedecer, Ventilador, Calentar<\/li>\n<li><strong>Motor inverter<\/strong>: S\u00ed<\/li>\n<li><strong>Modo de sue\u00f1o confortable<\/strong>: S\u00ed<\/li>\n<li><strong>Pantalla incorporada<\/strong>: S\u00ed<\/li>\n<li><strong>Temporizador<\/strong>: S\u00ed<\/li>\n<li><strong>Duraci\u00f3n de contador (m\u00e1ximo)<\/strong>: 24 h<\/li>\n<li><strong>Medio de refrigeraci\u00f3n<\/strong>: R32<\/li>\n<li><strong>Wi-Fi controlado<\/strong>: No<\/li>\n<li><strong>Autoventilaci\u00f3n<\/strong>: S\u00ed<\/li>\n<li><strong>Longitud de la manguera (m\u00e1x.)<\/strong>: 25 m<\/li>\n<li><strong>Di\u00e1metro de la manguera de gas<\/strong>: 9,52 mm<\/li>\n<li><strong>Di\u00e1metro del tubo para el l\u00edquido<\/strong>: 6,35 mm<\/li>\n<li><strong>Filtro de aire<\/strong>: S\u00ed<\/li>\n<li><strong>Temperatura de funcionamiento (refrigeraci\u00f3n) (T-T)<\/strong>: -10 &#8211; 46 \u00baC<\/li>\n<li><strong>Temperatura de funcionamiento (calefacci\u00f3n) (T-T)<\/strong>: -15 &#8211; 24 \u00baC<\/li>\n<li><strong>Capacidad de refrigeraci\u00f3n (nominal)<\/strong>: 12000 BTU<\/li>\n<li><strong>Capacidad de calefacci\u00f3n (nominal)<\/strong>: 12000 BTU<\/li>\n<\/ul>\n<h4>Contenido del Embalaje<\/h4>\n<ul>\n<li><strong>Mando a distancia<\/strong>: S\u00ed<\/li>\n<\/ul>\n<h4>Unidad para Exteriores<\/h4>\n<ul>\n<li><strong>Nivel de potencia ac\u00fastica de la unidad exterior<\/strong>: 65 dB<\/li>\n<li><strong>N\u00famero de unidades de exterior<\/strong>: 1<\/li>\n<\/ul>\n<h4>Unidad para Interiores<\/h4>\n<ul>\n<li><strong>Tipo de unidad interna<\/strong>: Montar en la pared<\/li>\n<li><strong>Nivel de potencia ac\u00fastica de la unidad interior<\/strong>: 55 dB<\/li>\n<li><strong>N\u00famero de unidades de interior<\/strong>: 1<\/li>\n<li><strong>Ancho de la unidad interior<\/strong>: 80,5 cm<\/li>\n<li><strong>Profundidad de la unidad interior<\/strong>: 19,4 cm<\/li>\n<li><strong>Altura de la unidad interior<\/strong>: 28,5 cm<\/li>\n<li><strong>Peso de unidad para interiores<\/strong>: 8,1 kg<\/li>\n<li><strong>Anchura del embalaje de la unidad interior<\/strong>: 88 cm<\/li>\n<li><strong>Profundidad del embalaje de la unidad interior<\/strong>: 28,5 cm<\/li>\n<li><strong>Altura del embalaje de la unidad interior<\/strong>: 36 cm<\/li>\n<li><strong>Peso del embalaje de la unidad interior<\/strong>: 11,5 kg<\/li>\n<\/ul>\n<\/div>\n<\/div>\n<\/div>\n<\/div>\n<div class=\"mt-1 flex gap-3 empty:hidden juice:-ml-3\">\n<div class=\"items-center justify-start rounded-xl p-1 flex\"><\/div>\n<\/div>\n<\/div>\n","protected":false},"excerpt":{"rendered":"<p>Marca: SAMSUNG Modelo: AR12TXHQBWKNEU+AR12TXHQBWKXEU EAN: 8806090379116 Control de Energ\u00eda Clase de eficiencia energ\u00e9tica (calefacci\u00f3n) (Media temporada de calefacci\u00f3n): A Clase<\/p>\n","protected":false},"featured_media":222383,"comment_status":"open","ping_status":"closed","template":"","meta":{"_joinchat":[]},"product_cat":[3301,6573,6581,7066],"product_tag":[],"class_list":{"0":"post-222382","1":"product","2":"type-product","3":"status-publish","4":"has-post-thumbnail","6":"product_cat-climatizacion-y-calefaccion","7":"product_cat-aires-acondicionados","8":"product_cat-portatiles-aires-acondicionados","9":"product_cat-2000-3000-4500-frigorias","11":"first","12":"instock","13":"sale","14":"taxable","15":"shipping-taxable","16":"purchasable","17":"product-type-simple"},"_links":{"self":[{"href":"https:\/\/desdropi.com\/elparque\/wp-json\/wp\/v2\/product\/222382"}],"collection":[{"href":"https:\/\/desdropi.com\/elparque\/wp-json\/wp\/v2\/product"}],"about":[{"href":"https:\/\/desdropi.com\/elparque\/wp-json\/wp\/v2\/types\/product"}],"replies":[{"embeddable":true,"href":"https:\/\/desdropi.com\/elparque\/wp-json\/wp\/v2\/comments?post=222382"}],"version-history":[{"count":0,"href":"https:\/\/desdropi.com\/elparque\/wp-json\/wp\/v2\/product\/222382\/revisions"}],"wp:featuredmedia":[{"embeddable":true,"href":"https:\/\/desdropi.com\/elparque\/wp-json\/wp\/v2\/media\/222383"}],"wp:attachment":[{"href":"https:\/\/desdropi.com\/elparque\/wp-json\/wp\/v2\/media?parent=222382"}],"wp:term":[{"taxonomy":"product_cat","embeddable":true,"href":"https:\/\/desdropi.com\/elparque\/wp-json\/wp\/v2\/product_cat?post=222382"},{"taxonomy":"product_tag","embeddable":true,"href":"https:\/\/desdropi.com\/elparque\/wp-json\/wp\/v2\/product_tag?post=222382"}],"curies":[{"name":"wp","href":"https:\/\/api.w.org\/{rel}","templated":true}]}}

<div class="descripcion-tab">
<div class="flex flex-grow flex-col max-w-full">
<div class="min-h-[20px] text-message flex flex-col items-start whitespace-pre-wrap break-words [.text-message+&amp;]:mt-5 juice:w-full juice:items-end overflow-x-auto gap-2" dir="auto" data-message-author-role="assistant" data-message-id="7067d496-31f3-4138-99df-c1f47435cd1a">
<div class="flex w-full flex-col gap-1 juice:empty:hidden juice:first:pt-[3px]">
<div class="markdown prose w-full break-words dark:prose-invert light">
<ul>
<li><strong>Marca</strong>: SAMSUNG</li>
<li><strong>Modelo</strong>: AR12TXHQBWKNEU+AR12TXHQBWKXEU</li>
<li><strong>EAN</strong>: 8806090379116</li>
</ul>
<h4>Control de Energía</h4>
<ul>
<li><strong>Clase de eficiencia energética (calefacción) (Media temporada de calefacción)</strong>: A</li>
<li><strong>Clase de eficiencia energética (refrigeración)</strong>: A++</li>
<li><strong>Carga de cálculo (enfriamiento)</strong>: 3,6 kW</li>
<li><strong>Carga de cálculo (calefacción) (Media temporada de calefacción)</strong>: 2,7 kW</li>
<li><strong>Consumo anual de energía (calefacción) (Media temporada de calefacción)</strong>: 969 kWh</li>
<li><strong>Consumo anual de energía (enfriamiento)</strong>: 211 kWh</li>
<li><strong>Voltaje de entrada AC</strong>: 220 &#8211; 240 V</li>
<li><strong>Frecuencia de entrada AC</strong>: 50 Hz</li>
<li><strong>Escala de eficiencia energética</strong>: A+++ a D</li>
<li><strong>Clase energética (Frío/Calor)</strong>: A++/A+</li>
<li><strong>Potencia frigorías</strong>: 3010 Fg</li>
<li><strong>Potencia calorías</strong>: 3267 Fg</li>
</ul>
<h4>Detalles Técnicos</h4>
<ul>
<li><strong>Capacidad de refrigeración en vatios (nominal)</strong>: 2900 W</li>
<li><strong>Capacidad de calefacción en vatios (nominal) (Media temporada de calefacción)</strong>: 3500 W</li>
<li><strong>Índice de eficiencia estacional (refrigeración) (SEER)</strong>: 6,1</li>
<li><strong>Índice de eficiencia estacional (calefacción) (SCOP)</strong>: 3,9</li>
<li><strong>Calificación de eficiencia estacional (calefacción) (SCOP) (Media temporada de calefacción)</strong>: 3,9</li>
<li><strong>Tipo</strong>: Sistema split</li>
<li><strong>Multi-split</strong>: No</li>
<li><strong>Color del producto</strong>: Blanco</li>
<li><strong>Funciones de aire acondicionado</strong>: Enfriamiento, Deshumedecer, Ventilador, Calentar</li>
<li><strong>Motor inverter</strong>: Sí</li>
<li><strong>Modo de sueño confortable</strong>: Sí</li>
<li><strong>Pantalla incorporada</strong>: Sí</li>
<li><strong>Temporizador</strong>: Sí</li>
<li><strong>Duración de contador (máximo)</strong>: 24 h</li>
<li><strong>Medio de refrigeración</strong>: R32</li>
<li><strong>Wi-Fi controlado</strong>: No</li>
<li><strong>Autoventilación</strong>: Sí</li>
<li><strong>Longitud de la manguera (máx.)</strong>: 25 m</li>
<li><strong>Diámetro de la manguera de gas</strong>: 9,52 mm</li>
<li><strong>Diámetro del tubo para el líquido</strong>: 6,35 mm</li>
<li><strong>Filtro de aire</strong>: Sí</li>
<li><strong>Temperatura de funcionamiento (refrigeración) (T-T)</strong>: -10 &#8211; 46 ºC</li>
<li><strong>Temperatura de funcionamiento (calefacción) (T-T)</strong>: -15 &#8211; 24 ºC</li>
<li><strong>Capacidad de refrigeración (nominal)</strong>: 12000 BTU</li>
<li><strong>Capacidad de calefacción (nominal)</strong>: 12000 BTU</li>
</ul>
<h4>Contenido del Embalaje</h4>
<ul>
<li><strong>Mando a distancia</strong>: Sí</li>
</ul>
<h4>Unidad para Exteriores</h4>
<ul>
<li><strong>Nivel de potencia acústica de la unidad exterior</strong>: 65 dB</li>
<li><strong>Número de unidades de exterior</strong>: 1</li>
</ul>
<h4>Unidad para Interiores</h4>
<ul>
<li><strong>Tipo de unidad interna</strong>: Montar en la pared</li>
<li><strong>Nivel de potencia acústica de la unidad interior</strong>: 55 dB</li>
<li><strong>Número de unidades de interior</strong>: 1</li>
<li><strong>Ancho de la unidad interior</strong>: 80,5 cm</li>
<li><strong>Profundidad de la unidad interior</strong>: 19,4 cm</li>
<li><strong>Altura de la unidad interior</strong>: 28,5 cm</li>
<li><strong>Peso de unidad para interiores</strong>: 8,1 kg</li>
<li><strong>Anchura del embalaje de la unidad interior</strong>: 88 cm</li>
<li><strong>Profundidad del embalaje de la unidad interior</strong>: 28,5 cm</li>
<li><strong>Altura del embalaje de la unidad interior</strong>: 36 cm</li>
<li><strong>Peso del embalaje de la unidad interior</strong>: 11,5 kg</li>
</ul>
</div>
</div>
</div>
</div>
<div class="mt-1 flex gap-3 empty:hidden juice:-ml-3">
<div class="items-center justify-start rounded-xl p-1 flex"></div>
</div>
</div>

<p>Marca: SAMSUNG Modelo: AR12TXHQBWKNEU+AR12TXHQBWKXEU EAN: 8806090379116 Control de Energía Clase de eficiencia energética (calefacción) (Media temporada de calefacción): A Clase</p>
