{"id":222390,"date":"2024-05-18T13:59:23","date_gmt":"2024-05-18T11:59:23","guid":{"rendered":"https:\/\/desdropi.com\/elparque\/?post_type=product&#038;p=222390"},"modified":"2024-05-18T13:59:24","modified_gmt":"2024-05-18T11:59:24","slug":"aire-acondicionado-split-daitsu-ds09ktp-a-a-inv-r32","status":"publish","type":"product","link":"https:\/\/desdropi.com\/elparque\/aire-acondicionado-split-daitsu-ds09ktp-a-a-inv-r32\/","title":{"rendered":"AIRE ACONDICIONADO SPLIT DAITSU DS09KTP A++\/A+ INV.R32"},"content":{"rendered":"<div class=\"descripcion-tab\">\n<ul>\n<li><strong>Marca<\/strong>: DAITSU<\/li>\n<li><strong>Modelo<\/strong>: ACON.SPLIT DAITSU DS09KTP A++\/A+ INV.R32<\/li>\n<li><strong>EAN<\/strong>: 8432884631650<\/li>\n<\/ul>\n<h4>Control de Energ\u00eda<\/h4>\n<ul>\n<li><strong>Consumo energ\u00e9tico por hora (refrigeraci\u00f3n)<\/strong>: 0,997 kWh<\/li>\n<li><strong>Consumo energ\u00e9tico por hora (calefacci\u00f3n)<\/strong>: 0,941 kWh<\/li>\n<li><strong>Voltaje de entrada AC<\/strong>: 230 V<\/li>\n<li><strong>Frecuencia de entrada AC<\/strong>: 50 Hz<\/li>\n<li><strong>Corriente (refrigeraci\u00f3n)<\/strong>: 4,5 A<\/li>\n<li><strong>Corriente (calefacci\u00f3n)<\/strong>: 4,4 A<\/li>\n<li><strong>Clase de eficiencia energ\u00e9tica (refrigeraci\u00f3n)<\/strong>: A++<\/li>\n<li><strong>Clase de eficiencia energ\u00e9tica (calefacci\u00f3n) (Warmer temporada de calefacci\u00f3n)<\/strong>: A+<\/li>\n<li><strong>Clase energ\u00e9tica (Fr\u00edo\/Calor)<\/strong>: A++\/A+<\/li>\n<li><strong>Potencia frigor\u00edas<\/strong>: 2236 Fg<\/li>\n<li><strong>Potencia calor\u00edas<\/strong>: 2262 Fg<\/li>\n<\/ul>\n<h4>Detalles T\u00e9cnicos<\/h4>\n<ul>\n<li><strong>Tipo<\/strong>: Sistema split<\/li>\n<li><strong>Color del producto<\/strong>: Blanco<\/li>\n<li><strong>Funciones de aire acondicionado<\/strong>: Circulation, Enfriamiento, Deshumedecer, Ventilador, Calentar, Ventilaci\u00f3n<\/li>\n<li><strong>Motor inverter<\/strong>: S\u00ed<\/li>\n<li><strong>Ionizador<\/strong>: No<\/li>\n<li><strong>Modo de sue\u00f1o confortable<\/strong>: S\u00ed<\/li>\n<li><strong>\u00cdndice de eficiencia estacional (refrigeraci\u00f3n) (SEER)<\/strong>: 6,1<\/li>\n<li><strong>\u00cdndice de eficiencia estacional (calefacci\u00f3n) (SCOP)<\/strong>: 4<\/li>\n<li><strong>Capacidad de refrigeraci\u00f3n en vatios (nominal)<\/strong>: 2600 W<\/li>\n<li><strong>Capacidad de calefacci\u00f3n en vatios (nominal) (Temporada de calefacci\u00f3n m\u00e1s c\u00e1lida)<\/strong>: 3400 W<\/li>\n<li><strong>Tipo de visualizador<\/strong>: LED<\/li>\n<li><strong>Pantalla incorporada<\/strong>: S\u00ed<\/li>\n<li><strong>Medio de refrigeraci\u00f3n<\/strong>: R32<\/li>\n<li><strong>Peso del medio refrigerante<\/strong>: 650 g<\/li>\n<li><strong>Longitud de la manguera (m\u00edn)<\/strong>: 10 m<\/li>\n<li><strong>Longitud de la manguera (m\u00e1x.)<\/strong>: 20 m<\/li>\n<li><strong>Di\u00e1metro del tubo para el l\u00edquido<\/strong>: 6,35 mm<\/li>\n<li><strong>Di\u00e1metro de la manguera de gas<\/strong>: 9,52 mm<\/li>\n<li><strong>Temperatura de funcionamiento (refrigeraci\u00f3n) (T-T)<\/strong>: -15 &#8211; 43 \u00b0C<\/li>\n<li><strong>Temperatura de funcionamiento (calefacci\u00f3n) (T-T)<\/strong>: -15 &#8211; 24 \u00b0C<\/li>\n<\/ul>\n<h4>Contenido del Embalaje<\/h4>\n<ul>\n<li><strong>Mando a distancia<\/strong>: S\u00ed<\/li>\n<li><strong>Manual de usuario<\/strong>: S\u00ed<\/li>\n<\/ul>\n<h4>Unidad para Exteriores<\/h4>\n<ul>\n<li><strong>N\u00famero de unidades de exterior<\/strong>: 1<\/li>\n<li><strong>Nivel de ruido de la unidad exterior<\/strong>: 60 dB<\/li>\n<li><strong>Enfriamiento del flujo de aire (unidad exterior)<\/strong>: 2200 m\u00b3\/h<\/li>\n<li><strong>Ancho de la unidad exterior<\/strong>: 712 mm<\/li>\n<li><strong>Profundidad de la unidad exterior<\/strong>: 276 mm<\/li>\n<li><strong>Altura de la unidad exterior<\/strong>: 459 mm<\/li>\n<li><strong>Peso de unidad para exteriores<\/strong>: 22 kg<\/li>\n<\/ul>\n<h4>Unidad para Interiores<\/h4>\n<ul>\n<li><strong>Tipo de unidad interna<\/strong>: Montar en la pared<\/li>\n<li><strong>Nivel de ruido de la unidad interior (a baja velocidad)<\/strong>: 28 dB<\/li>\n<li><strong>Nivel de ruido de la unidad interior (a alta velocidad)<\/strong>: 50 dB<\/li>\n<li><strong>Enfriamiento del flujo de aire (unidad interior)<\/strong>: 550 m\u00b3\/h<\/li>\n<li><strong>N\u00famero de unidades de interior<\/strong>: 1<\/li>\n<li><strong>Ancho de la unidad interior<\/strong>: 790 mm<\/li>\n<li><strong>Profundidad de la unidad interior<\/strong>: 192 mm<\/li>\n<li><strong>Altura de la unidad interior<\/strong>: 275 mm<\/li>\n<li><strong>Peso de unidad para interiores<\/strong>: 8 kg<\/li>\n<\/ul>\n<\/div>\n","protected":false},"excerpt":{"rendered":"<p>Marca: DAITSU Modelo: ACON.SPLIT DAITSU DS09KTP A++\/A+ INV.R32 EAN: 8432884631650 Control de Energ\u00eda Consumo energ\u00e9tico por hora (refrigeraci\u00f3n): 0,997 kWh<\/p>\n","protected":false},"featured_media":222392,"comment_status":"open","ping_status":"closed","template":"","meta":{"_joinchat":[]},"product_cat":[3301,6573,6574,7066],"product_tag":[],"class_list":{"0":"post-222390","1":"product","2":"type-product","3":"status-publish","4":"has-post-thumbnail","6":"product_cat-climatizacion-y-calefaccion","7":"product_cat-aires-acondicionados","8":"product_cat-split-aires-acondicionados","9":"product_cat-2000-3000-4500-frigorias","11":"first","12":"instock","13":"sale","14":"taxable","15":"shipping-taxable","16":"purchasable","17":"product-type-simple"},"_links":{"self":[{"href":"https:\/\/desdropi.com\/elparque\/wp-json\/wp\/v2\/product\/222390"}],"collection":[{"href":"https:\/\/desdropi.com\/elparque\/wp-json\/wp\/v2\/product"}],"about":[{"href":"https:\/\/desdropi.com\/elparque\/wp-json\/wp\/v2\/types\/product"}],"replies":[{"embeddable":true,"href":"https:\/\/desdropi.com\/elparque\/wp-json\/wp\/v2\/comments?post=222390"}],"version-history":[{"count":0,"href":"https:\/\/desdropi.com\/elparque\/wp-json\/wp\/v2\/product\/222390\/revisions"}],"wp:featuredmedia":[{"embeddable":true,"href":"https:\/\/desdropi.com\/elparque\/wp-json\/wp\/v2\/media\/222392"}],"wp:attachment":[{"href":"https:\/\/desdropi.com\/elparque\/wp-json\/wp\/v2\/media?parent=222390"}],"wp:term":[{"taxonomy":"product_cat","embeddable":true,"href":"https:\/\/desdropi.com\/elparque\/wp-json\/wp\/v2\/product_cat?post=222390"},{"taxonomy":"product_tag","embeddable":true,"href":"https:\/\/desdropi.com\/elparque\/wp-json\/wp\/v2\/product_tag?post=222390"}],"curies":[{"name":"wp","href":"https:\/\/api.w.org\/{rel}","templated":true}]}}