{"id":223335,"date":"2025-02-13T10:50:18","date_gmt":"2025-02-13T09:50:18","guid":{"rendered":"https:\/\/desdropi.com\/elparque\/rockn-toast-fifty-fifty\/"},"modified":"2025-02-13T10:50:19","modified_gmt":"2025-02-13T09:50:19","slug":"rockn-toast-fifty-fifty","status":"publish","type":"product","link":"https:\/\/desdropi.com\/elparque\/rockn-toast-fifty-fifty\/","title":{"rendered":"Rock\u00b4n Toast Fifty-Fifty"},"content":{"rendered":"<p>Rock\u00b4n Toast Fifty-Fifty. Parrilla El\u00e9ctrica con Revestimiento Antiadherente RockStone, Capacidad para 2 Sandwiches, Superficie Tri\u00e1ngulos, Asa Tacto Fr\u00edo, Recogecables, 750 W<\/p>\n","protected":false},"excerpt":{"rendered":"<p>Rock\u00b4n Toast Fifty-Fifty. Parrilla El\u00e9ctrica con Revestimiento Antiadherente RockStone, Capacidad para 2 Sandwiches, Superficie Tri\u00e1ngulos, Asa Tacto Fr\u00edo, Recogecables, 750<\/p>\n","protected":false},"featured_media":223336,"comment_status":"open","ping_status":"open","template":"","meta":{"_joinchat":[]},"product_cat":[7230],"product_tag":[],"class_list":{"0":"post-223335","1":"product","2":"type-product","3":"status-publish","4":"has-post-thumbnail","6":"product_cat-cecotec","8":"first","9":"outofstock","10":"taxable","11":"shipping-taxable","12":"purchasable","13":"product-type-simple"},"_links":{"self":[{"href":"https:\/\/desdropi.com\/elparque\/wp-json\/wp\/v2\/product\/223335"}],"collection":[{"href":"https:\/\/desdropi.com\/elparque\/wp-json\/wp\/v2\/product"}],"about":[{"href":"https:\/\/desdropi.com\/elparque\/wp-json\/wp\/v2\/types\/product"}],"replies":[{"embeddable":true,"href":"https:\/\/desdropi.com\/elparque\/wp-json\/wp\/v2\/comments?post=223335"}],"version-history":[{"count":1,"href":"https:\/\/desdropi.com\/elparque\/wp-json\/wp\/v2\/product\/223335\/revisions"}],"predecessor-version":[{"id":223595,"href":"https:\/\/desdropi.com\/elparque\/wp-json\/wp\/v2\/product\/223335\/revisions\/223595"}],"wp:featuredmedia":[{"embeddable":true,"href":"https:\/\/desdropi.com\/elparque\/wp-json\/wp\/v2\/media\/223336"}],"wp:attachment":[{"href":"https:\/\/desdropi.com\/elparque\/wp-json\/wp\/v2\/media?parent=223335"}],"wp:term":[{"taxonomy":"product_cat","embeddable":true,"href":"https:\/\/desdropi.com\/elparque\/wp-json\/wp\/v2\/product_cat?post=223335"},{"taxonomy":"product_tag","embeddable":true,"href":"https:\/\/desdropi.com\/elparque\/wp-json\/wp\/v2\/product_tag?post=223335"}],"curies":[{"name":"wp","href":"https:\/\/api.w.org\/{rel}","templated":true}]}}