{"id":223476,"date":"2025-02-13T10:50:50","date_gmt":"2025-02-13T09:50:50","guid":{"rendered":"https:\/\/desdropi.com\/elparque\/katana-15-smash-b\/"},"modified":"2025-02-13T10:50:50","modified_gmt":"2025-02-13T09:50:50","slug":"katana-15-smash-b","status":"publish","type":"product","link":"https:\/\/desdropi.com\/elparque\/katana-15-smash-b\/","title":{"rendered":"Katana 15 Smash B"},"content":{"rendered":"<p>Katana 15 Smash B Batidora de mano con 1500 W con 4 cuchillas recubiertas de titanio negro que trituran ingredientes m\u00e1s duros en menos tiempo. Con PerreoMove, sistema que mueve las cuchillas arriba y abajo para batir m\u00e1s con menos esfuerzo. Pie XL extra largo, campana antisalpicaduras, selector de velocidad progresivo con funci\u00f3n Turbo y un set de accesorios con Picadora de 600 ml, varilla montaclaras, varillas batidoras y vaso de 800 ml con tapa.<\/p>\n","protected":false},"excerpt":{"rendered":"<p>Katana 15 Smash B Batidora de mano con 1500 W con 4 cuchillas recubiertas de titanio negro que trituran ingredientes<\/p>\n","protected":false},"featured_media":223477,"comment_status":"open","ping_status":"open","template":"","meta":{"_joinchat":[]},"product_cat":[7230],"product_tag":[],"class_list":{"0":"post-223476","1":"product","2":"type-product","3":"status-publish","4":"has-post-thumbnail","6":"product_cat-cecotec","8":"first","9":"instock","10":"taxable","11":"shipping-taxable","12":"purchasable","13":"product-type-simple"},"_links":{"self":[{"href":"https:\/\/desdropi.com\/elparque\/wp-json\/wp\/v2\/product\/223476"}],"collection":[{"href":"https:\/\/desdropi.com\/elparque\/wp-json\/wp\/v2\/product"}],"about":[{"href":"https:\/\/desdropi.com\/elparque\/wp-json\/wp\/v2\/types\/product"}],"replies":[{"embeddable":true,"href":"https:\/\/desdropi.com\/elparque\/wp-json\/wp\/v2\/comments?post=223476"}],"version-history":[{"count":1,"href":"https:\/\/desdropi.com\/elparque\/wp-json\/wp\/v2\/product\/223476\/revisions"}],"predecessor-version":[{"id":223632,"href":"https:\/\/desdropi.com\/elparque\/wp-json\/wp\/v2\/product\/223476\/revisions\/223632"}],"wp:featuredmedia":[{"embeddable":true,"href":"https:\/\/desdropi.com\/elparque\/wp-json\/wp\/v2\/media\/223477"}],"wp:attachment":[{"href":"https:\/\/desdropi.com\/elparque\/wp-json\/wp\/v2\/media?parent=223476"}],"wp:term":[{"taxonomy":"product_cat","embeddable":true,"href":"https:\/\/desdropi.com\/elparque\/wp-json\/wp\/v2\/product_cat?post=223476"},{"taxonomy":"product_tag","embeddable":true,"href":"https:\/\/desdropi.com\/elparque\/wp-json\/wp\/v2\/product_tag?post=223476"}],"curies":[{"name":"wp","href":"https:\/\/api.w.org\/{rel}","templated":true}]}}