{"id":223484,"date":"2025-02-13T10:50:52","date_gmt":"2025-02-13T09:50:52","guid":{"rendered":"https:\/\/desdropi.com\/elparque\/grand-katana-2700max-total-destroy-w\/"},"modified":"2025-02-13T10:50:52","modified_gmt":"2025-02-13T09:50:52","slug":"grand-katana-2700max-total-destroy-w","status":"publish","type":"product","link":"https:\/\/desdropi.com\/elparque\/grand-katana-2700max-total-destroy-w\/","title":{"rendered":"Grand Katana 2700MAX Total Destroy W"},"content":{"rendered":"<p>Grand Katana 2700MAX Total Destroy W Batidora de vaso con 2700 W de potencia m\u00e1xima. Potencia nominal 1800W y M\u00e1x 2700W. Tecnolog\u00eda contrarrotante TotalDestroy, cuchilla de 8 hojas con recubrimiento de titanio negro y jarra termorresistente de vidrio fundido con 1,8 L de capacidad. Cuenta con 5 velocidades m\u00e1s funci\u00f3n Turbo.<\/p>\n","protected":false},"excerpt":{"rendered":"<p>Grand Katana 2700MAX Total Destroy W Batidora de vaso con 2700 W de potencia m\u00e1xima. Potencia nominal 1800W y M\u00e1x<\/p>\n","protected":false},"featured_media":223485,"comment_status":"open","ping_status":"open","template":"","meta":{"_joinchat":[]},"product_cat":[7230],"product_tag":[],"class_list":{"0":"post-223484","1":"product","2":"type-product","3":"status-publish","4":"has-post-thumbnail","6":"product_cat-cecotec","8":"first","9":"instock","10":"taxable","11":"shipping-taxable","12":"purchasable","13":"product-type-simple"},"_links":{"self":[{"href":"https:\/\/desdropi.com\/elparque\/wp-json\/wp\/v2\/product\/223484"}],"collection":[{"href":"https:\/\/desdropi.com\/elparque\/wp-json\/wp\/v2\/product"}],"about":[{"href":"https:\/\/desdropi.com\/elparque\/wp-json\/wp\/v2\/types\/product"}],"replies":[{"embeddable":true,"href":"https:\/\/desdropi.com\/elparque\/wp-json\/wp\/v2\/comments?post=223484"}],"version-history":[{"count":1,"href":"https:\/\/desdropi.com\/elparque\/wp-json\/wp\/v2\/product\/223484\/revisions"}],"predecessor-version":[{"id":223634,"href":"https:\/\/desdropi.com\/elparque\/wp-json\/wp\/v2\/product\/223484\/revisions\/223634"}],"wp:featuredmedia":[{"embeddable":true,"href":"https:\/\/desdropi.com\/elparque\/wp-json\/wp\/v2\/media\/223485"}],"wp:attachment":[{"href":"https:\/\/desdropi.com\/elparque\/wp-json\/wp\/v2\/media?parent=223484"}],"wp:term":[{"taxonomy":"product_cat","embeddable":true,"href":"https:\/\/desdropi.com\/elparque\/wp-json\/wp\/v2\/product_cat?post=223484"},{"taxonomy":"product_tag","embeddable":true,"href":"https:\/\/desdropi.com\/elparque\/wp-json\/wp\/v2\/product_tag?post=223484"}],"curies":[{"name":"wp","href":"https:\/\/api.w.org\/{rel}","templated":true}]}}