{"id":223689,"date":"2025-02-13T10:54:42","date_gmt":"2025-02-13T09:54:42","guid":{"rendered":"https:\/\/desdropi.com\/elparque\/bamba-ritualcare-1000-ceramic-2in1\/"},"modified":"2025-02-13T10:54:42","modified_gmt":"2025-02-13T09:54:42","slug":"bamba-ritualcare-1000-ceramic-2in1","status":"publish","type":"product","link":"https:\/\/desdropi.com\/elparque\/bamba-ritualcare-1000-ceramic-2in1\/","title":{"rendered":"Bamba RitualCare 1000 Ceramic 2in1"},"content":{"rendered":"<p>Bamba RitualCare 1000 Ceramic 2in1. Plancha de Pelo Cer\u00e1mica de 82 W, con Queratina y Aceite de arg\u00e1n, Calentamiento r\u00e1pido<\/p>\n","protected":false},"excerpt":{"rendered":"<p>Bamba RitualCare 1000 Ceramic 2in1. Plancha de Pelo Cer\u00e1mica de 82 W, con Queratina y Aceite de arg\u00e1n, Calentamiento r\u00e1pido<\/p>\n","protected":false},"featured_media":223690,"comment_status":"open","ping_status":"open","template":"","meta":{"_joinchat":[]},"product_cat":[7230],"product_tag":[],"class_list":{"0":"post-223689","1":"product","2":"type-product","3":"status-publish","4":"has-post-thumbnail","6":"product_cat-cecotec","8":"first","9":"instock","10":"taxable","11":"shipping-taxable","12":"purchasable","13":"product-type-simple"},"_links":{"self":[{"href":"https:\/\/desdropi.com\/elparque\/wp-json\/wp\/v2\/product\/223689"}],"collection":[{"href":"https:\/\/desdropi.com\/elparque\/wp-json\/wp\/v2\/product"}],"about":[{"href":"https:\/\/desdropi.com\/elparque\/wp-json\/wp\/v2\/types\/product"}],"replies":[{"embeddable":true,"href":"https:\/\/desdropi.com\/elparque\/wp-json\/wp\/v2\/comments?post=223689"}],"version-history":[{"count":0,"href":"https:\/\/desdropi.com\/elparque\/wp-json\/wp\/v2\/product\/223689\/revisions"}],"wp:featuredmedia":[{"embeddable":true,"href":"https:\/\/desdropi.com\/elparque\/wp-json\/wp\/v2\/media\/223690"}],"wp:attachment":[{"href":"https:\/\/desdropi.com\/elparque\/wp-json\/wp\/v2\/media?parent=223689"}],"wp:term":[{"taxonomy":"product_cat","embeddable":true,"href":"https:\/\/desdropi.com\/elparque\/wp-json\/wp\/v2\/product_cat?post=223689"},{"taxonomy":"product_tag","embeddable":true,"href":"https:\/\/desdropi.com\/elparque\/wp-json\/wp\/v2\/product_tag?post=223689"}],"curies":[{"name":"wp","href":"https:\/\/api.w.org\/{rel}","templated":true}]}}