{"id":224239,"date":"2025-02-13T11:28:58","date_gmt":"2025-02-13T10:28:58","guid":{"rendered":"https:\/\/desdropi.com\/elparque\/conga-rockstar-micro-animal\/"},"modified":"2025-02-13T11:29:11","modified_gmt":"2025-02-13T10:29:11","slug":"conga-rockstar-micro-animal","status":"publish","type":"product","link":"https:\/\/desdropi.com\/elparque\/conga-rockstar-micro-animal\/","title":{"rendered":"Conga Rockstar Micro+ Animal"},"content":{"rendered":"<p>Conga Rockstar Micro+ Animal. Aspirador de mano ultraligero con motor Digital Brushless de 200 W y 20 kPa de poder de succi\u00f3n. Autonom\u00eda de hasta 40 minutos. Dos modos de potencia. Con accesorio 2en1, accesorio de tapicer\u00edas, accesorio especial para mascotas y el soporte de pared.<\/p>\n","protected":false},"excerpt":{"rendered":"<p>Conga Rockstar Micro+ Animal. Aspirador de mano ultraligero con motor Digital Brushless de 200 W y 20 kPa de poder<\/p>\n","protected":false},"featured_media":224240,"comment_status":"open","ping_status":"open","template":"","meta":{"_joinchat":[]},"product_cat":[7230],"product_tag":[],"class_list":{"0":"post-224239","1":"product","2":"type-product","3":"status-publish","4":"has-post-thumbnail","6":"product_cat-cecotec","8":"first","9":"instock","10":"taxable","11":"shipping-taxable","12":"purchasable","13":"product-type-simple"},"_links":{"self":[{"href":"https:\/\/desdropi.com\/elparque\/wp-json\/wp\/v2\/product\/224239"}],"collection":[{"href":"https:\/\/desdropi.com\/elparque\/wp-json\/wp\/v2\/product"}],"about":[{"href":"https:\/\/desdropi.com\/elparque\/wp-json\/wp\/v2\/types\/product"}],"replies":[{"embeddable":true,"href":"https:\/\/desdropi.com\/elparque\/wp-json\/wp\/v2\/comments?post=224239"}],"version-history":[{"count":0,"href":"https:\/\/desdropi.com\/elparque\/wp-json\/wp\/v2\/product\/224239\/revisions"}],"wp:featuredmedia":[{"embeddable":true,"href":"https:\/\/desdropi.com\/elparque\/wp-json\/wp\/v2\/media\/224240"}],"wp:attachment":[{"href":"https:\/\/desdropi.com\/elparque\/wp-json\/wp\/v2\/media?parent=224239"}],"wp:term":[{"taxonomy":"product_cat","embeddable":true,"href":"https:\/\/desdropi.com\/elparque\/wp-json\/wp\/v2\/product_cat?post=224239"},{"taxonomy":"product_tag","embeddable":true,"href":"https:\/\/desdropi.com\/elparque\/wp-json\/wp\/v2\/product_tag?post=224239"}],"curies":[{"name":"wp","href":"https:\/\/api.w.org\/{rel}","templated":true}]}}