{"id":28723,"date":"2021-11-11T10:41:47","date_gmt":"2021-11-11T08:41:47","guid":{"rendered":"https:\/\/desdropi.com\/elparque\/balanza-laica-ps1050w-blanca-5k\/"},"modified":"2024-05-18T23:16:15","modified_gmt":"2024-05-18T21:16:15","slug":"balanza-laica-ps1050w-blanca-5k","status":"publish","type":"product","link":"https:\/\/desdropi.com\/elparque\/balanza-laica-ps1050w-blanca-5k\/","title":{"rendered":"Balanza Laica Ps1054W Blanca 5K"},"content":{"rendered":"<div class=\"descripcion-tab\">\n<ul>\n<li>Dimensiones: 30.3 x 30.3 x 2 cm<\/li>\n<li>Peso: 1.54 kg<\/li>\n<li>Componentes del producto: 1 B\u00e1scula de ba\u00f1o, 1 bater\u00eda, 1 manual de usuario<\/li>\n<li>LCD: 7.8 x 3.5 cm<\/li>\n<li>Tipo de alimentaci\u00f3n: 1 x 3V litio reemplazable CR2032 (incluido)<\/li>\n<li>Peso M\u00e1ximo: 180 kg \u2013 396 lb \u2013 28 st 4 lb<\/li>\n<li>Divisiones: 100 g \u2013 0.2 lb \u2013 1 lb<\/li>\n<li>Material de la plataforma: Vidrio templado \u2013 6 mm<\/li>\n<\/ul>\n<\/div>\n","protected":false},"excerpt":{"rendered":"<p>Dimensiones: 30.3 x 30.3 x 2 cm Peso: 1.54 kg Componentes del producto: 1 B\u00e1scula de ba\u00f1o, 1 bater\u00eda, 1<\/p>\n","protected":false},"featured_media":133187,"comment_status":"open","ping_status":"closed","template":"","meta":{"_joinchat":[]},"product_cat":[5661,5662,5732],"product_tag":[],"class_list":{"0":"post-28723","1":"product","2":"type-product","3":"status-publish","4":"has-post-thumbnail","6":"product_cat-menaje","7":"product_cat-menaje-de-cocina","8":"product_cat-balanzas","9":"pa_kilos-180kg","10":"pa_marca-laica","12":"first","13":"instock","14":"taxable","15":"shipping-taxable","16":"purchasable","17":"product-type-simple"},"_links":{"self":[{"href":"https:\/\/desdropi.com\/elparque\/wp-json\/wp\/v2\/product\/28723"}],"collection":[{"href":"https:\/\/desdropi.com\/elparque\/wp-json\/wp\/v2\/product"}],"about":[{"href":"https:\/\/desdropi.com\/elparque\/wp-json\/wp\/v2\/types\/product"}],"replies":[{"embeddable":true,"href":"https:\/\/desdropi.com\/elparque\/wp-json\/wp\/v2\/comments?post=28723"}],"version-history":[{"count":0,"href":"https:\/\/desdropi.com\/elparque\/wp-json\/wp\/v2\/product\/28723\/revisions"}],"wp:featuredmedia":[{"embeddable":true,"href":"https:\/\/desdropi.com\/elparque\/wp-json\/wp\/v2\/media\/133187"}],"wp:attachment":[{"href":"https:\/\/desdropi.com\/elparque\/wp-json\/wp\/v2\/media?parent=28723"}],"wp:term":[{"taxonomy":"product_cat","embeddable":true,"href":"https:\/\/desdropi.com\/elparque\/wp-json\/wp\/v2\/product_cat?post=28723"},{"taxonomy":"product_tag","embeddable":true,"href":"https:\/\/desdropi.com\/elparque\/wp-json\/wp\/v2\/product_tag?post=28723"}],"curies":[{"name":"wp","href":"https:\/\/api.w.org\/{rel}","templated":true}]}}