{"id":29234,"date":"2021-11-11T10:45:41","date_gmt":"2021-11-11T08:45:41","guid":{"rendered":"https:\/\/desdropi.com\/elparque\/modulo-control-farho-mi-vic-para-emisor-victoria\/"},"modified":"2025-04-13T19:27:16","modified_gmt":"2025-04-13T17:27:16","slug":"modulo-control-farho-mi-vic-para-emisor-victoria","status":"publish","type":"product","link":"https:\/\/desdropi.com\/elparque\/modulo-control-farho-mi-vic-para-emisor-victoria\/","title":{"rendered":"Modulo Control Farho Mi-Vic Para Emisor Victoria"},"content":{"rendered":"<div class=\"descripcion-tab\">\n<ul>\n<li>El m\u00f3dulo de internet Farho MI-VIC es la versi\u00f3n del m\u00f3dulo MI, adaptada en exclusiva al modelo Victoria.<\/li>\n<li>Con el m\u00f3dulo de internet Farho MI-VIC, te permitir\u00e1 controlar cualquier elemento del sistema que haya instalado en su vivienda por medio de radiofrecuencia.<\/li>\n<li>Gracias a su compatibilidad con dispositivos WI-FI, podr\u00e1s controlar tu instalaci\u00f3n de la forma m\u00e1s sencilla que imaginas mediante la intuitiva aplicaci\u00f3n de Farho Control.<\/li>\n<\/ul>\n<p><strong>Caracter\u00edsticas del MI-VIC<\/strong><\/p>\n<ul>\n<li>Compatible s\u00f3lo con el emisor Victoria.<\/li>\n<li>Medidas 110 x 83 x 25.<\/li>\n<li>Banda de emisi\u00f3n ISM de 433MHz.<\/li>\n<li>Tensi\u00f3n de alimentaci\u00f3n 5V DC 1A.<\/li>\n<li>Consumo 40 MA.<\/li>\n<\/ul>\n<\/div>\n","protected":false},"excerpt":{"rendered":"<p>El m\u00f3dulo de internet Farho MI-VIC es la versi\u00f3n del m\u00f3dulo MI, adaptada en exclusiva al modelo Victoria. Con el<\/p>\n","protected":false},"featured_media":221514,"comment_status":"open","ping_status":"closed","template":"","meta":{"_joinchat":[]},"product_cat":[3301,3302,4098],"product_tag":[],"class_list":{"0":"post-29234","1":"product","2":"type-product","3":"status-publish","4":"has-post-thumbnail","6":"product_cat-climatizacion-y-calefaccion","7":"product_cat-calefaccion","8":"product_cat-emisores-termicos","9":"pa_marca-farho","11":"first","12":"instock","13":"taxable","14":"shipping-taxable","15":"purchasable","16":"product-type-simple"},"_links":{"self":[{"href":"https:\/\/desdropi.com\/elparque\/wp-json\/wp\/v2\/product\/29234"}],"collection":[{"href":"https:\/\/desdropi.com\/elparque\/wp-json\/wp\/v2\/product"}],"about":[{"href":"https:\/\/desdropi.com\/elparque\/wp-json\/wp\/v2\/types\/product"}],"replies":[{"embeddable":true,"href":"https:\/\/desdropi.com\/elparque\/wp-json\/wp\/v2\/comments?post=29234"}],"version-history":[{"count":1,"href":"https:\/\/desdropi.com\/elparque\/wp-json\/wp\/v2\/product\/29234\/revisions"}],"predecessor-version":[{"id":224439,"href":"https:\/\/desdropi.com\/elparque\/wp-json\/wp\/v2\/product\/29234\/revisions\/224439"}],"wp:featuredmedia":[{"embeddable":true,"href":"https:\/\/desdropi.com\/elparque\/wp-json\/wp\/v2\/media\/221514"}],"wp:attachment":[{"href":"https:\/\/desdropi.com\/elparque\/wp-json\/wp\/v2\/media?parent=29234"}],"wp:term":[{"taxonomy":"product_cat","embeddable":true,"href":"https:\/\/desdropi.com\/elparque\/wp-json\/wp\/v2\/product_cat?post=29234"},{"taxonomy":"product_tag","embeddable":true,"href":"https:\/\/desdropi.com\/elparque\/wp-json\/wp\/v2\/product_tag?post=29234"}],"curies":[{"name":"wp","href":"https:\/\/api.w.org\/{rel}","templated":true}]}}