{"id":29415,"date":"2021-11-11T10:47:47","date_gmt":"2021-11-11T08:47:47","guid":{"rendered":"https:\/\/desdropi.com\/elparque\/lavavajillas-60cm-balay-3vs572ip-a-inox\/"},"modified":"2024-05-17T12:59:37","modified_gmt":"2024-05-17T10:59:37","slug":"lavavajillas-60cm-balay-3vs572ip-a-inox","status":"publish","type":"product","link":"https:\/\/desdropi.com\/elparque\/lavavajillas-60cm-balay-3vs572ip-a-inox\/","title":{"rendered":"Lavavajillas 60Cm Balay 3Vs572Ip A++ Inox"},"content":{"rendered":"<div class=\"descripcion-tab\">\n<h4>LAVAVAJILLAS BALAY 3VS572IP<\/h4>\n<p>El lavavajillas Balay 3VS572IP tiene una capacidad de carga de 13 cubiertos y un ancho de 60 cm. Cuenta con una eficiencia energ\u00e9tica A++, lo que significa que es muy eficiente en el consumo de energ\u00eda y agua. Adem\u00e1s, este lavavajillas ofrece varios programas de lavado, incluyendo un programa intensivo, un programa ECO y un programa para cristaler\u00eda, entre otros. Tambi\u00e9n cuenta con un indicador de tiempo restante de lavado y una opci\u00f3n de programaci\u00f3n diferida. Su dise\u00f1o en acero inoxidable le da un aspecto elegante y moderno. En general, el lavavajillas Balay 3VS572IP es una excelente opci\u00f3n para una familia que busca un lavavajillas eficiente y con buen desempe\u00f1o.<\/p>\n<h4><strong>Peso y dimensiones<\/strong><\/h4>\n<ul>\n<li>Peso &#8211; 46 kg<\/li>\n<li>Peso del paquete &#8211; 48 kg<\/li>\n<li>Ancho &#8211; 55-60 cm<\/li>\n<li>Profundidad &#8211; 600 mm<\/li>\n<li>Altura debajo de encimera &#8211; 81,5 cm<\/li>\n<li>Profundidad con puerta abierta &#8211; 115,5 cm<\/li>\n<li>Altura &#8211; 845 mm<\/li>\n<\/ul>\n<h4><strong>Control de energ\u00eda<\/strong><\/h4>\n<ul>\n<li>Eficiencia energ\u00e9tica &#8211; E<\/li>\n<li>Consumo de energ\u00eda anual &#8211; 262 kWh<\/li>\n<li>Consumo anual de agua &#8211; 2660 L<\/li>\n<li>Consumo de energ\u00eda por ciclo &#8211; 0,92 kWh<\/li>\n<li>Consumo de energ\u00eda (apagado) &#8211; 0,1 W<\/li>\n<li>Consumo de agua por ciclo de lavado &#8211; 9,5 L<\/li>\n<li>Carga conectada &#8211; 2400 W<\/li>\n<li>Voltaje de entrada AC 220 &#8211; 240<\/li>\n<li>Frecuencia de entrada AC 50\/60<\/li>\n<li>Corriente &#8211; 10 A<\/li>\n<\/ul>\n<h4><strong>Ergonom\u00eda<\/strong><\/h4>\n<ul>\n<li>Patas ajustables &#8211; S\u00ed<\/li>\n<li>Ajuste de patas &#8211; 2 cm<\/li>\n<li>Indicador tiempo restante de lavado &#8211; S\u00ed<\/li>\n<li>Indicador de sal &#8211; S\u00ed<\/li>\n<li>Indicador de ayuda a enjuagar &#8211; S\u00ed<\/li>\n<li>Cestas de colocaci\u00f3n regulable &#8211; Inferior, superior<\/li>\n<li>Interior personalizable &#8211; S\u00ed<\/li>\n<li>Detecci\u00f3n autom\u00e1tica de detergente &#8211; S\u00ed<\/li>\n<li>Asistente de dosis &#8211; S\u00ed<\/li>\n<li>Elemento de calentamiento instant\u00e1neo &#8211; S\u00ed<\/li>\n<li>Protecci\u00f3n contra el reflujo &#8211; S\u00ed<\/li>\n<li>Retroiluminaci\u00f3n LED &#8211; S\u00ed<\/li>\n<\/ul>\n<h4><strong>Dise\u00f1o<\/strong><\/h4>\n<ul>\n<li>Product size &#8211; Full size (60 cm)<\/li>\n<li>Color de la puerta &#8211; Cromo<\/li>\n<li>Panel de control &#8211; Cromo<\/li>\n<li>Tipo de control &#8211; Botones, Giratorio<\/li>\n<li>Pantalla incorporada &#8211; S\u00ed<\/li>\n<li>Altura ajustable de la canasta superior &#8211; S\u00ed<\/li>\n<li>Elementos de calefacci\u00f3n ocultos &#8211; S\u00ed<\/li>\n<li>Ablandador de agua integrado &#8211; S\u00ed<\/li>\n<li>Longitud del cable &#8211; 1,75 m<\/li>\n<li>Longitud de manguera de entrada &#8211; 1,65 m<\/li>\n<li>Longitud de manguera de salida &#8211; 1,9 m<\/li>\n<li>Tipo de compartimiento para vajilla &#8211; Canasta<\/li>\n<li>Suministro de agua &#8211; Fr\u00edo, Caliente<\/li>\n<li>Material de ba\u00f1era &#8211; Acero inoxidable \/ pl\u00e1stico<\/li>\n<li>Certificaci\u00f3n &#8211; 2010\/30\/EC<\/li>\n<li>Color del producto &#8211; Acero inoxidable<\/li>\n<\/ul>\n<h4><strong>Desempe\u00f1o<\/strong><\/h4>\n<ul>\n<li>Protecci\u00f3n al vidrio &#8211; S\u00ed<\/li>\n<li>Mitad de carga &#8211; S\u00ed<\/li>\n<li>Nivel de ruido &#8211; 48 dB<\/li>\n<li>Clase de secado &#8211; A<\/li>\n<li>N\u00famero de programas de lavado &#8211; 5<\/li>\n<li>N\u00famero de servicios &#8211; 13 Servicios<\/li>\n<li>AquaStop funci\u00f3n &#8211; S\u00ed<\/li>\n<li>Temperatura (m\u00e1x) &#8211; 70 \u00b0C<\/li>\n<li>N\u00famero de ajustes de temperatura &#8211; 4<\/li>\n<li>Tiempo de ciclo &#8211; 210 min<\/li>\n<li>Programaci\u00f3n diferida &#8211; S\u00ed<\/li>\n<li>Inicio retrasado &#8211; 24 h<\/li>\n<li>Clase de lavado &#8211; A<\/li>\n<li>Programas de lavado &#8211; 1h 65 \u00b0 C, Auto 45-65 \u00baC, Econom\u00eda, Intensivo, Prelavado<\/li>\n<li>Funci\u00f3n de Aqua &#8211; Sensor S\u00ed<\/li>\n<li>Tercera bandeja (Porta cubiertos) &#8211; S\u00ed<\/li>\n<\/ul>\n<\/div>\n","protected":false},"excerpt":{"rendered":"<p><a href=\"https:\/\/desdropi.com\/elparque\/wp-content\/uploads\/219090.pdf\" target=\"_blank\" rel=\"noopener\"><img decoding=\"async\" class=\"alignnone wp-image-205373 size-full\" src=\"https:\/\/desdropi.com\/elparque\/wp-content\/uploads\/eficiencia-E.png\" alt=\"\" width=\"56\" height=\"33\" \/><\/a><\/p>\n<p><a style=\"text-decoration: underline;\" href=\"https:\/\/desdropi.com\/elparque\/wp-content\/uploads\/219090.2.pdf\" target=\"_blank\" rel=\"noopener\">Ficha de informaci\u00f3n de producto<\/a><\/p>\n","protected":false},"featured_media":133260,"comment_status":"open","ping_status":"closed","template":"","meta":{"_joinchat":[]},"product_cat":[6445,780,781],"product_tag":[],"class_list":{"0":"post-29415","1":"product","2":"type-product","3":"status-publish","4":"has-post-thumbnail","6":"product_cat-libre-instalacion-de-60-cm","7":"product_cat-gran-electrodomestico","8":"product_cat-lavavajillas","9":"pa_marca-balay","11":"first","12":"instock","13":"taxable","14":"shipping-taxable","15":"purchasable","16":"product-type-simple"},"_links":{"self":[{"href":"https:\/\/desdropi.com\/elparque\/wp-json\/wp\/v2\/product\/29415"}],"collection":[{"href":"https:\/\/desdropi.com\/elparque\/wp-json\/wp\/v2\/product"}],"about":[{"href":"https:\/\/desdropi.com\/elparque\/wp-json\/wp\/v2\/types\/product"}],"replies":[{"embeddable":true,"href":"https:\/\/desdropi.com\/elparque\/wp-json\/wp\/v2\/comments?post=29415"}],"version-history":[{"count":0,"href":"https:\/\/desdropi.com\/elparque\/wp-json\/wp\/v2\/product\/29415\/revisions"}],"wp:featuredmedia":[{"embeddable":true,"href":"https:\/\/desdropi.com\/elparque\/wp-json\/wp\/v2\/media\/133260"}],"wp:attachment":[{"href":"https:\/\/desdropi.com\/elparque\/wp-json\/wp\/v2\/media?parent=29415"}],"wp:term":[{"taxonomy":"product_cat","embeddable":true,"href":"https:\/\/desdropi.com\/elparque\/wp-json\/wp\/v2\/product_cat?post=29415"},{"taxonomy":"product_tag","embeddable":true,"href":"https:\/\/desdropi.com\/elparque\/wp-json\/wp\/v2\/product_tag?post=29415"}],"curies":[{"name":"wp","href":"https:\/\/api.w.org\/{rel}","templated":true}]}}