{"id":29501,"date":"2021-11-11T10:48:39","date_gmt":"2021-11-11T08:48:39","guid":{"rendered":"https:\/\/desdropi.com\/elparque\/olla-presion-monix-classica-10-litros-recta-m530004\/"},"modified":"2025-04-13T19:51:54","modified_gmt":"2025-04-13T17:51:54","slug":"olla-presion-monix-classica-10-litros-recta-m530004","status":"publish","type":"product","link":"https:\/\/desdropi.com\/elparque\/olla-presion-monix-classica-10-litros-recta-m530004\/","title":{"rendered":"Olla Presi\u00f3n Monix Classica 10 Litros Recta M530004"},"content":{"rendered":"<div class=\"descripcion-tab\">\n<ul>\n<li>Olla a presi\u00f3n con cierre formato puente, capacidad 10 litros.<\/li>\n<li>La olla a presi\u00f3n CLASSICA puede con todo, las recetas de hoy y de ayer.<\/li>\n<li>Con la olla a presi\u00f3n CLASSICA todo te resultar\u00e1 m\u00e1s f\u00e1cil, pr\u00e1ctico y r\u00e1pido, ya que su formato tradicional es r\u00e1pido y c\u00f3modo de utilizar.<\/li>\n<li>Fabricada en acero inoxidable 18\/10 de la m\u00e1s alta calidad y baquelita termo-resistente, que garantizan una gran resistencia al desgaste.<\/li>\n<li>Gracias a su amplia variedad de capacidades, podr\u00e1 elegir aquella que se adapte mejor a su ritmo de vida y a la de los suyos.<\/li>\n<li>Normativa CE.<\/li>\n<li>Cuerpo: Acero inoxidable 18\/10.<\/li>\n<li>Asas y pomo: Baquelita termo resistente.<\/li>\n<li>Dimensiones del producto: 30 x 24 x 30 cm; 2 Kg.<\/li>\n<li>Monix ha estado presente en los hogares desde hace m\u00e1s de 60 a\u00f1os, sin duda una marca muy vinculada a la historia del menaje, tanto en el mercado Nacional como a nivel internacional.<\/li>\n<li>Monix, en la actualidad, se ha consolidado como uno de los l\u00edderes de fabricaci\u00f3n y comercializaci\u00f3n de productos para el menaje del hogar, constituyendo una opci\u00f3n innovadora en el dise\u00f1o, con una fuerte presencia en todos los canales de distribuci\u00f3n a la altura de las mejores expectativas de nuestros clientes.<\/li>\n<li>Hoy en d\u00eda, la gastronom\u00eda se ha convertido en un placer para todos y cocinar es un acto social que marca nuestro estilo de vida. Para satisfacer esta necesidad, Monix es una apuesta segura ya que ofrece soluciones pr\u00e1cticas, con una amplia gama de alta calidad que se adapta a los consumidores m\u00e1s exigentes.<\/li>\n<\/ul>\n<p><strong>Monix Classica<\/strong><\/p>\n<ul>\n<li class=\"a-spacing-base\">Grandes cocineros, tanto de nuestro pa\u00eds como a nivel internacional y que defienden tanto la cocina tradicional como la vanguardia, utilizan a diario las ollas a presi\u00f3n por motivos tan importantes como el ahorro de tiempo y la conservaci\u00f3n de las vitaminas e integridad f\u00edsica de los alimentos. Hervir &#8211; el proceso de cocci\u00f3n que m\u00e1s vitaminas elimina &#8211; los alimentos sin presi\u00f3n puede disminuir tanto el sabor como los nutrientes de los mismos, por lo que la cocci\u00f3n a presi\u00f3n acorta mucho este proceso para que la perdida sea m\u00ednima.<\/li>\n<\/ul>\n<p><strong>Caracter\u00edsticas<\/strong><\/p>\n<ul>\n<li>Olla a presi\u00f3n con cierre formato puente.<\/li>\n<li>La olla a presi\u00f3n CLASSICA puede con todo, las recetas de hoy y de ayer.<\/li>\n<li>Con la olla a presi\u00f3n CLASSICA todo te resultar\u00e1 m\u00e1s f\u00e1cil, pr\u00e1ctico y r\u00e1pido, ya que su formato tradicional es r\u00e1pido y c\u00f3modo de utilizar.<\/li>\n<li>Fabricada en acero inoxidable 18\/10 de la m\u00e1s alta calidad y baquelita termo-resistente, que garantizan una gran resistencia al desgaste.<\/li>\n<li>Gracias a su amplia variedad de capacidades, podr\u00e1 elegir aquella que se adapte mejor a su ritmo de vida y a la de los suyos.<\/li>\n<\/ul>\n<\/div>\n","protected":false},"excerpt":{"rendered":"<p>Olla a presi\u00f3n con cierre formato puente, capacidad 10 litros. La olla a presi\u00f3n CLASSICA puede con todo, las recetas<\/p>\n","protected":false},"featured_media":133277,"comment_status":"open","ping_status":"closed","template":"","meta":{"_joinchat":[]},"product_cat":[5661,5662,5877],"product_tag":[],"class_list":{"0":"post-29501","1":"product","2":"type-product","3":"status-publish","4":"has-post-thumbnail","6":"product_cat-menaje","7":"product_cat-menaje-de-cocina","8":"product_cat-ollas-a-presion","9":"pa_marca-monix","11":"first","12":"instock","13":"taxable","14":"shipping-taxable","15":"purchasable","16":"product-type-simple"},"_links":{"self":[{"href":"https:\/\/desdropi.com\/elparque\/wp-json\/wp\/v2\/product\/29501"}],"collection":[{"href":"https:\/\/desdropi.com\/elparque\/wp-json\/wp\/v2\/product"}],"about":[{"href":"https:\/\/desdropi.com\/elparque\/wp-json\/wp\/v2\/types\/product"}],"replies":[{"embeddable":true,"href":"https:\/\/desdropi.com\/elparque\/wp-json\/wp\/v2\/comments?post=29501"}],"version-history":[{"count":1,"href":"https:\/\/desdropi.com\/elparque\/wp-json\/wp\/v2\/product\/29501\/revisions"}],"predecessor-version":[{"id":224466,"href":"https:\/\/desdropi.com\/elparque\/wp-json\/wp\/v2\/product\/29501\/revisions\/224466"}],"wp:featuredmedia":[{"embeddable":true,"href":"https:\/\/desdropi.com\/elparque\/wp-json\/wp\/v2\/media\/133277"}],"wp:attachment":[{"href":"https:\/\/desdropi.com\/elparque\/wp-json\/wp\/v2\/media?parent=29501"}],"wp:term":[{"taxonomy":"product_cat","embeddable":true,"href":"https:\/\/desdropi.com\/elparque\/wp-json\/wp\/v2\/product_cat?post=29501"},{"taxonomy":"product_tag","embeddable":true,"href":"https:\/\/desdropi.com\/elparque\/wp-json\/wp\/v2\/product_tag?post=29501"}],"curies":[{"name":"wp","href":"https:\/\/api.w.org\/{rel}","templated":true}]}}